000
CXUS54 KJAN 020354
CF6HBG
PRELIMINARY LOCAL CLIMATOLOGICAL DATA (WS FORM: F-6)
STATION: HATTIESBURG
MONTH: JUNE
YEAR: 2022
LATITUDE: 31 16 N
LONGITUDE: 89 15 W
TEMPERATURE IN F: :PCPN: SNOW: WIND :SUNSHINE: SKY :PK WND
================================================================================
1 2 3 4 5 6A 6B 7 8 9 10 11 12 13 14 15 16 17 18
12Z AVG MX 2MIN
DY MAX MIN AVG DEP HDD CDD WTR SNW DPTH SPD SPD DIR MIN PSBL S-S WX SPD DR
================================================================================
1 93 68 81 4 0 16 0.00 0.0 0 2.7 16 180 M M 3 12 22 190
2 93 69 81 3 0 16 T 0.0 0 2.5 22 350 M M 1 3 36 350
3 85 70 78 0 0 13 0.01 0.0 0 4.1 10 50 M M 4 14 340
4 90 67 79 1 0 14 0.00 0.0 0 4.1 13 330 M M 0 22 310
5 91 64 78 0 0 13 0.00 0.0 0 2.0 10 190 M M 1 16 190
6 92 69 81 3 0 16 0.00 0.0 0 5.7 15 190 M M 2 19 190
7 93 71 82 4 0 17 0.00 0.0 0 5.1 13 180 M M 2 18 180
8 93 73 83 4 0 18 0.00 0.0 0 4.9 12 180 M M 3 16 220
9 94 74 84 5 0 19 0.00 0.0 0 4.4 13 300 M M 3 3 21 290
10 91 69 80 1 0 15 1.32 0.0 0 3.7 39 300 M M 3 13 53 300
11 92 69 81 2 0 16 T 0.0 0 2.5 13 310 M M 4 1 21 230
12 94 74 84 5 0 19 T 0.0 0 4.1 14 260 M M 1 1 21 280
13 94 78 86 6 0 21 0.00 0.0 0 4.9 12 260 M M 1 21 260
14 95 75 85 5 0 20 T 0.0 0 4.9 15 280 M M 2 3 20 250
15 96 73 85 5 0 20 0.00 0.0 0 2.1 13 310 M M 1 17 290
16 97 75 86 6 0 21 0.81 0.0 0 4.5 28 180 M M 1 123 38 180
17 96 72 84 4 0 19 0.00 0.0 0 1.6 7 130 M M 1 1 10 300
18 98 74 86 6 0 21 0.03 0.0 0 3.8 20 280 M M 1 38 27 40
19 95 72 84 4 0 19 0.00 0.0 0 2.5 12 50 M M 0 17 50
20 96 69 83 3 0 18 0.02 0.0 0 2.7 20 140 M M 1 1 26 130
21 96 74 85 5 0 20 0.00 0.0 0 2.4 13 190 M M 0 1 22 250
22 99 75 87 6 0 22 0.00 0.0 0 2.3 14 80 M M 0 3 20 80
23 99 77 88 7 0 23 0.00 0.0 0 5.0 11 300 M M 0 17 320
24 100 75 88 7 0 23 0.00 0.0 0 2.7 13 280 M M 1 16 340
25 102 72 87 6 0 22 0.00 0.0 0 3.9 14 310 M M 1 20 310
26 94 75 85 4 0 20 T 0.0 0 4.6 22 150 M M 3 3 31 120
27 94 74 84 3 0 19 T 0.0 0 4.3 21 320 M M 2 3 29 330
28 94 73 84 3 0 19 0.05 0.0 0 4.0 14 230 M M 3 3 18 220
29 90 73 82 1 0 17 0.08 0.0 0 4.3 15 120 M M 3 13 23 130
30 89 73 81 0 0 16 0.02 0.0 0 4.1 15 140 M M 3 13 20 150
================================================================================
SM 2825 2166 0 552 2.34 0.0 110.4 M 51
================================================================================
AV 94.2 72.2 3.7 FASTST M M 2 MAX(MPH)
MISC ----> 39 300 53 300
================================================================================
NOTES:
# LAST OF SEVERAL OCCURRENCES
COLUMN 17 PEAK WIND IN M.P.H.
PRELIMINARY LOCAL CLIMATOLOGICAL DATA (WS FORM: F-6) , PAGE 2
STATION: HATTIESBURG
MONTH: JUNE
YEAR: 2022
LATITUDE: 31 16 N
LONGITUDE: 89 15 W
[TEMPERATURE DATA] [PRECIPITATION DATA] SYMBOLS USED IN COLUMN 16
AVERAGE MONTHLY: 83.2 TOTAL FOR MONTH: 2.34 1 = FOG OR MIST
DPTR FM NORMAL: 3.5 DPTR FM NORMAL: -3.51 2 = FOG REDUCING VISIBILITY
HIGHEST: 102 ON 25 GRTST 24HR 1.32 ON 10-10 TO 1/4 MILE OR LESS
LOWEST: 64 ON 5 3 = THUNDER
SNOW, ICE PELLETS, HAIL 4 = ICE PELLETS
TOTAL MONTH: 0.0 INCH 5 = HAIL
GRTST 24HR 0.0 6 = FREEZING RAIN OR DRIZZLE
GRTST DEPTH: 0 7 = DUSTSTORM OR SANDSTORM:
VSBY 1/2 MILE OR LESS
8 = SMOKE OR HAZE
[NO. OF DAYS WITH] [WEATHER - DAYS WITH] 9 = BLOWING SNOW
X = TORNADO
MAX 32 OR BELOW: 0 0.01 INCH OR MORE: 8
MAX 90 OR ABOVE: 28 0.10 INCH OR MORE: 2
MIN 32 OR BELOW: 0 0.50 INCH OR MORE: 2
MIN 0 OR BELOW: 0 1.00 INCH OR MORE: 1
[HDD (BASE 65) ]
TOTAL THIS MO. 0 CLEAR (SCALE 0-3) 25
DPTR FM NORMAL 0 PTCLDY (SCALE 4-7) 5
TOTAL FM JUL 1 1647 CLOUDY (SCALE 8-10) 0
DPTR FM NORMAL -272
[CDD (BASE 65) ]
TOTAL THIS MO. 552
DPTR FM NORMAL 113 [PRESSURE DATA]
TOTAL FM JAN 1 1147 HIGHEST SLP 30.21 ON 21
DPTR FM NORMAL 270 LOWEST SLP 29.77 ON 5
[REMARKS]
#FINAL-06-22#