000
CXUS54 KJAN 012255
CF6HBG
PRELIMINARY LOCAL CLIMATOLOGICAL DATA (WS FORM: F-6)
STATION: HATTIESBURG
MONTH: FEBRUARY
YEAR: 2024
LATITUDE: 31 16 N
LONGITUDE: 89 15 W
TEMPERATURE IN F: :PCPN: SNOW: WIND :SUNSHINE: SKY :PK WND
================================================================================
1 2 3 4 5 6A 6B 7 8 9 10 11 12 13 14 15 16 17 18
12Z AVG MX 2MIN
DY MAX MIN AVG DEP HDD CDD WTR SNW DPTH SPD SPD DIR MIN PSBL S-S WX SPD DR
================================================================================
1 66 35 51 1 14 0 0.00 0.0 0 0.9 8 190 M M 0 10 170
2 73 38 56 6 9 0 0.00 0.0 0 0.9 7 220 M M 0 11 180
3 61 41 51 1 14 0 0.40 0.0 0 5.6 21 100 M M 4 18 35 90
4 69 49 59 8 6 0 1.23 0.0 0 6.6 31 280 M M 7 138 45 280
5 57 45 51 0 14 0 0.04 0.0 0 7.7 18 20 M M 8 1 28 350
6 69 41 55 4 10 0 0.00 0.0 0 4.5 13 320 M M 0 19 340
7 70 34 52 1 13 0 0.00 0.0 0 4.1 17 140 M M 0 29 130
8 70 41 56 4 9 0 0.00 0.0 0 5.6 21 140 M M 3 1 25 140
9 79 56 68 16 0 3 0.00 0.0 0 5.9 16 210 M M 5 21 180
10 74 62 68 16 0 3 0.00 0.0 0 7.3 16 170 M M 8 24 170
11 77 63 70 18 0 5 0.22 0.0 0 4.9 16 200 M M 8 13 27 210
12 70 47 59 7 6 0 2.01 0.0 0 11.6 25 290 M M 8 13 38 300
13 61 40 51 -2 14 0 0.00 0.0 0 5.4 20 300 M M 3 27 300
14 67 33 50 -3 15 0 0.00 0.0 0 1.3 9 130 M M 0 13 210
15 71 42 57 4 8 0 0.00 0.0 0 1.7 9 330 M M 0 8 15 350
16 68 50 59 6 6 0 0.02 0.0 0 3.5 14 170 M M 3 19 170
17 60 41 51 -3 14 0 0.00 0.0 0 9.7 18 10 M M 5 1 29 30
18 56 34 45 -9 20 0 0.00 0.0 0 6.2 14 340 M M 0 22 360
19 63 27 45 -9 20 0 0.00 0.0 0 0.8 9 200 M M 0 13 180
20 70 33 52 -2 13 0 0.00 0.0 0 2.3 12 280 M M 0 15 280
21 75 41 58 3 7 0 0.00 0.0 0 5.6 17 180 M M 2 12 24 190
22 77 46 62 7 3 0 0.00 0.0 0 9.2 25 190 M M 5 12 41 170
23 75 49 62 7 3 0 0.00 0.0 0 7.5 20 320 M M 3 29 350
24 75 39 57 2 8 0 0.00 0.0 0 4.8 21 310 M M 0 32 290
25 76 35 56 0 9 0 0.00 0.0 0 5.1 17 180 M M 0 24 190
26 81 43 62 6 3 0 0.00 0.0 0 8.0 22 190 M M 1 8 29 180
27 82 64 73 17 0 8 0.00 0.0 0 12.2 23 180 M M 4 8 36 210
28 80 53 67 11 0 2 T 0.0 0 10.9 25 350 M M 6 37 340
29 56 47 52 -4 13 0 0.00 0.0 0 7.1 14 60 M M 4 21 70
================================================================================
SM 2028 1269 251 21 3.92 0.0 166.9 M 87
================================================================================
AV 69.9 43.8 5.8 FASTST M M 3 MAX(MPH)
MISC ----> 31 280 45 280
================================================================================
NOTES:
# LAST OF SEVERAL OCCURRENCES
COLUMN 17 PEAK WIND IN M.P.H.
PRELIMINARY LOCAL CLIMATOLOGICAL DATA (WS FORM: F-6) , PAGE 2
STATION: HATTIESBURG
MONTH: FEBRUARY
YEAR: 2024
LATITUDE: 31 16 N
LONGITUDE: 89 15 W
[TEMPERATURE DATA] [PRECIPITATION DATA] SYMBOLS USED IN COLUMN 16
AVERAGE MONTHLY: 56.8 TOTAL FOR MONTH: 3.92 1 = FOG OR MIST
DPTR FM NORMAL: 3.7 DPTR FM NORMAL: -0.96 2 = FOG REDUCING VISIBILITY
HIGHEST: 82 ON 27 GRTST 24HR 2.23 ON 11-12 TO 1/4 MILE OR LESS
LOWEST: 27 ON 19 3 = THUNDER
SNOW, ICE PELLETS, HAIL 4 = ICE PELLETS
TOTAL MONTH: 0.0 INCH 5 = HAIL
GRTST 24HR 0.0 6 = FREEZING RAIN OR DRIZZLE
GRTST DEPTH: 0 7 = DUSTSTORM OR SANDSTORM:
VSBY 1/2 MILE OR LESS
8 = SMOKE OR HAZE
[NO. OF DAYS WITH] [WEATHER - DAYS WITH] 9 = BLOWING SNOW
X = TORNADO
MAX 32 OR BELOW: 0 0.01 INCH OR MORE: 6
MAX 90 OR ABOVE: 0 0.10 INCH OR MORE: 4
MIN 32 OR BELOW: 1 0.50 INCH OR MORE: 2
MIN 0 OR BELOW: 0 1.00 INCH OR MORE: 2
[HDD (BASE 65) ]
TOTAL THIS MO. 251 CLEAR (SCALE 0-3) 16
DPTR FM NORMAL -97 PTCLDY (SCALE 4-7) 12
TOTAL FM JUL 1 1440 CLOUDY (SCALE 8-10) 1
DPTR FM NORMAL -213
[CDD (BASE 65) ]
TOTAL THIS MO. 21
DPTR FM NORMAL 6 [PRESSURE DATA]
TOTAL FM JAN 1 28 HIGHEST SLP 30.41 ON 29
DPTR FM NORMAL 5 LOWEST SLP 29.50 ON 4
[REMARKS]
#FINAL-02-24#