000
CXUS54 KJAN 011410
CF6HBG
PRELIMINARY LOCAL CLIMATOLOGICAL DATA (WS FORM: F-6)
STATION: HATTIESBURG
MONTH: MAY
YEAR: 2021
LATITUDE: 31 16 N
LONGITUDE: 89 15 W
TEMPERATURE IN F: :PCPN: SNOW: WIND :SUNSHINE: SKY :PK WND
================================================================================
1 2 3 4 5 6A 6B 7 8 9 10 11 12 13 14 15 16 17 18
12Z AVG MX 2MIN
DY MAX MIN AVG DEP HDD CDD WTR SNW DPTH SPD SPD DIR MIN PSBL S-S WX SPD DR
================================================================================
1 82 58 70 0 0 5 0.00 0.0 0 3.0 15 90 M M 1 23 80
2 79 62 71 1 0 6 0.36 0.0 0 6.2 21 180 M M 5 13 29 200
3 88 71 80 10 0 15 T 0.0 0 10.6 20 210 M M 7 3 27 210
4 88 65 77 7 0 12 1.47 0.0 0 8.2 30 320 M M 8 13 44 310
5 78 60 69 -2 0 4 T 0.0 0 4.4 14 340 M M 7 1 19 330
6 79 56 68 -3 0 3 0.00 0.0 0 4.3 14 10 M M 1 22 20
7 79 53 66 -5 0 1 0.00 0.0 0 4.1 15 340 M M 0 23 340
8 84 51 68 -3 0 3 0.00 0.0 0 5.0 15 170 M M 0 22 180
9 86 58 72 0 0 7 0.00 0.0 0 7.9 22 190 M M 2 31 180
10 81 68 75 3 0 10 1.22 0.0 0 3.5 16 150 M M 5 13 22 180
11 73 67 70 -2 0 5 0.83 0.0 0 4.3 17 140 M M 8 13 21 130
12 74 61 68 -4 0 3 0.47 0.0 0 5.7 14 20 M M 8 1 19 120
13 77 57 67 -6 0 2 0.00 0.0 0 4.4 16 360 M M 3 1 22 340
14 79 53 66 -7 0 1 0.00 0.0 0 2.2 10 350 M M 1 17 90
15 81 53 67 -6 0 2 0.00 0.0 0 2.9 13 130 M M 0 18 110
16 84 58 71 -3 0 6 0.00 0.0 0 6.1 15 140 M M 2 22 120
17 79 64 72 -2 0 7 0.02 0.0 0 6.2 18 140 M M 5 24 160
18 77 68 73 -1 0 8 0.23 0.0 0 9.2 22 110 M M 8 1 29 100
19 80 68 74 0 0 9 T 0.0 0 8.6 22 130 M M 8 31 140
20 84 64 74 0 0 9 T 0.0 0 8.8 23 140 M M 4 30 150
21 85 62 74 -1 0 9 0.00 0.0 0 8.9 23 140 M M 2 30 100
22 87 60 74 -1 0 9 0.00 0.0 0 4.6 16 130 M M 2 23 130
23 87 60 74 -1 0 9 0.00 0.0 0 3.0 13 120 M M 1 19 130
24 89 62 76 0 0 11 0.00 0.0 0 3.1 13 150 M M 1 19 150
25 88 63 76 0 0 11 0.00 0.0 0 4.8 13 140 M M 1 19 200
26 88 64 76 0 0 11 T 0.0 0 3.1 12 170 M M 3 17 350
27 91 68 80 4 0 15 0.00 0.0 0 4.1 15 190 M M 4 1 20 180
28 88 67 78 2 0 13 0.08 0.0 0 6.4 21 310 M M 2 3 29 310
29 83 61 72 -5 0 7 0.00 0.0 0 5.0 15 30 M M 2 24 20
30 80 55 68 -9 0 3 0.00 0.0 0 4.6 12 340 M M 0 19 20
31 88 54 71 -6 0 6 0.00 0.0 0 2.7 10 20 M M 1 14 70
================================================================================
SM 2566 1891 0 222 4.68 0.0 165.9 M 102
================================================================================
AV 82.8 61.0 5.4 FASTST M M 3 MAX(MPH)
MISC ----> 30 320 44 310
================================================================================
NOTES:
# LAST OF SEVERAL OCCURRENCES
COLUMN 17 PEAK WIND IN M.P.H.
PRELIMINARY LOCAL CLIMATOLOGICAL DATA (WS FORM: F-6) , PAGE 2
STATION: HATTIESBURG
MONTH: MAY
YEAR: 2021
LATITUDE: 31 16 N
LONGITUDE: 89 15 W
[TEMPERATURE DATA] [PRECIPITATION DATA] SYMBOLS USED IN COLUMN 16
AVERAGE MONTHLY: 71.9 TOTAL FOR MONTH: 4.68 1 = FOG OR MIST
DPTR FM NORMAL: -1.6 DPTR FM NORMAL: 0.24 2 = FOG REDUCING VISIBILITY
HIGHEST: 91 ON 27 GRTST 24HR 1.47 ON 3- 4 TO 1/4 MILE OR LESS
LOWEST: 51 ON 8 3 = THUNDER
SNOW, ICE PELLETS, HAIL 4 = ICE PELLETS
TOTAL MONTH: 0.0 INCH 5 = HAIL
GRTST 24HR 0.0 6 = FREEZING RAIN OR DRIZZLE
GRTST DEPTH: 0 7 = DUSTSTORM OR SANDSTORM:
VSBY 1/2 MILE OR LESS
8 = SMOKE OR HAZE
[NO. OF DAYS WITH] [WEATHER - DAYS WITH] 9 = BLOWING SNOW
X = TORNADO
MAX 32 OR BELOW: 0 0.01 INCH OR MORE: 8
MAX 90 OR ABOVE: 1 0.10 INCH OR MORE: 6
MIN 32 OR BELOW: 0 0.50 INCH OR MORE: 3
MIN 0 OR BELOW: 0 1.00 INCH OR MORE: 2
[HDD (BASE 65) ]
TOTAL THIS MO. 0 CLEAR (SCALE 0-3) 18
DPTR FM NORMAL -9 PTCLDY (SCALE 4-7) 10
TOTAL FM JUL 1 1900 CLOUDY (SCALE 8-10) 3
DPTR FM NORMAL -16
[CDD (BASE 65) ]
TOTAL THIS MO. 222
DPTR FM NORMAL -49 [PRESSURE DATA]
TOTAL FM JAN 1 402 HIGHEST SLP 30.31 ON 22
DPTR FM NORMAL -36 LOWEST SLP 29.72 ON 2
[REMARKS]
#FINAL-05-21#