000
CXUS54 KJAN 012038
CLMHBG
CLIMATE REPORT
NATIONAL WEATHER SERVICE JACKSON MS
338 PM CDT MON MAY 01 2023
...................................
...THE HATTIESBURG CLIMATE SUMMARY FOR THE MONTH OF APRIL 2023...
CLIMATE NORMAL PERIOD: 1991 TO 2020
CLIMATE RECORD PERIOD: 1893 TO 2023
WEATHER OBSERVED NORMAL DEPART LAST YEAR`S
VALUE DATE(S) VALUE FROM VALUE DATE(S)
NORMAL
................................................................
TEMPERATURE (F)
RECORD
HIGH 94 04/29/1955
LOW 31 04/04/1987
04/11/1973
04/07/1950
HIGHEST 87 04/03 MM MM 87 04/16
04/04
04/05
04/25
04/30
LOWEST 42 04/17 MM MM 38 04/09
04/18
AVG. MAXIMUM 77.8 78.0 -0.2 79.5
AVG. MINIMUM 55.4 53.9 1.5 53.6
MEAN 66.6 66.0 0.6 66.5
DAYS MAX >= 90 0 0.5 -0.5 0
DAYS MAX <= 32 0 0.0 0.0 0
DAYS MIN <= 32 0 0.0 0.0 0
DAYS MIN <= 0 0 0.0 0.0 0
PRECIPITATION (INCHES)
RECORD
MAXIMUM 17.50 1983
MINIMUM 0.63 1999
TOTALS 6.55 5.37 1.18 8.23
DAILY AVG. 0.22 0.18 0.04 0.27
DAYS >= .01 11 8.1 2.9 9
DAYS >= .10 7 5.5 1.5 5
DAYS >= .50 4 2.9 1.1 4
DAYS >= 1.00 2 1.6 0.4 3
GREATEST
24 HR. TOTAL 2.99 04/12 TO 04/13 4.48
SNOWFALL (INCHES)
TOTALS 0.0
SINCE 7/1 T
DAYS >= TRACE 0
DAYS >= 1.0 0
GREATEST
24 HR TOTAL MM
DEGREE DAYS
HEATING TOTAL 49 72 -23 56
SINCE 7/1 1394 1910 -516 MM
COOLING TOTAL 103 101 2 108
SINCE 1/1 360 167 193 MM
................................................................
WIND (MPH)
AVERAGE WIND SPEED 5.8
HIGHEST WIND SPEED/DIRECTION 25/260 DATE 04/15
HIGHEST GUST SPEED/DIRECTION 44/260 DATE 04/15
SKY COVER
POSSIBLE SUNSHINE (PERCENT) MM
AVERAGE SKY COVER 0.39
NUMBER OF DAYS FAIR 16
NUMBER OF DAYS PC 10
NUMBER OF DAYS CLOUDY 4
AVERAGE RH (PERCENT) 70
WEATHER CONDITIONS. NUMBER OF DAYS WITH
THUNDERSTORM 5 MIXED PRECIP 0
HEAVY RAIN 5 RAIN 9
LIGHT RAIN 19 FREEZING RAIN 0
LT FREEZING RAIN 0 HAIL 0
HEAVY SNOW 0 SNOW 0
LIGHT SNOW 0 SLEET 0
FOG 16 FOG W/VIS <= 1/4 MILE 1
HAZE 0
- INDICATES NEGATIVE NUMBERS.
R INDICATES RECORD WAS SET OR TIED.
MM INDICATES DATA IS MISSING.
T INDICATES TRACE AMOUNT.
$$