000
CXUS54 KOUN 010810
CF6HBR
PRELIMINARY LOCAL CLIMATOLOGICAL DATA (WS FORM: F-6)
STATION: HOBART
MONTH: AUGUST
YEAR: 2022
LATITUDE: 35 0 N
LONGITUDE: 99 3 W
TEMPERATURE IN F: :PCPN: SNOW: WIND :SUNSHINE: SKY :PK WND
================================================================================
1 2 3 4 5 6A 6B 7 8 9 10 11 12 13 14 15 16 17 18
12Z AVG MX 2MIN
DY MAX MIN AVG DEP HDD CDD WTR SNW DPTH SPD SPD DIR MIN PSBL S-S WX SPD DR
================================================================================
1 98 76 87 2 0 22 T M M 16.1 25 210 M M 2 32 210
2 105 79 92 7 0 27 0.00 M M 16.4 28 230 M M 0 35 180
3 106 78 92 7 0 27 0.00 M M 16.5 29 220 M M 0 39 220
4 107 81 94 9 0 29 0.00 M M 14.9 28 210 M M 2 33 210
5 107 82 95 10 0 30 0.00 M M 14.3 22 220 M M 0 30 220
6 106 79 93 8 0 28 T M M 16.2 25 210 M M 1 34 220
7 102 77 90 5 0 25 0.00 M M 13.8 25 220 M M 0 32 210
8 102 78 90 5 0 25 0.00 M M 11.9 24 210 M M 0 3 30 210
9 101 73 87 2 0 22 0.63 M M 11.4 29 300 M M 2 13 40 310
10 99 73 86 1 0 21 0.00 M M 6.9 16 130 M M 1 21 350
11 99 70 85 1 0 20 0.00 M M 8.8 18 110 M M 0 8 23 140
12 99 68 84 0 0 19 0.00 M M 10.3 20 110 M M 0 26 120
13 100 70 85 1 0 20 0.00 M M 10.6 20 220 M M 1 28 210
14 101 73 87 3 0 22 0.00 M M 11.0 23 220 M M 0 28 210
15 101 73 87 3 0 22 0.00 M M 12.5 25 220 M M 0 33 200
16 104 74 89 5 0 24 0.00 M M 14.0 26 220 M M 1 35 190
17 90 71 81 -3 0 16 0.00 M M 13.5 24 10 M M 2 28 20
18 93 68 81 -2 0 16 0.00 M M 7.4 17 90 M M 4 24 50
19 96 61 79 -4 0 14 0.00 M M 7.5 18 160 M M 0 1 23 170
20 98 72 85 2 0 20 0.02 M M 11.6 40 230 M M 1 51 230
21 74 68 71 -12 0 6 1.34 M M 10.5 16 120 M M 9 1 20 130
22 86 69 78 -4 0 13 0.00 M M 11.5 21 80 M M 7 18 29 100
23 89 66 78 -4 0 13 0.00 M M 9.4 20 100 M M 3 1 23 70
24 93 67 80 -2 0 15 0.00 M M 7.5 20 120 M M 1 22 120
25 95 68 82 0 0 17 0.00 M M 7.2 17 130 M M 1 22 130
26 94 67 81 -1 0 16 0.00 M M 8.7 18 220 M M 0 24 170
27 97 72 85 4 0 20 0.00 M M 14.9 24 210 M M 1 34 200
28 101 75 88 7 0 23 T M M 17.8 29 210 M M 2 3 38 180
29 95 70 83 2 0 18 0.01 M M 12.4 26 100 M M 1 3 35 50
30 93 67 80 0 0 15 0.00 M M 9.2 21 100 M M 1 28 70
31 91 72 82 2 0 17 0.04 M M 9.6 25 90 M M 2 3 29 80
================================================================================
SM 3022 2237 0 622 2.04 M 364.3 M 45
================================================================================
AV 97.5 72.2 11.8 FASTST M M 1 MAX(MPH)
MISC ----> 40 230 51 230
================================================================================
NOTES:
# LAST OF SEVERAL OCCURRENCES
COLUMN 17 PEAK WIND IN M.P.H.
PRELIMINARY LOCAL CLIMATOLOGICAL DATA (WS FORM: F-6) , PAGE 2
STATION: HOBART
MONTH: AUGUST
YEAR: 2022
LATITUDE: 35 0 N
LONGITUDE: 99 3 W
[TEMPERATURE DATA] [PRECIPITATION DATA] SYMBOLS USED IN COLUMN 16
AVERAGE MONTHLY: 84.8 TOTAL FOR MONTH: 2.04 1 = FOG OR MIST
DPTR FM NORMAL: 1.4 DPTR FM NORMAL: -0.72 2 = FOG REDUCING VISIBILITY
HIGHEST: 107 ON 5, 4 GRTST 24HR 1.36 ON 20-21 TO 1/4 MILE OR LESS
LOWEST: 61 ON 19 3 = THUNDER
SNOW, ICE PELLETS, HAIL 4 = ICE PELLETS
TOTAL MONTH: M 5 = HAIL
GRTST 24HR M ON M 6 = FREEZING RAIN OR DRIZZLE
GRTST DEPTH: M ON M 7 = DUSTSTORM OR SANDSTORM:
VSBY 1/2 MILE OR LESS
8 = SMOKE OR HAZE
[NO. OF DAYS WITH] [WEATHER - DAYS WITH] 9 = BLOWING SNOW
X = TORNADO
MAX 32 OR BELOW: 0 0.01 INCH OR MORE: 5
MAX 90 OR ABOVE: 28 0.10 INCH OR MORE: 2
MIN 32 OR BELOW: 0 0.50 INCH OR MORE: 2
MIN 0 OR BELOW: 0 1.00 INCH OR MORE: 1
[HDD (BASE 65) ]
TOTAL THIS MO. 0 CLEAR (SCALE 0-3) 28
DPTR FM NORMAL 0 PTCLDY (SCALE 4-7) 2
TOTAL FM JUL 1 0 CLOUDY (SCALE 8-10) 1
DPTR FM NORMAL 0
[CDD (BASE 65) ]
TOTAL THIS MO. 622
DPTR FM NORMAL 52 [PRESSURE DATA]
TOTAL FM JAN 1 2313 HIGHEST SLP M ON M
DPTR FM NORMAL 412 LOWEST SLP 29.64 ON 28
[REMARKS]
#FINAL-08-22#