000
CXUS53 KGID 011958
CF6HDE
PRELIMINARY LOCAL CLIMATOLOGICAL DATA (WS FORM: F-6)
STATION: HOLDREGE
MONTH: MAY
YEAR: 2021
LATITUDE: 40 27 N
LONGITUDE: 99 20 W
TEMPERATURE IN F: :PCPN: SNOW: WIND :SUNSHINE: SKY :PK WND
================================================================================
1 2 3 4 5 6A 6B 7 8 9 10 11 12 13 14 15 16 17 18
12Z AVG MX 2MIN
DY MAX MIN AVG DEP HDD CDD WTR SNW DPTH SPD SPD DIR MIN PSBL S-S WX SPD DR
================================================================================
1 90 53 72 M 0 7 0.00 M M 17.1 30 200 M M 0 41 200
2 81 57 69 M 0 4 1.39 M M 9.8 27 310 M M 4 3 36 310
3 60 48 54 M 11 0 0.00 M M 19.3 29 360 M M 6 36 10
4 63 44 54 M 11 0 0.00 M M 5.3 10 20 M M 4 M M
5 71 48 60 M 5 0 T M M 11.4 21 300 M M 5 30 210
6 67 40 54 M 11 0 0.00 M M 7.8 13 340 M M 1 17 340
7 74 47 61 M 4 0 0.00 M M 12.9 21 90 M M 1 27 120
8 73 43 58 M 7 0 0.00 M M 18.2 32 20 M M 5 38 20
9 51 39 45 M 20 0 0.00 M M 11.7 24 10 M M 8 1 28 10
10 59 33 46 M 19 0 0.03 M M 4.7 15 10 M M 5 17 10
11 60 42 51 M 14 0 0.00 M M 6.2 12 90 M M 6 16 30
12 64 38 51 M 14 0 0.00 M M 5.7 13 180 M M 5 18 170
13 72 44 58 M 7 0 0.40 M M 14.9 23 170 M M 5 31 170
14 68 51 60 M 5 0 0.02 M M 11.1 33 190 M M 3 3 48 190
15 75 52 64 M 1 0 0.00 M M 4.4 12 120 M M 7 1 M M
16 73 59 66 M 0 1 1.46 M M 10.5 15 90 M M 8 13 23 100
17 65 56 61 M 4 0 0.00 M M 9.3 13 60 M M 10 1 17 70
18 70 59 65 M 0 0 0.02 M M 6.4 13 90 M M 9 1 17 100
19 73 56 65 M 0 0 0.00 M M 6.6 13 170 M M 4 20 160
20 78 61 70 M 0 5 0.00 M M 15.8 24 160 M M 7 1 33 160
21 78 61 70 M 0 5 T M M 19.7 29 170 M M 6 1 40 170
22 78 64 71 M 0 6 0.00 M M 13.4 17 160 M M 9 24 170
23 81 62 72 M 0 7 0.02 M M 16.8 25 170 M M 9 1 36 160
24 70 59 65 M 0 0 0.69 M M 11.1 28 130 M M 9 31 270
25 81 59 70 M 0 5 0.10 M M 6.0 24 300 M M 2 1 31 300
26 81 54 68 M 0 3 1.50 M M 12.8 25 60 M M 5 3 30 60
27 65 48 57 M 8 0 0.18 M M 13.6 24 90 M M 4 38 90
28 59 46 53 M 12 0 0.00 M M 8.5 15 100 M M 6 17 350
29 66 43 55 M 10 0 T M M 10.2 15 130 M M 5 22 190
30 57 52 55 M 10 0 0.35 M M 7.0 14 130 M M 5 1 17 160
31 70 53 62 M 3 0 0.00 M M 3.8 10 80 M M 5 16 70
================================================================================
SM 2173 1571 176 43 6.16 M 332.0 M 168
================================================================================
AV 70.1 50.7 10.7 FASTST M M 5 MAX(MPH)
MISC ----> 33 190 M M
================================================================================
NOTES:
# LAST OF SEVERAL OCCURRENCES
COLUMN 17 PEAK WIND IN M.P.H.
PRELIMINARY LOCAL CLIMATOLOGICAL DATA (WS FORM: F-6) , PAGE 2
STATION: HOLDREGE
MONTH: MAY
YEAR: 2021
LATITUDE: 40 27 N
LONGITUDE: 99 20 W
[TEMPERATURE DATA] [PRECIPITATION DATA] SYMBOLS USED IN COLUMN 16
AVERAGE MONTHLY: 60.4 TOTAL FOR MONTH: 6.16 1 = FOG OR MIST
DPTR FM NORMAL: M DPTR FM NORMAL: M 2 = FOG REDUCING VISIBILITY
HIGHEST: 90 ON 1 GRTST 24HR 1.50 ON 26-26 TO 1/4 MILE OR LESS
LOWEST: 33 ON 10 3 = THUNDER
SNOW, ICE PELLETS, HAIL 4 = ICE PELLETS
TOTAL MONTH: M 5 = HAIL
GRTST 24HR M ON M 6 = FREEZING RAIN OR DRIZZLE
GRTST DEPTH: M ON M 7 = DUSTSTORM OR SANDSTORM:
VSBY 1/2 MILE OR LESS
8 = SMOKE OR HAZE
[NO. OF DAYS WITH] [WEATHER - DAYS WITH] 9 = BLOWING SNOW
X = TORNADO
MAX 32 OR BELOW: 0 0.01 INCH OR MORE: 12
MAX 90 OR ABOVE: 1 0.10 INCH OR MORE: 8
MIN 32 OR BELOW: 0 0.50 INCH OR MORE: 4
MIN 0 OR BELOW: 0 1.00 INCH OR MORE: 3
[HDD (BASE 65) ]
TOTAL THIS MO. 176 CLEAR (SCALE 0-3) 4
DPTR FM NORMAL M PTCLDY (SCALE 4-7) 21
TOTAL FM JUL 1 5769 CLOUDY (SCALE 8-10) 6
DPTR FM NORMAL M
[CDD (BASE 65) ]
TOTAL THIS MO. 43
DPTR FM NORMAL M [PRESSURE DATA]
TOTAL FM JAN 1 60 HIGHEST SLP M ON M
DPTR FM NORMAL M LOWEST SLP M ON M
[REMARKS]
#FINAL-05-21#