000
CXUS51 KLWX 010829
CF6HGR
PRELIMINARY LOCAL CLIMATOLOGICAL DATA (WS FORM: F-6)
STATION: HAGERSTOWN MD
MONTH: FEBRUARY
YEAR: 2022
LATITUDE: 39 42 N
LONGITUDE: 77 43 W
TEMPERATURE IN F: :PCPN: SNOW: WIND :SUNSHINE: SKY :PK WND
================================================================================
1 2 3 4 5 6A 6B 7 8 9 10 11 12 13 14 15 16 17 18
12Z AVG MX 2MIN
DY MAX MIN AVG DEP HDD CDD WTR SNW DPTH SPD SPD DIR MIN PSBL S-S WX SPD DR
================================================================================
1 40 16 28 -5 37 0 0.00 M M 5.4 15 160 M M 0 8 19 120
2 45 24 35 2 30 0 0.01 M M 6.6 16 160 M M 0 18 20 160
3 46 40 43 10 22 0 0.84 M M 3.8 9 160 M M 10 12 12 160
4 43 29 36 2 29 0 0.22 M M 11.1 22 310 M M 10 12 26 300
5 30 20 25 -9 40 0 T M M 12.2 25 310 M M 4 32 310
6 34 16 25 -9 40 0 0.00 M M 5.7 16 180 M M 0 23 200
7 40 19 30 -4 35 0 0.00 M M 2.9 9 170 M M 3 13 320
8 39 23 31 -3 34 0 0.00 M M 6.9 20 320 M M 2 1 23 310
9 54 23 39 5 26 0 0.00 M M 6.1 17 160 M M 1 24 170
10 54 36 45 11 20 0 T M M 8.4 25 260 M M 3 35 270
11 64 31 48 13 17 0 0.00 M M 10.6 21 180 M M 2 27 180
12 56 37 47 12 18 0 0.00 M M 11.2 21 290 M M 6 26 250
13 37 27 32 -3 33 0 0.05 M M 7.5 14 320 M M 9 1 18 10
14 28 17 23 -12 42 0 T M M 10.2 18 300 M M 3 8 23 300
15 36 15 26 -9 39 0 0.00 M M 3.7 13 160 M M 0 15 160
16 51 28 40 4 25 0 0.00 M M 13.6 24 170 M M 0 30 170
17 62 44 53 17 12 0 0.45 M M 12.6 23 180 M M 5 18 31 170
18 64 25 45 9 20 0 0.10 M M 17.5 39 280 M M 4 18 52 280
19 41 20 31 -5 34 0 T M M 15.0 40 300 M M 2 54 290
20 41 15 28 -8 37 0 0.00 M M 8.0 17 160 M M 0 21 170
21 66 30 48 11 17 0 0.00 M M 7.3 17 160 M M 0 22 160
22 63 36 50 13 15 0 0.08 M M 9.0 28 190 M M 4 1 37 190
23 69 35 52 15 13 0 0.00 M M 13.8 32 280 M M 4 41 290
24 36 31 34 -3 31 0 0.33 M M 6.7 14 30 M M 7 168 21 10
25 50 31 41 3 24 0 0.42 M M 15.0 35 300 M M 8 16 41 290
26 42 27 35 -3 30 0 0.00 M M 7.0 18 290 M M 5 23 290
27 52 29 41 3 24 0 0.00 M M 11.6 29 270 M M 0 34 270
28 45 32 39 1 26 0 0.00 M M 6.3 16 340 M M 3 21 340
================================================================================
SM 1328 756 770 0 2.50 M 255.7 M 95
================================================================================
AV 47.4 27.0 9.1 FASTST M M 3 MAX(MPH)
MISC ----> 40 300 54 290
================================================================================
NOTES:
# LAST OF SEVERAL OCCURRENCES
COLUMN 17 PEAK WIND IN M.P.H.
PRELIMINARY LOCAL CLIMATOLOGICAL DATA (WS FORM: F-6) , PAGE 2
STATION: HAGERSTOWN MD
MONTH: FEBRUARY
YEAR: 2022
LATITUDE: 39 42 N
LONGITUDE: 77 43 W
[TEMPERATURE DATA] [PRECIPITATION DATA] SYMBOLS USED IN COLUMN 16
AVERAGE MONTHLY: 37.2 TOTAL FOR MONTH: 2.50 1 = FOG OR MIST
DPTR FM NORMAL: 1.7 DPTR FM NORMAL: 0.53 2 = FOG REDUCING VISIBILITY
HIGHEST: 69 ON 23 GRTST 24HR 0.84 ON 3- 3 TO 1/4 MILE OR LESS
LOWEST: 15 ON 20,15 3 = THUNDER
SNOW, ICE PELLETS, HAIL 4 = ICE PELLETS
TOTAL MONTH: M 5 = HAIL
GRTST 24HR M ON M 6 = FREEZING RAIN OR DRIZZLE
GRTST DEPTH: M ON M 7 = DUSTSTORM OR SANDSTORM:
VSBY 1/2 MILE OR LESS
8 = SMOKE OR HAZE
[NO. OF DAYS WITH] [WEATHER - DAYS WITH] 9 = BLOWING SNOW
X = TORNADO
MAX 32 OR BELOW: 2 0.01 INCH OR MORE: 9
MAX 90 OR ABOVE: 0 0.10 INCH OR MORE: 6
MIN 32 OR BELOW: 22 0.50 INCH OR MORE: 1
MIN 0 OR BELOW: 0 1.00 INCH OR MORE: 0
[HDD (BASE 65) ]
TOTAL THIS MO. 770 CLEAR (SCALE 0-3) 14
DPTR FM NORMAL -58 PTCLDY (SCALE 4-7) 10
TOTAL FM JUL 1 3352 CLOUDY (SCALE 8-10) 4
DPTR FM NORMAL -241
[CDD (BASE 65) ]
TOTAL THIS MO. 0
DPTR FM NORMAL 0 [PRESSURE DATA]
TOTAL FM JAN 1 0 HIGHEST SLP 30.70 ON 15
DPTR FM NORMAL 0 LOWEST SLP 29.40 ON 18
[REMARKS]
#FINAL-02-22#