000
CXUS51 KLWX 010915
CF6HGR
PRELIMINARY LOCAL CLIMATOLOGICAL DATA (WS FORM: F-6)
STATION: HAGERSTOWN MD
MONTH: JANUARY
YEAR: 2024
LATITUDE: 39 42 N
LONGITUDE: 77 43 W
TEMPERATURE IN F: :PCPN: SNOW: WIND :SUNSHINE: SKY :PK WND
================================================================================
1 2 3 4 5 6A 6B 7 8 9 10 11 12 13 14 15 16 17 18
12Z AVG MX 2MIN
DY MAX MIN AVG DEP HDD CDD WTR SNW DPTH SPD SPD DIR MIN PSBL S-S WX SPD DR
================================================================================
1 39 35 37 3 28 0 T M M 6.1 16 280 M M 10 1 20 280
2 41 30 36 2 29 0 0.00 M M 10.2 18 300 M M 5 22 290
3 44 30 37 3 28 0 0.00 M M 3.8 10 270 M M 0 15 220
4 40 24 32 -1 33 0 T M M 9.2 25 310 M M 6 30 300
5 38 20 29 -4 36 0 0.00 M M 2.5 10 320 M M 0 13 330
6 33 25 29 -4 36 0 M M M 5.6 22 10 M M 7 126 26 20
7 42 32 37 4 28 0 0.00 M M 8.1 22 290 M M 9 1 26 290
8 43 32 38 5 27 0 0.00 M M 6.2 17 280 M M 6 21 290
9 59 35 47 14 18 0 1.44 M M 9.1 26 150 M M 8 1 42 140
10 51 39 45 12 20 0 0.01 M M 13.6 32 270 M M 9 44 270
11 51 35 43 10 22 0 0.00 M M 7.9 17 180 M M 4 22 180
12 48 31 40 7 25 0 0.52 M M 8.0 28 130 M M 3 1 35 130
13 45 32 39 6 26 0 T M M 12.8 36 280 M M 8 12 42 270
14 37 21 29 -4 36 0 T M M 12.1 38 280 M M 3 47 270
15 26 22 24 -9 41 0 T M M 2.6 10 290 M M 9 18 14 270
16 26 13 20 -13 45 0 0.11 M M 10.1 32 290 M M 6 18 36 290
17 24 11 18 -15 47 0 0.00 M M 8.6 18 280 M M 0 23 270
18 30 16 23 -10 42 0 0.00 M M 4.8 12 180 M M 6 14 190
19 29 20 25 -8 40 0 0.13 M M 6.5 13 290 M M 9 128 16 280
20 24 14 19 -14 46 0 0.00 M M 16.5 26 300 M M 6 33 300
21 29 17 23 -10 42 0 0.00 M M 13.9 28 310 M M 5 32 320
22 35 10 23 -10 42 0 0.00 M M 3.8 10 190 M M 0 13 190
23 41 24 33 0 32 0 0.00 M M 2.7 8 310 M M 5 8 9 310
24 43 35 39 6 26 0 T M M 2.9 7 320 M M 9 18 8 340
25 57 38 48 15 17 0 0.18 M M 2.1 8 320 M M 9 128 11 280
26 71 49 60 27 5 0 0.12 M M 7.2 18 270 M M 5 128 24 270
27 57 44 51 18 14 0 0.07 M M 5.9 12 100 M M 7 1 15 300
28 47 39 43 10 22 0 0.98 M M 7.8 14 10 M M 10 1 18 100
29 44 37 41 8 24 0 0.00 M M 14.6 25 320 M M 9 33 320
30 41 36 39 6 26 0 0.00 M M 6.0 15 150 M M 10 17 140
31 43 35 39 6 26 0 0.00 M M 2.7 7 170 M M 9 10 230
================================================================================
SM 1278 881 929 0 3.56 M 233.9 M 192
================================================================================
AV 41.2 28.4 7.5 FASTST M M 6 MAX(MPH)
MISC ----> 38 280 47 270
================================================================================
NOTES:
# LAST OF SEVERAL OCCURRENCES
COLUMN 17 PEAK WIND IN M.P.H.
PRELIMINARY LOCAL CLIMATOLOGICAL DATA (WS FORM: F-6) , PAGE 2
STATION: HAGERSTOWN MD
MONTH: JANUARY
YEAR: 2024
LATITUDE: 39 42 N
LONGITUDE: 77 43 W
[TEMPERATURE DATA] [PRECIPITATION DATA] SYMBOLS USED IN COLUMN 16
AVERAGE MONTHLY: 34.8 TOTAL FOR MONTH: 3.56 1 = FOG OR MIST
DPTR FM NORMAL: 1.9 DPTR FM NORMAL: 1.10 2 = FOG REDUCING VISIBILITY
HIGHEST: 71 ON 26 GRTST 24HR 2.62 ON 9- 9 TO 1/4 MILE OR LESS
LOWEST: 10 ON 22 3 = THUNDER
SNOW, ICE PELLETS, HAIL 4 = ICE PELLETS
TOTAL MONTH: M 5 = HAIL
GRTST 24HR M ON M 6 = FREEZING RAIN OR DRIZZLE
GRTST DEPTH: M ON M 7 = DUSTSTORM OR SANDSTORM:
VSBY 1/2 MILE OR LESS
8 = SMOKE OR HAZE
[NO. OF DAYS WITH] [WEATHER - DAYS WITH] 9 = BLOWING SNOW
X = TORNADO
MAX 32 OR BELOW: 7 0.01 INCH OR MORE: 9
MAX 90 OR ABOVE: 0 0.10 INCH OR MORE: 7
MIN 32 OR BELOW: 19 0.50 INCH OR MORE: 3
MIN 0 OR BELOW: 0 1.00 INCH OR MORE: 1
[HDD (BASE 65) ]
TOTAL THIS MO. 929 CLEAR (SCALE 0-3) 6
DPTR FM NORMAL -66 PTCLDY (SCALE 4-7) 13
TOTAL FM JUL 1 2516 CLOUDY (SCALE 8-10) 12
DPTR FM NORMAL -243
[CDD (BASE 65) ]
TOTAL THIS MO. 0
DPTR FM NORMAL 0 [PRESSURE DATA]
TOTAL FM JAN 1 0 HIGHEST SLP 30.65 ON 22
DPTR FM NORMAL 0 LOWEST SLP 29.04 ON 9
[REMARKS]
#FINAL-01-24#