000
CXUS51 KLWX 280815
CF6HGR
PRELIMINARY LOCAL CLIMATOLOGICAL DATA (WS FORM: F-6)
STATION: HAGERSTOWN MD
MONTH: MARCH
YEAR: 2024
LATITUDE: 39 42 N
LONGITUDE: 77 43 W
TEMPERATURE IN F: :PCPN: SNOW: WIND :SUNSHINE: SKY :PK WND
================================================================================
1 2 3 4 5 6A 6B 7 8 9 10 11 12 13 14 15 16 17 18
12Z AVG MX 2MIN
DY MAX MIN AVG DEP HDD CDD WTR SNW DPTH SPD SPD DIR MIN PSBL S-S WX SPD DR
================================================================================
1 51 27 39 0 26 0 0.03 M M 8.8 21 160 M M 3 1 29 170
2 51 38 45 6 20 0 0.60 M M 5.3 13 350 M M 10 12 16 350
3 63 42 53 14 12 0 0.00 M M 4.1 12 160 M M 6 12 17 180
4 68 44 56 16 9 0 0.00 M M 5.7 18 160 M M 4 1 24 160
5 56 48 52 12 13 0 0.19 M M 5.7 14 10 M M 9 18 17 10
6 55 48 52 12 13 0 0.10 M M 4.5 13 70 M M 7 1 16 60
7 64 45 55 15 10 0 0.01 M M 9.0 20 50 M M 6 12 25 50
8 58 38 48 7 17 0 0.00 M M 8.4 20 150 M M 1 31 160
9 48 40 44 3 21 0 1.22 M M 7.5 17 150 M M 10 1 25 130
10 46 33 40 -1 25 0 T T M 20.5 37 300 M M 9 1 46 300
11 53 35 44 2 21 0 0.00 M M 19.0 33 300 M M 2 50 290
12 72 43 58 16 7 0 0.00 M M 8.2 22 310 M M 0 28 300
13 72 45 59 17 6 0 0.00 M M 5.2 14 280 M M 0 24 300
14 76 46 61 18 4 0 0.01 M M 6.5 24 340 M M 0 3 37 340
15 69 48 59 16 6 0 0.17 M M 10.5 20 320 M M 6 1 31 190
16 62 40 51 8 14 0 0.00 M M 7.2 20 270 M M 2 29 240
17 62 44 53 9 12 0 0.00 M M 13.0 29 320 M M 4 41 320
18 46 34 40 -4 25 0 0.00 M M 15.4 29 290 M M 6 37 310
19 49 31 40 -4 25 0 T M M 10.9 28 300 M M 8 18 41 300
20 61 32 47 2 18 0 0.00 M M 16.1 43 270 M M 3 54 280
21 46 26 36 -9 29 0 0.00 0.0 0 10.8 21 310 M M 0 28 300
22 51 28 40 -5 25 0 0.05 M M 8.1 20 150 M M 2 1 27 170
23 48 32 40 -6 25 0 0.73 M M 13.6 29 320 M M 8 1 41 320
24 48 29 39 -7 26 0 0.00 M M 7.9 18 340 M M 0 25 340
25 57 30 44 -2 21 0 0.00 M M 6.8 14 160 M M 0 20 120
26 60 37 49 2 16 0 0.03 M M 6.0 14 160 M M 1 18 170
27 51 45 48 1 17 0 0.01 M M 6.4 15 170 M M 10 1 19 180
================================================================================
SM 1543 1028 463 0 3.15 T 251.1 M 117
================================================================================
AV 57.1 38.1 9.3 FASTST M M 4 MAX(MPH)
MISC ----> 43 270 54 280
================================================================================
NOTES:
# LAST OF SEVERAL OCCURRENCES
COLUMN 17 PEAK WIND IN M.P.H.
PRELIMINARY LOCAL CLIMATOLOGICAL DATA (WS FORM: F-6) , PAGE 2
STATION: HAGERSTOWN MD
MONTH: MARCH
YEAR: 2024
LATITUDE: 39 42 N
LONGITUDE: 77 43 W
[TEMPERATURE DATA] [PRECIPITATION DATA] SYMBOLS USED IN COLUMN 16
AVERAGE MONTHLY: 47.6 TOTAL FOR MONTH: 3.15 1 = FOG OR MIST
DPTR FM NORMAL: 4.9 DPTR FM NORMAL: 0.54 2 = FOG REDUCING VISIBILITY
HIGHEST: 76 ON 14 GRTST 24HR 1.22 ON 9- 9 TO 1/4 MILE OR LESS
LOWEST: 26 ON 21 3 = THUNDER
SNOW, ICE PELLETS, HAIL 4 = ICE PELLETS
TOTAL MONTH: T 5 = HAIL
GRTST 24HR T ON 10-10 6 = FREEZING RAIN OR DRIZZLE
GRTST DEPTH: 0 7 = DUSTSTORM OR SANDSTORM:
VSBY 1/2 MILE OR LESS
8 = SMOKE OR HAZE
[NO. OF DAYS WITH] [WEATHER - DAYS WITH] 9 = BLOWING SNOW
X = TORNADO
MAX 32 OR BELOW: 0 0.01 INCH OR MORE: 12
MAX 90 OR ABOVE: 0 0.10 INCH OR MORE: 6
MIN 32 OR BELOW: 8 0.50 INCH OR MORE: 3
MIN 0 OR BELOW: 0 1.00 INCH OR MORE: 1
[HDD (BASE 65) ]
TOTAL THIS MO. 463 CLEAR (SCALE 0-3) 13
DPTR FM NORMAL -140 PTCLDY (SCALE 4-7) 8
TOTAL FM JUL 1 3682 CLOUDY (SCALE 8-10) 6
DPTR FM NORMAL -513
[CDD (BASE 65) ]
TOTAL THIS MO. 0
DPTR FM NORMAL 0 [PRESSURE DATA]
TOTAL FM JAN 1 0 HIGHEST SLP M ON M
DPTR FM NORMAL 0 LOWEST SLP 29.59 ON 17
[REMARKS]