000
CXUS56 KPQR 011155
CF6HIO
PRELIMINARY LOCAL CLIMATOLOGICAL DATA (WS FORM: F-6)
STATION: HILLSBORO OR
MONTH: MARCH
YEAR: 2021
LATITUDE: 45 32 N
LONGITUDE: 122 57 W
TEMPERATURE IN F: :PCPN: SNOW: WIND :SUNSHINE: SKY :PK WND
================================================================================
1 2 3 4 5 6A 6B 7 8 9 10 11 12 13 14 15 16 17 18
12Z AVG MX 2MIN
DY MAX MIN AVG DEP HDD CDD WTR SNW DPTH SPD SPD DIR MIN PSBL S-S WX SPD DR
================================================================================
1 59 34 47 3 18 0 0.00 M M 1.4 8 320 M M 0 1 9 320
2 54 34 44 0 21 0 0.00 M M 2.5 8 60 M M 5 12 10 50
3 59 29 44 0 21 0 0.00 M M 2.0 10 170 M M 2 128 13 180
4 52 32 42 -2 23 0 0.07 M M 2.4 14 160 M M 6 128 16 160
5 49 37 43 -1 22 0 0.08 M M 5.6 16 180 M M 10 12 20 190
6 52 36 44 -1 21 0 0.01 M M 7.1 20 160 M M 8 25 220
7 50 33 42 -3 23 0 0.07 M M 10.1 21 190 M M 7 26 200
8 53 30 42 -3 23 0 0.01 M M 6.1 23 190 M M 3 30 180
9 54 36 45 0 20 0 0.05 M M 6.4 18 120 M M 7 1 21 120
10 57 35 46 1 19 0 0.01 M M 3.6 17 300 M M 7 21 310
11 59 28 44 -1 21 0 0.00 M M 2.0 7 310 M M 0 9 330
12 61 29 45 -1 20 0 0.00 M M 1.2 7 300 M M 0 9 340
13 63 29 46 0 19 0 0.00 M M 2.5 12 160 M M 0 13 160
14 49 37 43 -3 22 0 0.19 M M 6.4 24 310 M M 7 1 32 310
15 46 26 36 -10 29 0 0.02 M M 3.1 15 330 M M 5 15 19 340
16 55 24 40 -6 25 0 0.00 M M 1.0 8 190 M M 0 1 10 190
17 60 29 45 -1 20 0 0.00 M M 2.2 9 170 M M 0 1 12 250
18 53 34 44 -2 21 0 0.15 M M 4.9 20 240 M M 7 1 27 250
19 55 44 50 3 15 0 0.04 M M 14.5 29 180 M M 7 35 160
20 54 39 47 0 18 0 0.14 M M 9.3 21 330 M M 9 1 26 330
21 49 39 44 -3 21 0 0.08 M M 6.0 17 220 M M 10 23 220
22 54 36 45 -2 20 0 0.10 M M 8.4 24 300 M M 7 1 29 300
23 57 28 43 -4 22 0 0.00 M M 2.7 10 330 M M 3 13 330
24 52 39 46 -1 19 0 0.10 M M 6.8 20 310 M M 9 18 27 210
25 55 36 46 -1 19 0 0.01 M M 4.6 14 300 M M 7 18 300
26 58 31 45 -3 20 0 0.00 M M 2.2 12 330 M M 6 1 14 330
27 64 33 49 1 16 0 0.00 M M 1.4 7 330 M M 1 9 160
28 50 37 44 -4 21 0 0.10 M M 9.1 30 280 M M 5 1 40 280
29 52 29 41 -7 24 0 0.05 M M 6.6 20 290 M M 6 1 25 290
30 54 27 41 -7 24 0 0.00 M M 3.2 9 50 M M 4 15 40
31 71 28 50 2 15 0 0.00 M M 1.8 8 300 M M 0 1 10 80
================================================================================
SM 1710 1018 642 0 1.28 M 147.1 M 148
================================================================================
AV 55.2 32.8 4.7 FASTST M M 5 MAX(MPH)
MISC ----> 30 280 40 280
================================================================================
NOTES:
# LAST OF SEVERAL OCCURRENCES
COLUMN 17 PEAK WIND IN M.P.H.
PRELIMINARY LOCAL CLIMATOLOGICAL DATA (WS FORM: F-6) , PAGE 2
STATION: HILLSBORO OR
MONTH: MARCH
YEAR: 2021
LATITUDE: 45 32 N
LONGITUDE: 122 57 W
[TEMPERATURE DATA] [PRECIPITATION DATA] SYMBOLS USED IN COLUMN 16
AVERAGE MONTHLY: 44.0 TOTAL FOR MONTH: 1.28 1 = FOG OR MIST
DPTR FM NORMAL: -2.1 DPTR FM NORMAL: -2.45 2 = FOG REDUCING VISIBILITY
HIGHEST: 71 ON 31 GRTST 24HR 0.19 ON 14-14 TO 1/4 MILE OR LESS
LOWEST: 24 ON 16 3 = THUNDER
SNOW, ICE PELLETS, HAIL 4 = ICE PELLETS
TOTAL MONTH: M 5 = HAIL
GRTST 24HR M ON M 6 = FREEZING RAIN OR DRIZZLE
GRTST DEPTH: M ON M 7 = DUSTSTORM OR SANDSTORM:
VSBY 1/2 MILE OR LESS
8 = SMOKE OR HAZE
[NO. OF DAYS WITH] [WEATHER - DAYS WITH] 9 = BLOWING SNOW
X = TORNADO
MAX 32 OR BELOW: 0 0.01 INCH OR MORE: 18
MAX 90 OR ABOVE: 0 0.10 INCH OR MORE: 6
MIN 32 OR BELOW: 14 0.50 INCH OR MORE: 0
MIN 0 OR BELOW: 0 1.00 INCH OR MORE: 0
[HDD (BASE 65) ]
TOTAL THIS MO. 642 CLEAR (SCALE 0-3) 10
DPTR FM NORMAL 55 PTCLDY (SCALE 4-7) 17
TOTAL FM JUL 1 3780 CLOUDY (SCALE 8-10) 4
DPTR FM NORMAL -334
[CDD (BASE 65) ]
TOTAL THIS MO. 0
DPTR FM NORMAL 0 [PRESSURE DATA]
TOTAL FM JAN 1 0 HIGHEST SLP 30.51 ON 23
DPTR FM NORMAL 0 LOWEST SLP 29.75 ON 3
[REMARKS]
#FINAL-03-21#