000
CXUS56 KHNX 100641
CF6HJO
PRELIMINARY LOCAL CLIMATOLOGICAL DATA (WS FORM: F-6)
STATION: HANFORD CA AIRPORT
MONTH: JUNE
YEAR: 2021
LATITUDE: 36 19 N
LONGITUDE: 119 38 W
TEMPERATURE IN F: :PCPN: SNOW: WIND :SUNSHINE: SKY :PK WND
================================================================================
1 2 3 4 5 6A 6B 7 8 9 10 11 12 13 14 15 16 17 18
12Z AVG MX 2MIN
DY MAX MIN AVG DEP HDD CDD WTR SNW DPTH SPD SPD DIR MIN PSBL S-S WX SPD DR
================================================================================
1 106 63 85 12 0 20 0.00 0.0 0 5.1 15 320 M M 0 8 20 330
2 105 64 85 12 0 20 0.00 0.0 0 5.5 15 320 M M 0 19 320
3 103 66 85 12 0 20 0.00 0.0 0 5.9 15 320 M M 0 20 320
4 101 64 83 10 0 18 0.00 0.0 0 6.8 16 320 M M 0 21 320
5 100 61 81 7 0 16 0.00 0.0 0 6.2 15 310 M M 0 20 330
6 97 60 79 5 0 14 0.00 0.0 0 5.7 17 320 M M 0 22 320
7 86 58 72 -2 0 7 0.00 0.0 0 5.6 17 330 M M 0 8 22 330
8 80 56 68 -6 0 3 0.00 0.0 0 8.4 21 320 M M 0 26 310
9 79 53 66 -8 0 1 0.00 0.0 0 12.1 25 320 M M 2 32 320
10 79 51 65 -10 0 0 0.00 0.0 0 9.5 21 320 M M 0 28 340
11 85 52 69 -6 0 4 0.00 0.0 0 9.4 15 320 M M 0 22 330
12 91 59 75 0 0 10 0.00 0.0 0 7.0 15 310 M M 0 18 310
13 96 67 82 7 0 17 0.00 0.0 0 9.8 23 320 M M 0 28 330
14 92 65 79 3 0 14 0.00 0.0 0 11.8 21 320 M M 0 8 25 320
15 91 63 77 1 0 12 0.00 0.0 0 10.9 21 330 M M 0 29 340
16 96 66 81 5 0 16 0.00 0.0 0 7.1 14 320 M M 0 18 330
17 104 63 84 8 0 19 0.00 0.0 0 3.7 14 330 M M 0 18 320
18 111 72 92 15 0 27 0.00 0.0 0 4.6 17 160 M M 0 8 24 160
19 111 68 90 13 0 25 0.00 0.0 0 5.9 14 310 M M 0 18 310
20 107 67 87 10 0 22 0.00 0.0 0 6.1 13 310 M M 0 16 310
21 105 70 88 11 0 23 0.00 0.0 0 5.3 14 260 M M 0 19 260
22 98 63 81 3 0 16 0.00 0.0 0 6.6 15 310 M M 0 18 310
23 96 63 80 2 0 15 0.00 0.0 0 7.2 16 310 M M 0 22 310
24 93 64 79 1 0 14 0.00 0.0 0 8.5 16 310 M M 0 21 310
25 95 64 80 2 0 15 0.00 0.0 0 7.2 14 320 M M 0 17 310
26 100 69 85 7 0 20 0.00 0.0 0 5.5 13 310 M M 0 15 320
27 106 69 88 9 0 23 0.00 0.0 0 7.1 18 320 M M 0 23 320
28 101 69 85 6 0 20 0.00 0.0 0 10.4 20 320 M M 0 24 320
29 102 68 85 6 0 20 0.00 0.0 0 5.7 13 300 M M 0 16 320
30 104 71 88 9 0 23 0.00 0.0 0 5.7 16 310 M M 0 21 300
================================================================================
SM 2920 1908 0 474 0.00 0.0 216.3 M 2
================================================================================
AV 97.3 63.6 7.2 FASTST M M 0 MAX(MPH)
MISC ----> 25 320 32 320
================================================================================
NOTES:
# LAST OF SEVERAL OCCURRENCES
COLUMN 17 PEAK WIND IN M.P.H.
PRELIMINARY LOCAL CLIMATOLOGICAL DATA (WS FORM: F-6) , PAGE 2
STATION: HANFORD CA AIRPORT
MONTH: JUNE
YEAR: 2021
LATITUDE: 36 19 N
LONGITUDE: 119 38 W
[TEMPERATURE DATA] [PRECIPITATION DATA] SYMBOLS USED IN COLUMN 16
AVERAGE MONTHLY: 80.5 TOTAL FOR MONTH: 0.00 1 = FOG OR MIST
DPTR FM NORMAL: 4.5 DPTR FM NORMAL: -0.07 2 = FOG REDUCING VISIBILITY
HIGHEST: 111 ON 19,18 GRTST 24HR T ON 8- 8 TO 1/4 MILE OR LESS
LOWEST: 51 ON 10 3 = THUNDER
SNOW, ICE PELLETS, HAIL 4 = ICE PELLETS
TOTAL MONTH: 0.0 INCH 5 = HAIL
GRTST 24HR 0.0 6 = FREEZING RAIN OR DRIZZLE
GRTST DEPTH: 0 7 = DUSTSTORM OR SANDSTORM:
VSBY 1/2 MILE OR LESS
8 = SMOKE OR HAZE
[NO. OF DAYS WITH] [WEATHER - DAYS WITH] 9 = BLOWING SNOW
X = TORNADO
MAX 32 OR BELOW: 0 0.01 INCH OR MORE: 0
MAX 90 OR ABOVE: 25 0.10 INCH OR MORE: 0
MIN 32 OR BELOW: 0 0.50 INCH OR MORE: 0
MIN 0 OR BELOW: 0 1.00 INCH OR MORE: 0
[HDD (BASE 65) ]
TOTAL THIS MO. 0 CLEAR (SCALE 0-3) 30
DPTR FM NORMAL -3 PTCLDY (SCALE 4-7) 0
TOTAL FM JUL 1 2206 CLOUDY (SCALE 8-10) 0
DPTR FM NORMAL -213
[CDD (BASE 65) ]
TOTAL THIS MO. 474
DPTR FM NORMAL 141 [PRESSURE DATA]
TOTAL FM JAN 1 712 HIGHEST SLP 30.24 ON 10
DPTR FM NORMAL 172 LOWEST SLP 29.59 ON 18
[REMARKS]
#FINAL-06-21#