000
CXUS54 KJAN 022009
CF6HKS
PRELIMINARY LOCAL CLIMATOLOGICAL DATA (WS FORM: F-6)
STATION: JACKSON HAWKINS
MONTH: MARCH
YEAR: 2024
LATITUDE: 32 20 N
LONGITUDE: 90 14 W
TEMPERATURE IN F: :PCPN: SNOW: WIND :SUNSHINE: SKY :PK WND
================================================================================
1 2 3 4 5 6A 6B 7 8 9 10 11 12 13 14 15 16 17 18
12Z AVG MX 2MIN
DY MAX MIN AVG DEP HDD CDD WTR SNW DPTH SPD SPD DIR MIN PSBL S-S WX SPD DR
================================================================================
1 56 42 49 -6 16 0 0.49 0.0 0 3.7 16 100 M M 10 1 22 100
2 70 49 60 5 5 0 0.00 0.0 0 5.3 13 130 M M 6 12 17 140
3 78 54 66 10 0 1 0.00 0.0 0 6.6 14 140 M M 6 1 17 140
4 77 60 69 13 0 4 0.09 0.0 0 7.1 17 130 M M 7 13 25 130
5 69 58 64 8 1 0 0.68 0.0 0 4.6 13 50 M M 8 123 20 50
6 74 52 63 7 2 0 0.00 0.0 0 4.0 12 350 M M 7 12 17 310
7 76 57 67 10 0 2 0.00 0.0 0 6.7 14 140 M M 4 1 21 140
8 66 58 62 5 3 0 3.20 0.0 0 6.3 21 150 M M 7 123 32 140
9 62 47 55 -2 10 0 0.00 0.0 0 7.0 20 310 M M 10 1 28 320
10 64 41 53 -4 12 0 0.00 0.0 0 4.7 14 300 M M 0 20 290
11 66 41 54 -4 11 0 0.00 0.0 0 2.9 10 140 M M 1 14 110
12 74 41 58 0 7 0 0.00 0.0 0 3.8 15 170 M M 2 20 170
13 78 54 66 8 0 1 0.00 0.0 0 8.4 17 170 M M 3 26 170
14 81 58 70 12 0 5 0.00 0.0 0 10.5 18 170 M M 5 25 180
15 73 57 65 6 0 0 0.36 0.0 0 5.3 17 300 M M 7 13 27 360
16 67 55 61 2 4 0 0.08 0.0 0 2.2 13 320 M M 8 12 20 320
17 63 53 58 -1 7 0 0.77 0.0 0 3.5 12 110 M M 9 13 17 110
18 56 39 48 -11 17 0 0.00 0.0 0 8.1 21 310 M M 3 36 330
19 60 31 46 -14 19 0 0.00 0.0 0 2.6 10 260 M M 0 15 260
20 72 38 55 -5 10 0 0.00 0.0 0 3.2 12 250 M M 1 8 14 270
21 72 46 59 -1 6 0 T 0.0 0 4.3 14 170 M M 3 1 18 170
22 64 53 59 -1 6 0 0.10 0.0 0 6.5 16 90 M M 9 18 24 80
23 65 45 55 -5 10 0 0.02 0.0 0 8.3 18 310 M M 4 1 25 300
24 68 44 56 -5 9 0 0.00 0.0 0 8.6 21 150 M M 0 26 150
25 70 56 63 2 2 0 2.01 0.0 0 15.1 33 170 M M 10 1238 50 170
26 71 50 61 0 4 0 0.05 0.0 0 4.6 14 120 M M 5 13 18 120
27 63 45 54 -7 11 0 0.00 0.0 0 5.5 12 320 M M 0 18 300
28 69 40 55 -7 10 0 0.00 0.0 0 3.3 13 70 M M 0 17 40
29 76 41 59 -3 6 0 0.00 0.0 0 6.4 16 170 M M 0 1 24 160
30 79 52 66 4 0 1 0.00 0.0 0 7.5 17 240 M M 3 24 220
31 76 61 69 7 0 4 0.00 0.0 0 7.9 15 180 M M 6 21 170
================================================================================
SM 2155 1518 188 18 7.85 0.0 184.5 M 144
================================================================================
AV 69.5 49.0 6.0 FASTST M M 5 MAX(MPH)
MISC ----> 33 170 50 170
================================================================================
NOTES:
# LAST OF SEVERAL OCCURRENCES
COLUMN 17 PEAK WIND IN M.P.H.
PRELIMINARY LOCAL CLIMATOLOGICAL DATA (WS FORM: F-6) , PAGE 2
STATION: JACKSON HAWKINS
MONTH: MARCH
YEAR: 2024
LATITUDE: 32 20 N
LONGITUDE: 90 14 W
[TEMPERATURE DATA] [PRECIPITATION DATA] SYMBOLS USED IN COLUMN 16
AVERAGE MONTHLY: 59.2 TOTAL FOR MONTH: 7.85 1 = FOG OR MIST
DPTR FM NORMAL: 0.5 DPTR FM NORMAL: 3.02 2 = FOG REDUCING VISIBILITY
HIGHEST: 81 ON 14 GRTST 24HR 3.20 ON 8- 8 TO 1/4 MILE OR LESS
LOWEST: 31 ON 19 3 = THUNDER
SNOW, ICE PELLETS, HAIL 4 = ICE PELLETS
TOTAL MONTH: 0.0 INCH 5 = HAIL
GRTST 24HR 0.0 6 = FREEZING RAIN OR DRIZZLE
GRTST DEPTH: 0 7 = DUSTSTORM OR SANDSTORM:
VSBY 1/2 MILE OR LESS
8 = SMOKE OR HAZE
[NO. OF DAYS WITH] [WEATHER - DAYS WITH] 9 = BLOWING SNOW
X = TORNADO
MAX 32 OR BELOW: 0 0.01 INCH OR MORE: 11
MAX 90 OR ABOVE: 0 0.10 INCH OR MORE: 7
MIN 32 OR BELOW: 1 0.50 INCH OR MORE: 4
MIN 0 OR BELOW: 0 1.00 INCH OR MORE: 2
[HDD (BASE 65) ]
TOTAL THIS MO. 188 CLEAR (SCALE 0-3) 12
DPTR FM NORMAL -42 PTCLDY (SCALE 4-7) 14
TOTAL FM JUL 1 1893 CLOUDY (SCALE 8-10) 5
DPTR FM NORMAL -139
[CDD (BASE 65) ]
TOTAL THIS MO. 18
DPTR FM NORMAL -18 [PRESSURE DATA]
TOTAL FM JAN 1 29 HIGHEST SLP 30.32 ON 11
DPTR FM NORMAL -24 LOWEST SLP 29.49 ON 25
[REMARKS]
#FINAL-03-24#