000
CXUS52 KGSP 010817
CF6HKY
PRELIMINARY LOCAL CLIMATOLOGICAL DATA (WS FORM: F-6)
STATION: HICKORY NC
MONTH: OCTOBER
YEAR: 2023
LATITUDE: 35 45 N
LONGITUDE: 81 23 W
TEMPERATURE IN F: :PCPN: SNOW: WIND :SUNSHINE: SKY :PK WND
================================================================================
1 2 3 4 5 6A 6B 7 8 9 10 11 12 13 14 15 16 17 18
12Z AVG MX 2MIN
DY MAX MIN AVG DEP HDD CDD WTR SNW DPTH SPD SPD DIR MIN PSBL S-S WX SPD DR
================================================================================
1 82 61 72 7 0 7 0.00 M M 3.0 10 60 M M 3 1 15 50
2 83 58 71 6 0 6 0.00 M M 2.9 10 60 M M 0 16 60
3 82 58 70 6 0 5 0.00 M M 2.2 7 70 M M 1 10 60
4 84 61 73 9 0 8 0.00 M M 1.7 9 90 M M 3 14 50
5 78 56 67 3 0 2 0.00 M M 2.3 7 210 M M 4 1 M M
6 83 61 72 9 0 7 0.02 M M 2.9 12 310 M M 5 16 330
7 69 46 58 -5 7 0 0.15 M M 6.8 18 310 M M 2 1 25 330
8 65 41 53 -9 12 0 0.00 M M 5.3 20 270 M M 0 24 270
9 69 39 54 -8 11 0 T M M 4.6 17 220 M M 3 24 190
10 75 49 62 0 3 0 0.00 M M 2.5 10 210 M M 4 15 210
11 69 51 60 -1 5 0 0.00 M M 1.2 7 190 M M 0 10 270
12 76 57 67 6 0 2 0.11 M M 2.0 7 100 M M 3 1 11 190
13 80 53 67 6 0 2 T M M 3.3 9 210 M M 3 13 200
14 74 57 66 6 0 1 0.24 M M 5.8 20 300 M M 9 1 33 320
15 65 47 56 -4 9 0 0.00 M M 7.0 15 350 M M 5 22 350
16 60 40 50 -10 15 0 0.00 M M 4.7 13 330 M M 5 18 320
17 66 42 54 -5 11 0 0.00 M M 5.3 13 330 M M 5 20 340
18 68 45 57 -2 8 0 0.00 M M 2.5 10 220 M M 3 15 210
19 69 43 56 -2 9 0 0.00 M M 4.6 15 230 M M 3 12 21 200
20 69 49 59 1 6 0 0.07 M M 4.5 24 330 M M 5 3 38 320
21 72 51 62 4 3 0 0.00 M M 7.8 17 240 M M 0 25 270
22 71 49 60 3 5 0 0.00 M M 6.0 14 320 M M 0 19 290
23 72 36 54 -3 11 0 0.00 M M 1.8 7 200 M M 1 12 10 330
24 73 40 57 0 8 0 0.00 M M 1.3 8 210 M M 0 11 190
25 76 44 60 4 5 0 0.00 M M 1.5 10 200 M M 0 14 190
26 78 50 64 8 1 0 0.00 M M 2.3 12 230 M M 1 14 220
27 79 52 66 10 0 1 0.00 M M 2.4 10 220 M M 2 1 15 210
28 84 54 69 14 0 4 0.00 M M 2.3 8 220 M M 0 11 200
29 83 53 68 13 0 3 0.00 M M 2.4 8 190 M M 0 1 12 180
30 85 54 70 16 0 5 0.00 M M 4.6 16 330 M M 3 25 310
31 60 42 51 -3 14 0 0.00 M M 6.9 15 70 M M 9 18 70
================================================================================
SM 2299 1539 143 53 0.59 M 114.4 M 82
================================================================================
AV 74.2 49.6 3.7 FASTST M M 3 MAX(MPH)
MISC ----> 24 330 38 320
================================================================================
NOTES:
# LAST OF SEVERAL OCCURRENCES
COLUMN 17 PEAK WIND IN M.P.H.
PRELIMINARY LOCAL CLIMATOLOGICAL DATA (WS FORM: F-6) , PAGE 2
STATION: HICKORY NC
MONTH: OCTOBER
YEAR: 2023
LATITUDE: 35 45 N
LONGITUDE: 81 23 W
[TEMPERATURE DATA] [PRECIPITATION DATA] SYMBOLS USED IN COLUMN 16
AVERAGE MONTHLY: 61.9 TOTAL FOR MONTH: 0.59 1 = FOG OR MIST
DPTR FM NORMAL: 2.3 DPTR FM NORMAL: -2.90 2 = FOG REDUCING VISIBILITY
HIGHEST: 85 ON 30 GRTST 24HR 0.24 ON 13-14 TO 1/4 MILE OR LESS
LOWEST: 36 ON 23 3 = THUNDER
SNOW, ICE PELLETS, HAIL 4 = ICE PELLETS
TOTAL MONTH: M 5 = HAIL
GRTST 24HR M ON M 6 = FREEZING RAIN OR DRIZZLE
GRTST DEPTH: M ON M 7 = DUSTSTORM OR SANDSTORM:
VSBY 1/2 MILE OR LESS
8 = SMOKE OR HAZE
[NO. OF DAYS WITH] [WEATHER - DAYS WITH] 9 = BLOWING SNOW
X = TORNADO
MAX 32 OR BELOW: 0 0.01 INCH OR MORE: 5
MAX 90 OR ABOVE: 0 0.10 INCH OR MORE: 3
MIN 32 OR BELOW: 0 0.50 INCH OR MORE: 0
MIN 0 OR BELOW: 0 1.00 INCH OR MORE: 0
[HDD (BASE 65) ]
TOTAL THIS MO. 143 CLEAR (SCALE 0-3) 19
DPTR FM NORMAL -55 PTCLDY (SCALE 4-7) 10
TOTAL FM JUL 1 145 CLOUDY (SCALE 8-10) 2
DPTR FM NORMAL -76
[CDD (BASE 65) ]
TOTAL THIS MO. 53
DPTR FM NORMAL 24 [PRESSURE DATA]
TOTAL FM JAN 1 1373 HIGHEST SLP 30.40 ON 25
DPTR FM NORMAL -20 LOWEST SLP 29.53 ON 20
[REMARKS]
#FINAL-10-23#