000
CXUS53 KGLD 010800
CF6HLC
PRELIMINARY LOCAL CLIMATOLOGICAL DATA (WS FORM: F-6)
STATION: HILL CITY KS
MONTH: MAY
YEAR: 2022
LATITUDE: 39 22 N
LONGITUDE: 99 50 W
TEMPERATURE IN F: :PCPN: SNOW: WIND :SUNSHINE: SKY :PK WND
================================================================================
1 2 3 4 5 6A 6B 7 8 9 10 11 12 13 14 15 16 17 18
12Z AVG MX 2MIN
DY MAX MIN AVG DEP HDD CDD WTR SNW DPTH SPD SPD DIR MIN PSBL S-S WX SPD DR
================================================================================
1 70 36 53 -4 12 0 T M M 8.5 18 110 M M 1 26 100
2 57 38 48 -9 17 0 1.12 M M 19.6 35 80 M M 9 13 47 90
3 56 37 47 -11 18 0 0.00 M M 8.8 16 100 M M 6 23 110
4 51 46 49 -9 16 0 0.03 M M 10.3 17 90 M M 10 18 23 90
5 55 43 49 -9 16 0 0.01 M M 9.2 16 340 M M 9 1 20 350
6 81 36 59 0 6 0 0.00 M M 7.6 17 130 M M 0 1 26 170
7 85 48 67 8 0 2 0.00 M M 14.8 30 170 M M 1 12 47 170
8 85 59 72 12 0 7 T M M 14.1 32 10 M M 3 48 270
9 88 61 75 15 0 10 0.00 M M 10.5 24 360 M M 1 37 160
10 87 57 72 12 0 7 0.00 M M 11.8 24 360 M M 0 33 360
11 97 63 80 19 0 15 T M M 13.8 32 160 M M 1 44 170
12 91 53 72 11 0 7 0.01 M M 17.3 38 190 M M 1 38 63 180
13 80 43 62 0 3 0 0.00 M M 5.4 13 50 M M 0 8 19 80
14 87 49 68 6 0 3 0.00 M M 6.0 22 80 M M 1 38 29 80
15 82 52 67 5 0 2 0.00 M M 8.6 22 20 M M 0 31 20
16 86 46 66 3 0 1 0.00 M M 10.4 22 150 M M 0 32 140
17 95 62 79 16 0 14 0.64 M M 10.5 39 360 M M 1 38 52 350
18 87 61 74 10 0 9 T M M 8.4 16 350 M M 0 24 190
19 96 55 76 12 0 11 0.00 M M 13.1 39 10 M M 0 8 57 360
20 71 50 61 -4 4 0 0.00 M M 15.8 35 10 M M 6 46 10
21 61 42 52 -13 13 0 T M M 9.5 22 360 M M 7 1 30 360
22 69 42 56 -9 9 0 0.00 M M 5.5 17 180 M M 4 26 190
23 56 47 52 -14 13 0 0.31 M M 10.4 20 120 M M 10 1 27 120
24 51 47 49 -17 16 0 0.57 M M 14.1 28 10 M M 9 1 35 20
25 60 47 54 -13 11 0 0.04 M M 16.3 28 360 M M 8 18 37 360
26 81 45 63 -4 2 0 0.00 M M 9.9 21 330 M M 0 29 340
27 95 53 74 6 0 9 0.00 M M 9.7 23 170 M M 0 33 180
28 93 59 76 8 0 11 0.00 M M 11.0 22 170 M M 0 33 170
29 89 64 77 9 0 12 0.00 M M 10.9 35 150 M M 0 61 160
30 88 59 74 5 0 9 T M M 13.1 33 290 M M 0 49 170
31 80 52 66 -3 0 1 0.00 M M 9.3 17 20 M M 2 8 24 320
================================================================================
SM 2410 1552 156 130 2.73 M 344.2 M 90
================================================================================
AV 77.7 50.1 11.1 FASTST M M 3 MAX(MPH)
MISC ----> # 39 360 63 180
================================================================================
NOTES:
# LAST OF SEVERAL OCCURRENCES
COLUMN 17 PEAK WIND IN M.P.H.
PRELIMINARY LOCAL CLIMATOLOGICAL DATA (WS FORM: F-6) , PAGE 2
STATION: HILL CITY KS
MONTH: MAY
YEAR: 2022
LATITUDE: 39 22 N
LONGITUDE: 99 50 W
[TEMPERATURE DATA] [PRECIPITATION DATA] SYMBOLS USED IN COLUMN 16
AVERAGE MONTHLY: 63.9 TOTAL FOR MONTH: 2.73 1 = FOG OR MIST
DPTR FM NORMAL: 1.0 DPTR FM NORMAL: -0.61 2 = FOG REDUCING VISIBILITY
HIGHEST: 97 ON 11 GRTST 24HR 1.12 ON 1- 2 TO 1/4 MILE OR LESS
LOWEST: 36 ON 6, 1 3 = THUNDER
SNOW, ICE PELLETS, HAIL 4 = ICE PELLETS
TOTAL MONTH: M 5 = HAIL
GRTST 24HR M ON M 6 = FREEZING RAIN OR DRIZZLE
GRTST DEPTH: M ON M 7 = DUSTSTORM OR SANDSTORM:
VSBY 1/2 MILE OR LESS
8 = SMOKE OR HAZE
[NO. OF DAYS WITH] [WEATHER - DAYS WITH] 9 = BLOWING SNOW
X = TORNADO
MAX 32 OR BELOW: 0 0.01 INCH OR MORE: 8
MAX 90 OR ABOVE: 6 0.10 INCH OR MORE: 4
MIN 32 OR BELOW: 0 0.50 INCH OR MORE: 3
MIN 0 OR BELOW: 0 1.00 INCH OR MORE: 1
[HDD (BASE 65) ]
TOTAL THIS MO. 156 CLEAR (SCALE 0-3) 21
DPTR FM NORMAL 10 PTCLDY (SCALE 4-7) 5
TOTAL FM JUL 1 4856 CLOUDY (SCALE 8-10) 5
DPTR FM NORMAL -517
[CDD (BASE 65) ]
TOTAL THIS MO. 130
DPTR FM NORMAL 49 [PRESSURE DATA]
TOTAL FM JAN 1 160 HIGHEST SLP M ON M
DPTR FM NORMAL 69 LOWEST SLP 29.16 ON 9
[REMARKS]
#FINAL-05-22#