000
CXUS56 KTFX 220800
CF6HLN
PRELIMINARY LOCAL CLIMATOLOGICAL DATA (WS FORM: F-6)
STATION: HELENA MT
MONTH: OCTOBER
YEAR: 2022
LATITUDE: 46 35 N
LONGITUDE: 112 0 W
TEMPERATURE IN F: :PCPN: SNOW: WIND :SUNSHINE: SKY :PK WND
================================================================================
1 2 3 4 5 6A 6B 7 8 9 10 11 12 13 14 15 16 17 18
12Z AVG MX 2MIN
DY MAX MIN AVG DEP HDD CDD WTR SNW DPTH SPD SPD DIR MIN PSBL S-S WX SPD DR
================================================================================
1 54 52 53 0 12 0 0.67 0.0 0 6.9 12 300 M M 10 1 20 330
2 65 49 57 5 8 0 0.00 0.0 0 2.1 8 110 M M 10 11 40
3 69 50 60 8 5 0 0.08 0.0 0 3.1 9 80 M M 6 1 12 100
4 73 43 58 7 7 0 0.00 0.0 0 2.2 9 250 M M 2 12 11 250
5 73 43 58 7 7 0 0.00 0.0 0 1.8 8 230 M M 1 12 10 230
6 65 47 56 6 9 0 0.00 0.0 0 7.5 12 10 M M 1 17 300
7 64 41 53 3 12 0 0.00 0.0 0 1.7 9 110 M M 1 13 90
8 65 40 53 4 12 0 0.00 0.0 0 2.0 8 250 M M 3 128 10 250
9 70 38 54 5 11 0 0.00 0.0 0 2.1 8 310 M M 2 12 11 330
10 73 40 57 9 8 0 0.00 0.0 0 7.8 25 250 M M 0 34 260
11 66 43 55 7 10 0 0.39 0.0 0 12.8 31 10 M M 4 1 41 10
12 65 41 53 6 12 0 0.00 0.0 0 5.0 23 270 M M 0 33 280
13 69 37 53 6 12 0 0.00 0.0 0 2.0 8 250 M M 0 11 60
14 71 37 54 8 11 0 0.00 0.0 0 5.6 23 10 M M 1 31 360
15 64 42 53 7 12 0 0.00 0.0 0 5.6 17 360 M M 3 24 360
16 64 34 49 4 16 0 0.00 0.0 0 1.3 9 240 M M 0 11 240
17 67 35 51 6 14 0 0.00 0.0 0 0.8 8 230 M M 0 10 230
18 69 34 52 8 13 0 0.00 0.0 0 0.7 8 180 M M 0 9 220
19 68 32 50 6 15 0 0.00 0.0 0 2.0 8 220 M M 0 10 210
20 74 33 54 10 11 0 T 0.0 0 5.0 22 300 M M 2 32 280
21 63 44 54 11 11 0 0.01 0.0 0 6.0 21 290 M M 8 29 330
22 44 34 39 -4 26 0 0.60 T 0 6.8 15 330 M M 10 1 20 330
23 36 34 35 -7 30 0 0.05 T 0 9.8 20 340 M M 10 18 26 320
24 49 31 40 -2 25 0 0.00 0.0 T 6.9 28 260 M M 6 43 260
25 51 29 40 -1 25 0 0.00 0.0 0 11.4 32 260 M M 5 50 280
26 50 28 39 -2 26 0 0.00 0.0 0 5.9 21 280 M M 3 32 240
27 52 32 42 2 23 0 0.00 0.0 0 8.7 22 240 M M 2 32 240
28 48 27 38 -2 27 0 0.00 0.0 0 3.2 12 290 M M 0 14 290
29 59 28 44 4 21 0 0.00 0.0 0 5.4 14 270 M M 2 19 270
30 56 29 43 4 22 0 0.00 0.0 0 6.4 28 260 M M 3 37 250
31 66 44 55 16 10 0 0.00 0.0 0 8.6 22 250 M M 6 33 250
================================================================================
SM 1922 1171 463 0 1.80 T 157.1 M 101
================================================================================
AV 62.0 37.8 5.1 FASTST M M 3 MAX(MPH)
MISC ----> 32 260 50 280
================================================================================
NOTES:
# LAST OF SEVERAL OCCURRENCES
COLUMN 17 PEAK WIND IN M.P.H.
PRELIMINARY LOCAL CLIMATOLOGICAL DATA (WS FORM: F-6) , PAGE 2
STATION: HELENA MT
MONTH: OCTOBER
YEAR: 2022
LATITUDE: 46 35 N
LONGITUDE: 112 0 W
[TEMPERATURE DATA] [PRECIPITATION DATA] SYMBOLS USED IN COLUMN 16
AVERAGE MONTHLY: 49.9 TOTAL FOR MONTH: 1.80 1 = FOG OR MIST
DPTR FM NORMAL: 4.4 DPTR FM NORMAL: 1.02 2 = FOG REDUCING VISIBILITY
HIGHEST: 74 ON 20 GRTST 24HR 1.06 ON 30- 1 TO 1/4 MILE OR LESS
LOWEST: 27 ON 28 3 = THUNDER
SNOW, ICE PELLETS, HAIL 4 = ICE PELLETS
TOTAL MONTH: T 5 = HAIL
GRTST 24HR T ON 22-22 6 = FREEZING RAIN OR DRIZZLE
GRTST DEPTH: T 7 = DUSTSTORM OR SANDSTORM:
VSBY 1/2 MILE OR LESS
8 = SMOKE OR HAZE
[NO. OF DAYS WITH] [WEATHER - DAYS WITH] 9 = BLOWING SNOW
X = TORNADO
MAX 32 OR BELOW: 0 0.01 INCH OR MORE: 6
MAX 90 OR ABOVE: 0 0.10 INCH OR MORE: 3
MIN 32 OR BELOW: 8 0.50 INCH OR MORE: 2
MIN 0 OR BELOW: 0 1.00 INCH OR MORE: 0
[HDD (BASE 65) ]
TOTAL THIS MO. 463 CLEAR (SCALE 0-3) 19
DPTR FM NORMAL -140 PTCLDY (SCALE 4-7) 8
TOTAL FM JUL 1 566 CLOUDY (SCALE 8-10) 4
DPTR FM NORMAL -312
[CDD (BASE 65) ]
TOTAL THIS MO. 0
DPTR FM NORMAL 0 [PRESSURE DATA]
TOTAL FM JAN 1 751 HIGHEST SLP 30.52 ON 7
DPTR FM NORMAL 318 LOWEST SLP 29.43 ON 22
[REMARKS]
#FINAL-10-22#