156
CXHW50 PHFO 011250
CF6HNL
PRELIMINARY LOCAL CLIMATOLOGICAL DATA (WS FORM: F-6)
STATION: HONOLULU HI
MONTH: JULY
YEAR: 2020
LATITUDE: 21 21 N
LONGITUDE: 157 56 W
TEMPERATURE IN F: :PCPN: SNOW: WIND :SUNSHINE: SKY :PK WND
================================================================================
1 2 3 4 5 6A 6B 7 8 9 10 11 12 13 14 15 16 17 18
12Z AVG MX 2MIN
DY MAX MIN AVG DEP HDD CDD WTR SNW DPTH SPD SPD DIR MIN PSBL S-S WX SPD DR
================================================================================
1 90 76 83 2 0 18 T 0.0 M 12.0 23 70 M M M 28 70
2 89 75 82 1 0 17 T 0.0 M 8.7 21 60 M M M 24 60
3 88 73 81 0 0 16 T 0.0 M 9.4 21 60 M M M 26 70
4 86 72 79 -2 0 14 0.36 0.0 M 6.7 15 90 M M M 1 22 60
5 87 72 80 -1 0 15 T 0.0 M 8.1 21 140 M M M 24 130
6 89 74 82 1 0 17 0.01 0.0 M 10.8 18 40 M M M 25 70
7 87 73 80 -1 0 15 0.01 0.0 M 11.2 24 70 M M M 29 70
8 87 76 82 1 0 17 T 0.0 M 12.7 24 70 M M M 30 60
9 90 75 83 2 0 18 0.01 0.0 M 12.1 23 70 M M M 28 80
10 89 78 84 3 0 19 T 0.0 M 14.5 23 60 M M M 31 50
11 89 77 83 2 0 18 T 0.0 M 14.1 25 70 M M M 31 50
12 87 77 82 1 0 17 T 0.0 M 12.6 23 80 M M M 30 70
13 89 74 82 1 0 17 0.01 0.0 M 11.1 22 70 M M M 29 60
14 88 73 81 0 0 16 0.18 0.0 M 9.7 22 60 M M M 1 26 70
15 87 75 81 0 0 16 T 0.0 M 13.8 23 70 M M M 31 80
16 90 75 83 2 0 18 0.00 0.0 M 8.7 16 90 M M M 20 80
17 90 77 84 3 0 19 0.00 0.0 M 8.9 16 70 M M M 24 60
18 91 76 84 3 0 19 T 0.0 M 11.9 25 70 M M M 32 60
19 90 78 84 3 0 19 T 0.0 M 16.2 25 70 M M M 34 70
20 M M M M M M M M M M M M M M M M M
21 90 74 82 1 0 17 T 0.0 M 7.0 18 30 M M M 23 20
22 84 74 79 -2 0 14 0.11 0.0 M 6.8 16 80 M M M 19 80
23 89 73 81 0 0 16 0.00 0.0 M 9.9 22 70 M M M 30 60
24 90 76 83 2 0 18 T 0.0 M 12.6 25 80 M M M 33 80
25 90 79 85 3 0 20 0.00 0.0 M 14.6 24 60 M M M 33 80
26 87 76 82 0 0 17 0.03 0.0 M 10.8 22 20 M M M 18 28 340
27 88 76 82 0 0 17 0.03 0.0 M 16.7 30 80 M M M 1 39 70
28 88 76 82 0 0 17 0.01 0.0 M 13.8 25 70 M M M 33 60
29 89 76 83 1 0 18 T 0.0 M 13.0 23 60 M M M 31 60
30 89 73 81 -1 0 16 0.01 0.0 M 13.4 24 60 M M M 32 80
31 88 74 81 -1 0 16 T 0.0 M 14.7 25 70 M M M 30 50
================================================================================
SM 2655 2253 0 511 0.77 0.0 346.5 M M
================================================================================
AV 88.5 75.1 11.5 FASTST M M 0 MAX(MPH)
MISC ----> # 30 80 # 39 70
================================================================================
NOTES:
# LAST OF SEVERAL OCCURRENCES
COLUMN 17 PEAK WIND IN M.P.H.
PRELIMINARY LOCAL CLIMATOLOGICAL DATA (WS FORM: F-6) , PAGE 2
STATION: HONOLULU HI
MONTH: JULY
YEAR: 2020
LATITUDE: 21 21 N
LONGITUDE: 157 56 W
[TEMPERATURE DATA] [PRECIPITATION DATA] SYMBOLS USED IN COLUMN 16
AVERAGE MONTHLY: 81.8 TOTAL FOR MONTH: 0.77 1 = FOG OR MIST
DPTR FM NORMAL: 0.6 DPTR FM NORMAL: 0.26 2 = FOG REDUCING VISIBILITY
HIGHEST: 91 ON 18 GRTST 24HR 0.36 ON 4- 4 TO 1/4 MILE OR LESS
LOWEST: 72 ON 5, 4 3 = THUNDER
SNOW, ICE PELLETS, HAIL 4 = ICE PELLETS
TOTAL MONTH: 0.0 INCH 5 = HAIL
GRTST 24HR 0.0 6 = FREEZING RAIN OR DRIZZLE
GRTST DEPTH: M ON M 7 = DUSTSTORM OR SANDSTORM:
VSBY 1/2 MILE OR LESS
8 = SMOKE OR HAZE
[NO. OF DAYS WITH] [WEATHER - DAYS WITH] 9 = BLOWING SNOW
X = TORNADO
MAX 32 OR BELOW: 0 0.01 INCH OR MORE: 11
MAX 90 OR ABOVE: 9 0.10 INCH OR MORE: 3
MIN 32 OR BELOW: 0 0.50 INCH OR MORE: 0
MIN 0 OR BELOW: 0 1.00 INCH OR MORE: 0
[HDD (BASE 65) ]
TOTAL THIS MO. 0 CLEAR (SCALE 0-3) 0
DPTR FM NORMAL 0 PTCLDY (SCALE 4-7) 0
TOTAL FM JUL 1 0 CLOUDY (SCALE 8-10) 0
DPTR FM NORMAL 0
[CDD (BASE 65) ]
TOTAL THIS MO. 511
DPTR FM NORMAL 9 [PRESSURE DATA]
TOTAL FM JAN 1 2755 HIGHEST SLP 30.09 ON 7
DPTR FM NORMAL 295 LOWEST SLP 29.83 ON 26
[REMARKS]
#FINAL-07-20#