000
CXUS53 KFSD 011722
CF6HON
PRELIMINARY LOCAL CLIMATOLOGICAL DATA (WS FORM: F-6)
STATION: HURON
MONTH: AUGUST
YEAR: 2021
LATITUDE: 44 22 N
LONGITUDE: 98 13 W
TEMPERATURE IN F: :PCPN: SNOW: WIND :SUNSHINE: SKY :PK WND
================================================================================
1 2 3 4 5 6A 6B 7 8 9 10 11 12 13 14 15 16 17 18
12Z AVG MX 2MIN
DY MAX MIN AVG DEP HDD CDD WTR SNW DPTH SPD SPD DIR MIN PSBL S-S WX SPD DR
================================================================================
1 82 53 68 -6 0 3 0.00 0.0 0 5.6 14 20 M M 0 18 19 340
2 85 53 69 -5 0 4 0.00 0.0 0 4.8 12 60 M M 0 18 16 100
3 84 57 71 -2 0 6 0.00 0.0 0 7.9 14 130 M M 0 18 21 120
4 82 62 72 -1 0 7 T 0.0 0 9.2 17 160 M M 1 25 170
5 93 62 78 5 0 13 0.00 0.0 0 5.9 14 20 M M 0 1 19 10
6 90 66 78 5 0 13 T 0.0 0 9.2 17 80 M M 2 138 23 90
7 89 64 77 4 0 12 0.13 0.0 0 4.3 21 240 M M 1 3 29 240
8 87 62 75 2 0 10 0.00 0.0 0 6.3 13 360 M M 1 12 17 10
9 96 63 80 7 0 15 0.00 0.0 0 11.3 21 150 M M 0 30 190
10 91 59 75 3 0 10 T 0.0 0 8.8 20 340 M M 0 30 170
11 90 66 78 6 0 13 0.00 0.0 0 10.5 21 350 M M 0 27 340
12 81 58 70 -2 0 5 0.00 0.0 0 10.0 26 360 M M 0 37 350
13 85 46 66 -6 0 1 0.00 0.0 0 7.0 18 350 M M 0 26 350
14 93 57 75 3 0 10 0.00 0.0 0 13.0 22 170 M M 0 32 190
15 93 63 78 6 0 13 0.00 0.0 0 14.7 23 160 M M 0 31 180
16 93 67 80 8 0 15 0.00 0.0 0 14.3 23 160 M M 0 35 190
17 97 70 84 13 0 19 0.00 0.0 0 15.6 24 160 M M 0 33 160
18 95 72 84 13 0 19 0.00 0.0 0 15.9 28 170 M M 0 37 160
19 94 69 82 11 0 17 0.00 0.0 0 11.8 22 160 M M 1 30 170
20 83 63 73 2 0 8 0.01 0.0 0 10.9 23 280 M M 4 3 32 280
21 78 54 66 -5 0 1 0.00 0.0 0 11.0 22 320 M M 0 29 320
22 83 56 70 0 0 5 0.05 0.0 0 13.6 30 160 M M 1 3 47 160
23 94 54 74 4 0 9 0.00 0.0 0 10.1 21 130 M M 1 12 30 120
24 95 68 82 12 0 17 0.00 0.0 0 12.5 25 80 M M 1 36 110
25 77 57 67 -3 0 2 T 0.0 0 8.6 20 300 M M 2 3 27 360
26 85 60 73 3 0 8 0.03 0.0 0 12.6 40 320 M M 6 3 72 310
27 88 64 76 7 0 11 1.88 0.0 0 8.0 26 310 M M 4 13 35 290
28 83 64 74 5 0 9 0.01 0.0 0 11.3 29 360 M M 3 1 40 360
29 83 55 69 0 0 4 0.00 0.0 0 6.8 13 300 M M 0 18 320
30 85 56 71 3 0 6 0.00 0.0 0 8.4 20 160 M M 3 3 26 170
31 84 58 71 3 0 6 0.00 0.0 0 9.8 20 120 M M 0 31 130
================================================================================
SM 2718 1878 0 291 2.11 0.0 309.7 M 31
================================================================================
AV 87.7 60.6 10.0 FASTST M M 1 MAX(MPH)
MISC ----> 40 320 72 310
================================================================================
NOTES:
# LAST OF SEVERAL OCCURRENCES
- COLUMN 17 PEAK WIND IN M.P.H.
- PRECIPITATION AMOUNTS IN COLUMNS 7,8 AND 9 ARE THE OFFICIAL PRECIPITATION
AMOUNTS FOR HURON, SD
- SNOW DEPTH IN COLUMN 9 IS RECORDED AT 6 AM CST (12Z)
PRELIMINARY LOCAL CLIMATOLOGICAL DATA (WS FORM: F-6) , PAGE 2
STATION: HURON
MONTH: AUGUST
YEAR: 2021
LATITUDE: 44 22 N
LONGITUDE: 98 13 W
[TEMPERATURE DATA] [PRECIPITATION DATA] SYMBOLS USED IN COLUMN 16
AVERAGE MONTHLY: 74.1 TOTAL FOR MONTH: 2.11 1 = FOG OR MIST
DPTR FM NORMAL: 2.8 DPTR FM NORMAL: -0.48 2 = FOG REDUCING VISIBILITY
HIGHEST: 97 ON 17 GRTST 24HR 1.91 ON 26-27 TO 1/4 MILE OR LESS
LOWEST: 46 ON 13 3 = THUNDER
SNOW, ICE PELLETS, HAIL 4 = ICE PELLETS
TOTAL MONTH: 0.0 INCH 5 = HAIL
GRTST 24HR 0.0 6 = FREEZING RAIN OR DRIZZLE
GRTST DEPTH: 0 7 = DUSTSTORM OR SANDSTORM:
VSBY 1/2 MILE OR LESS
8 = SMOKE OR HAZE
[NO. OF DAYS WITH] [WEATHER - DAYS WITH] 9 = BLOWING SNOW
X = TORNADO
MAX 32 OR BELOW: 0 0.01 INCH OR MORE: 6
MAX 90 OR ABOVE: 13 0.10 INCH OR MORE: 2
MIN 32 OR BELOW: 0 0.50 INCH OR MORE: 1
MIN 0 OR BELOW: 0 1.00 INCH OR MORE: 1
[HDD (BASE 65) ]
TOTAL THIS MO. 0 CLEAR (SCALE 0-3) 28
DPTR FM NORMAL -18 PTCLDY (SCALE 4-7) 3
TOTAL FM JUL 1 1 CLOUDY (SCALE 8-10) 0
DPTR FM NORMAL -22
[CDD (BASE 65) ]
TOTAL THIS MO. 291
DPTR FM NORMAL 77 [PRESSURE DATA]
TOTAL FM JAN 1 933 HIGHEST SLP 30.27 ON 1
DPTR FM NORMAL 263 LOWEST SLP 29.62 ON 8
[REMARKS]
RECORD DAILY MAXIMUM PRECIPITATION WAS ESTABLISHED ON THE 27TH WITH 1.88 INCHES.
THE PREVIOUS RECORD WAS 1.52 INCHES SET IN 1936.
#FINAL-08-21#