000
CXUS54 KHGX 011410
CF6HOU
PRELIMINARY LOCAL CLIMATOLOGICAL DATA (WS FORM: F-6)
STATION: HOUSTON/HOBBY AIRPORT
MONTH: AUGUST
YEAR: 2021
LATITUDE: 29 38 N
LONGITUDE: 95 17 W
TEMPERATURE IN F: :PCPN: SNOW: WIND :SUNSHINE: SKY :PK WND
================================================================================
1 2 3 4 5 6A 6B 7 8 9 10 11 12 13 14 15 16 17 18
12Z AVG MX 2MIN
DY MAX MIN AVG DEP HDD CDD WTR SNW DPTH SPD SPD DIR MIN PSBL S-S WX SPD DR
================================================================================
1 95 81 88 2 0 23 0.00 0.0 0 7.4 18 200 M M 5 23 200
2 95 81 88 2 0 23 0.00 0.0 0 7.3 18 280 M M 7 3 24 280
3 92 78 85 -1 0 20 0.53 0.0 0 6.7 17 70 M M 8 13 20 80
4 89 78 84 -2 0 19 0.01 0.0 0 6.6 13 120 M M 9 18 120
5 88 79 84 -2 0 19 0.01 0.0 0 7.8 15 130 M M 9 18 130
6 93 77 85 -1 0 20 0.03 0.0 0 5.0 23 160 M M 7 3 27 150
7 95 79 87 1 0 22 0.00 0.0 0 7.4 18 170 M M 4 24 160
8 95 81 88 2 0 23 0.00 0.0 0 10.2 22 180 M M 5 3 29 140
9 96 82 89 3 0 24 0.00 0.0 0 10.4 20 170 M M 5 30 170
10 97 81 89 3 0 24 0.00 0.0 0 8.7 20 160 M M 5 25 160
11 96 81 89 3 0 24 T 0.0 0 6.7 18 210 M M 4 3 22 220
12 96 79 88 2 0 23 0.22 0.0 0 4.9 24 60 M M 5 38 29 60
13 94 80 87 1 0 22 0.05 0.0 0 3.5 15 120 M M 6 3 19 120
14 96 80 88 3 0 23 T 0.0 0 4.7 14 190 M M 6 16 100
15 96 73 85 0 0 20 1.88 0.0 0 4.9 21 90 M M 6 138 28 330
16 91 76 84 -1 0 19 0.03 0.0 0 3.3 20 330 M M 7 3 24 330
17 95 77 86 1 0 21 T 0.0 0 6.0 18 140 M M 6 8 22 140
18 93 81 87 2 0 22 0.15 0.0 0 6.9 20 130 M M 7 38 24 130
19 96 82 89 4 0 24 0.03 0.0 0 8.6 18 200 M M 6 25 170
20 95 81 88 3 0 23 0.00 0.0 0 8.8 17 180 M M 3 28 140
21 96 80 88 3 0 23 0.00 0.0 0 6.3 15 160 M M 2 19 160
22 98 78 88 3 0 23 0.00 0.0 0 4.6 15 160 M M 3 19 160
23 98 77 88 3 0 23 0.00 0.0 0 4.8 15 140 M M 2 19 140
24 98 80 89 4 0 24 0.00 0.0 0 4.7 14 160 M M 3 18 150
25 97 81 89 4 0 24 T 0.0 0 3.2 16 50 M M 6 3 19 50
26 95 78 87 3 0 22 0.29 0.0 0 6.9 25 110 M M 7 3 31 110
27 92 77 85 1 0 20 0.63 0.0 0 6.6 17 120 M M 7 138 23 120
28 91 80 86 2 0 21 0.00 0.0 0 6.4 14 100 M M 7 3 17 90
29 96 78 87 3 0 22 0.00 0.0 0 6.9 14 330 M M 7 3 17 40
30 98 79 89 5 0 24 0.00 0.0 0 6.7 16 350 M M 4 20 290
31 98 81 90 6 0 25 T 0.0 0 7.2 21 60 M M 4 38 24 70
================================================================================
SM 2940 2456 0 689 3.86 0.0 200.1 M 172
================================================================================
AV 94.8 79.2 6.5 FASTST M M 6 MAX(MPH)
MISC ----> 25 110 31 110
================================================================================
NOTES:
# LAST OF SEVERAL OCCURRENCES
COLUMN 17 PEAK WIND IN M.P.H.
PRELIMINARY LOCAL CLIMATOLOGICAL DATA (WS FORM: F-6) , PAGE 2
STATION: HOUSTON/HOBBY AIRPORT
MONTH: AUGUST
YEAR: 2021
LATITUDE: 29 38 N
LONGITUDE: 95 17 W
[TEMPERATURE DATA] [PRECIPITATION DATA] SYMBOLS USED IN COLUMN 16
AVERAGE MONTHLY: 87.0 TOTAL FOR MONTH: 3.86 1 = FOG OR MIST
DPTR FM NORMAL: 1.9 DPTR FM NORMAL: -1.58 2 = FOG REDUCING VISIBILITY
HIGHEST: 98 ON 31,30 GRTST 24HR 1.88 ON 15-15 TO 1/4 MILE OR LESS
LOWEST: 73 ON 15 3 = THUNDER
SNOW, ICE PELLETS, HAIL 4 = ICE PELLETS
TOTAL MONTH: 0.0 INCH 5 = HAIL
GRTST 24HR 0.0 6 = FREEZING RAIN OR DRIZZLE
GRTST DEPTH: 0 7 = DUSTSTORM OR SANDSTORM:
VSBY 1/2 MILE OR LESS
8 = SMOKE OR HAZE
[NO. OF DAYS WITH] [WEATHER - DAYS WITH] 9 = BLOWING SNOW
X = TORNADO
MAX 32 OR BELOW: 0 0.01 INCH OR MORE: 12
MAX 90 OR ABOVE: 29 0.10 INCH OR MORE: 6
MIN 32 OR BELOW: 0 0.50 INCH OR MORE: 3
MIN 0 OR BELOW: 0 1.00 INCH OR MORE: 1
[HDD (BASE 65) ]
TOTAL THIS MO. 0 CLEAR (SCALE 0-3) 5
DPTR FM NORMAL 0 PTCLDY (SCALE 4-7) 23
TOTAL FM JUL 1 0 CLOUDY (SCALE 8-10) 3
DPTR FM NORMAL 0
[CDD (BASE 65) ]
TOTAL THIS MO. 689
DPTR FM NORMAL 66 [PRESSURE DATA]
TOTAL FM JAN 1 2732 HIGHEST SLP 30.14 ON 13
DPTR FM NORMAL 237 LOWEST SLP 29.72 ON 30
[REMARKS]
#FINAL-08-21#