000
CXUS54 KBRO 011207
CF6HRL
PRELIMINARY LOCAL CLIMATOLOGICAL DATA (WS FORM: F-6)
STATION: HARLINGEN
MONTH: JANUARY
YEAR: 2022
LATITUDE: 26 13 N
LONGITUDE: 97 40 W
TEMPERATURE IN F: :PCPN: SNOW: WIND :SUNSHINE: SKY :PK WND
================================================================================
1 2 3 4 5 6A 6B 7 8 9 10 11 12 13 14 15 16 17 18
12Z AVG MX 2MIN
DY MAX MIN AVG DEP HDD CDD WTR SNW DPTH SPD SPD DIR MIN PSBL S-S WX SPD DR
================================================================================
1 92 67 80 20 0 15 0.00 0.0 0 15.3 32 170 M M 2 128 44 170
2 73 37 55 -5 10 0 T 0.0 0 18.9 43 350 M M 3 1 54 350
3 61 33 47 -13 18 0 0.00 0.0 0 7.0 13 340 M M 0 18 340
4 75 43 59 -1 6 0 0.00 0.0 0 6.9 18 150 M M 2 25 180
5 83 51 67 7 0 2 0.00 0.0 0 8.5 20 180 M M 0 12 30 190
6 85 56 71 11 0 6 0.00 0.0 0 6.0 23 50 M M 5 28 30 50
7 67 50 59 -1 6 0 0.00 0.0 0 12.0 22 30 M M 10 28 30
8 80 51 66 6 0 1 0.00 0.0 0 6.8 24 170 M M 9 128 29 170
9 84 59 72 12 0 7 0.31 0.0 0 9.0 29 10 M M 9 13 40 360
10 60 51 56 -4 9 0 0.01 0.0 0 15.2 26 360 M M 10 35 360
11 71 46 59 -1 6 0 0.00 0.0 0 10.6 17 50 M M 6 24 40
12 64 56 60 0 5 0 0.00 0.0 0 9.4 15 330 M M 10 18 19 330
13 76 50 63 3 2 0 0.00 0.0 0 5.8 13 110 M M 2 2 15 100
14 80 48 64 4 1 0 0.00 0.0 0 8.0 20 150 M M 4 12 27 150
15 68 42 55 -5 10 0 T 0.0 0 19.3 40 340 M M 1 1 53 340
16 67 34 51 -9 14 0 0.00 0.0 0 7.2 16 340 M M 0 21 340
17 75 35 55 -5 10 0 0.00 0.0 0 7.0 17 130 M M 0 29 140
18 80 45 63 2 2 0 0.00 0.0 0 12.3 25 180 M M 2 33 160
19 84 62 73 12 0 8 0.00 0.0 0 12.2 29 180 M M 4 1 40 190
20 66 36 51 -10 14 0 0.06 0.0 0 16.0 32 20 M M 10 12 41 20
21 44 32 38 -23 27 0 1.15 0.0 0 12.9 24 350 M M 10 1 32 340
22 58 44 51 -10 14 0 0.01 0.0 0 8.6 16 70 M M 10 18 22 60
23 58 50 54 -7 11 0 0.18 0.0 0 8.3 15 60 M M 10 1 21 70
24 53 48 51 -10 14 0 0.09 0.0 0 8.3 17 300 M M 9 1 22 290
25 66 47 57 -4 8 0 0.01 0.0 0 8.2 16 40 M M 6 18 21 50
26 71 45 58 -4 7 0 0.00 0.0 0 10.1 18 50 M M 6 18 25 40
27 70 59 65 3 0 0 0.20 0.0 0 7.1 15 20 M M 10 18 18 20
28 63 45 54 -8 11 0 0.47 0.0 0 14.1 29 10 M M 9 1 40 30
29 65 41 53 -9 12 0 0.00 0.0 0 5.3 13 100 M M 3 17 100
30 72 45 59 -3 6 0 0.00 0.0 0 8.3 17 130 M M 5 26 170
31 81 63 72 10 0 7 0.18 0.0 0 11.3 25 210 M M 6 1 33 210
================================================================================
SM 2192 1471 223 46 2.67 0.0 315.9 M 173
================================================================================
AV 70.7 47.5 10.2 FASTST M M 6 MAX(MPH)
MISC ----> 43 350 54 350
================================================================================
NOTES:
# LAST OF SEVERAL OCCURRENCES
COLUMN 17 PEAK WIND IN M.P.H.
PRELIMINARY LOCAL CLIMATOLOGICAL DATA (WS FORM: F-6) , PAGE 2
STATION: HARLINGEN
MONTH: JANUARY
YEAR: 2022
LATITUDE: 26 13 N
LONGITUDE: 97 40 W
[TEMPERATURE DATA] [PRECIPITATION DATA] SYMBOLS USED IN COLUMN 16
AVERAGE MONTHLY: 59.1 TOTAL FOR MONTH: 2.67 1 = FOG OR MIST
DPTR FM NORMAL: -1.7 DPTR FM NORMAL: 1.62 2 = FOG REDUCING VISIBILITY
HIGHEST: 92 ON 1 GRTST 24HR 1.33 ON 20-21 TO 1/4 MILE OR LESS
LOWEST: 32 ON 21 3 = THUNDER
SNOW, ICE PELLETS, HAIL 4 = ICE PELLETS
TOTAL MONTH: 0.0 INCH 5 = HAIL
GRTST 24HR 0.0 6 = FREEZING RAIN OR DRIZZLE
GRTST DEPTH: 0 7 = DUSTSTORM OR SANDSTORM:
VSBY 1/2 MILE OR LESS
8 = SMOKE OR HAZE
[NO. OF DAYS WITH] [WEATHER - DAYS WITH] 9 = BLOWING SNOW
X = TORNADO
MAX 32 OR BELOW: 0 0.01 INCH OR MORE: 11
MAX 90 OR ABOVE: 1 0.10 INCH OR MORE: 6
MIN 32 OR BELOW: 1 0.50 INCH OR MORE: 1
MIN 0 OR BELOW: 0 1.00 INCH OR MORE: 1
[HDD (BASE 65) ]
TOTAL THIS MO. 223 CLEAR (SCALE 0-3) 11
DPTR FM NORMAL 33 PTCLDY (SCALE 4-7) 8
TOTAL FM JUL 1 288 CLOUDY (SCALE 8-10) 12
DPTR FM NORMAL -132
[CDD (BASE 65) ]
TOTAL THIS MO. 46
DPTR FM NORMAL -12 [PRESSURE DATA]
TOTAL FM JAN 1 46 HIGHEST SLP 30.57 ON 3
DPTR FM NORMAL -12 LOWEST SLP 29.62 ON 1
[REMARKS]
#FINAL-01-22#