000
CXUS54 KLZK 020348
CF6HRO
PRELIMINARY LOCAL CLIMATOLOGICAL DATA (WS FORM: F-6)
STATION: HARRISON
MONTH: NOVEMBER
YEAR: 2022
LATITUDE: 36 15 N
LONGITUDE: 93 9 W
TEMPERATURE IN F: :PCPN: SNOW: WIND :SUNSHINE: SKY :PK WND
================================================================================
1 2 3 4 5 6A 6B 7 8 9 10 11 12 13 14 15 16 17 18
12Z AVG MX 2MIN
DY MAX MIN AVG DEP HDD CDD WTR SNW DPTH SPD SPD DIR MIN PSBL S-S WX SPD DR
================================================================================
1 76 44 60 6 5 0 0.00 0.0 0 3.4 13 160 M M 0 16 140
2 75 46 61 8 4 0 0.00 0.0 0 5.5 16 150 M M 0 21 140
3 76 50 63 10 2 0 0.00 0.0 0 10.8 21 160 M M 3 26 170
4 77 60 69 16 0 4 2.07 0.0 0 11.4 26 260 M M 7 13 39 250
5 60 44 52 0 13 0 T 0.0 0 9.1 16 250 M M 5 25 250
6 75 45 60 8 5 0 0.00 0.0 0 8.2 17 150 M M 0 22 150
7 69 49 59 7 6 0 0.00 0.0 0 7.0 16 110 M M 6 21 110
8 74 57 66 15 0 1 0.00 0.0 0 8.2 15 140 M M 6 20 140
9 81 56 69 18 0 4 0.00 0.0 0 9.7 17 180 M M 1 23 190
10 77 56 67 17 0 2 0.00 0.0 0 9.3 18 150 M M 1 24 150
11 57 32 45 -5 20 0 0.15 T 0 10.1 17 320 M M 7 1 26 350
12 39 23 31 -19 34 0 0.06 0.6 1 6.8 17 300 M M 1 12 24 290
13 42 18 30 -19 35 0 0.00 0.0 0 4.5 13 140 M M 0 16 130
14 44 25 35 -14 30 0 0.14 1.5 0 7.1 16 120 M M 6 1 19 150
15 36 31 34 -15 31 0 0.04 T 0 6.4 14 300 M M 8 12 20 280
16 42 25 34 -14 31 0 0.00 0.0 0 8.0 18 280 M M 1 30 270
17 49 23 36 -12 29 0 0.00 0.0 0 5.1 15 270 M M 0 23 300
18 36 25 31 -17 34 0 0.03 0.5 1 7.7 15 290 M M 9 1 22 330
19 43 22 33 -14 32 0 0.00 0.0 0 6.8 17 280 M M 2 25 270
20 44 17 31 -16 34 0 0.00 0.0 0 3.4 10 150 M M 0 13 150
21 58 24 41 -5 24 0 0.00 0.0 0 2.8 9 280 M M 0 16 310
22 62 32 47 1 18 0 0.00 0.0 0 2.0 8 160 M M 0 10 160
23 60 35 48 2 17 0 T 0.0 0 8.3 21 160 M M 4 26 160
24 50 46 48 3 17 0 1.44 0.0 0 5.7 17 140 M M 10 1 20 150
25 59 40 50 5 15 0 0.00 0.0 0 5.0 13 30 M M 5 1 16 20
26 46 38 42 -3 23 0 0.68 0.0 0 6.8 14 100 M M 9 12 18 100
27 54 43 49 5 16 0 0.02 0.0 0 9.7 18 290 M M 10 1 29 320
28 59 32 46 2 19 0 0.00 0.0 0 7.7 22 180 M M 1 1 32 170
29 73 34 54 10 11 0 T 0.0 0 13.4 24 230 M M 4 34 180
30 43 24 34 -10 31 0 0.00 0.0 0 7.0 22 330 M M 1 35 340
================================================================================
SM 1736 1096 536 11 4.63 2.6 216.9 M 107
================================================================================
AV 57.9 36.5 7.2 FASTST M M 4 MAX(MPH)
MISC ----> 26 260 39 250
================================================================================
NOTES:
# LAST OF SEVERAL OCCURRENCES
COLUMN 17 PEAK WIND IN M.P.H.
PRELIMINARY LOCAL CLIMATOLOGICAL DATA (WS FORM: F-6) , PAGE 2
STATION: HARRISON
MONTH: NOVEMBER
YEAR: 2022
LATITUDE: 36 15 N
LONGITUDE: 93 9 W
[TEMPERATURE DATA] [PRECIPITATION DATA] SYMBOLS USED IN COLUMN 16
AVERAGE MONTHLY: 47.2 TOTAL FOR MONTH: 4.63 1 = FOG OR MIST
DPTR FM NORMAL: -1.3 DPTR FM NORMAL: 0.67 2 = FOG REDUCING VISIBILITY
HIGHEST: 81 ON 9 GRTST 24HR 2.07 ON 4- 4 TO 1/4 MILE OR LESS
LOWEST: 17 ON 20 3 = THUNDER
SNOW, ICE PELLETS, HAIL 4 = ICE PELLETS
TOTAL MONTH: 2.6 INCHES 5 = HAIL
GRTST 24HR 1.5 ON 14-14 6 = FREEZING RAIN OR DRIZZLE
GRTST DEPTH: 1 ON 12,18 7 = DUSTSTORM OR SANDSTORM:
VSBY 1/2 MILE OR LESS
8 = SMOKE OR HAZE
[NO. OF DAYS WITH] [WEATHER - DAYS WITH] 9 = BLOWING SNOW
X = TORNADO
MAX 32 OR BELOW: 0 0.01 INCH OR MORE: 9
MAX 90 OR ABOVE: 0 0.10 INCH OR MORE: 5
MIN 32 OR BELOW: 14 0.50 INCH OR MORE: 3
MIN 0 OR BELOW: 0 1.00 INCH OR MORE: 2
[HDD (BASE 65) ]
TOTAL THIS MO. 536 CLEAR (SCALE 0-3) 16
DPTR FM NORMAL 36 PTCLDY (SCALE 4-7) 10
TOTAL FM JUL 1 744 CLOUDY (SCALE 8-10) 4
DPTR FM NORMAL -4
[CDD (BASE 65) ]
TOTAL THIS MO. 11
DPTR FM NORMAL 7 [PRESSURE DATA]
TOTAL FM JAN 1 1719 HIGHEST SLP 30.52 ON 20
DPTR FM NORMAL 246 LOWEST SLP 29.46 ON 27
[REMARKS]
#FINAL-11-22#