000
CXUS54 KLZK 011130
CF6HRO
PRELIMINARY LOCAL CLIMATOLOGICAL DATA (WS FORM: F-6)
STATION: HARRISON
MONTH: MAY
YEAR: 2021
LATITUDE: 36 15 N
LONGITUDE: 93 9 W
TEMPERATURE IN F: :PCPN: SNOW: WIND :SUNSHINE: SKY :PK WND
================================================================================
1 2 3 4 5 6A 6B 7 8 9 10 11 12 13 14 15 16 17 18
12Z AVG MX 2MIN
DY MAX MIN AVG DEP HDD CDD WTR SNW DPTH SPD SPD DIR MIN PSBL S-S WX SPD DR
================================================================================
1 80 53 67 5 0 2 0.00 0.0 0 7.9 20 170 M M 0 29 170
2 65 59 62 0 3 0 0.01 0.0 0 6.6 17 150 M M 9 128 21 140
3 77 53 65 2 0 0 0.85 0.0 0 5.5 25 300 M M 8 1238 36 290
4 66 45 56 -7 9 0 0.42 0.0 0 7.0 17 330 M M 8 13 27 340
5 70 44 57 -6 8 0 0.00 0.0 0 4.6 10 360 M M 0 15 290
6 74 46 60 -4 5 0 0.00 0.0 0 9.8 18 300 M M 1 28 310
7 71 41 56 -8 9 0 0.04 0.0 0 M M M M M M M M
8 80 53 67 3 0 2 0.14 0.0 0 M M M M M M M M
9 73 49 61 -3 4 0 0.29 0.0 0 10.1 22 220 M M M 38 210
10 61 47 54 -10 11 0 0.00 0.0 0 5.7 12 20 M M M 15 40
11 59 46 53 -12 12 0 0.38 0.0 0 6.1 16 150 M M M 21 90
12 66 48 57 -8 8 0 0.00 0.0 0 M M M M M M M M
13 69 42 56 -9 9 0 0.00 0.0 0 M M M M M M M M
14 72 45 59 -7 6 0 0.00 0.0 0 M M M M M M M M
15 67 49 58 -8 7 0 0.24 0.0 0 M M M M M M M M
16 78 53 66 0 0 1 T 0.0 0 M M M M M M M M
17 71 62 67 1 0 2 0.96 0.0 0 M M M M M M M M
18 76 63 70 3 0 5 0.04 0.0 0 8.8 17 140 M M 9 1 23 160
19 71 62 67 0 0 2 0.56 0.0 0 10.4 21 140 M M 10 1 26 140
20 70 64 67 0 0 2 0.96 0.0 0 10.3 14 120 M M 10 1 24 120
21 69 65 67 -1 0 2 0.24 0.0 0 7.9 20 160 M M 9 1 26 140
22 81 64 73 5 0 8 0.05 0.0 0 5.6 16 160 M M 4 22 150
23 83 61 72 4 0 7 0.00 0.0 M 5.0 13 140 M M 0 1 17 140
24 83 59 71 3 0 6 0.03 0.0 M 3.9 13 190 M M 3 1 18 150
25 73 64 69 0 0 4 0.35 0.0 0 6.5 14 160 M M 8 1 18 160
26 85 65 75 6 0 10 M 0.0 M 4.5 10 270 M M 3 17 280
27 83 62 73 4 0 8 1.08 0.0 0 7.2 18 360 M M 4 13 38 10
28 71 51 61 -9 4 0 T 0.0 0 8.8 20 310 M M 3 1 28 320
29 61 49 55 -15 10 0 0.00 0.0 0 6.5 14 100 M M 10 17 90
30 69 49 59 -11 6 0 0.00 0.0 0 7.9 15 130 M M 3 18 110
31 68 47 58 -12 7 0 0.09 0.0 0 4.1 10 160 M M 3 1 15 170
================================================================================
SM 2242 1660 118 61 6.73 0.0 160.7 M 105
================================================================================
AV 72.3 53.5 7.0 FASTST M M 5 MAX(MPH)
MISC ----> 25 300 # 38 210
================================================================================
NOTES:
# LAST OF SEVERAL OCCURRENCES
COLUMN 17 PEAK WIND IN M.P.H.
PRELIMINARY LOCAL CLIMATOLOGICAL DATA (WS FORM: F-6) , PAGE 2
STATION: HARRISON
MONTH: MAY
YEAR: 2021
LATITUDE: 36 15 N
LONGITUDE: 93 9 W
[TEMPERATURE DATA] [PRECIPITATION DATA] SYMBOLS USED IN COLUMN 16
AVERAGE MONTHLY: 62.9 TOTAL FOR MONTH: 6.73 1 = FOG OR MIST
DPTR FM NORMAL: -3.3 DPTR FM NORMAL: 1.92 2 = FOG REDUCING VISIBILITY
HIGHEST: 85 ON 26 GRTST 24HR 1.23 ON 3- 4 TO 1/4 MILE OR LESS
LOWEST: 41 ON 7 3 = THUNDER
SNOW, ICE PELLETS, HAIL 4 = ICE PELLETS
TOTAL MONTH: 0.0 INCH 5 = HAIL
GRTST 24HR 0.0 6 = FREEZING RAIN OR DRIZZLE
GRTST DEPTH: 0 7 = DUSTSTORM OR SANDSTORM:
VSBY 1/2 MILE OR LESS
8 = SMOKE OR HAZE
[NO. OF DAYS WITH] [WEATHER - DAYS WITH] 9 = BLOWING SNOW
X = TORNADO
MAX 32 OR BELOW: 0 0.01 INCH OR MORE: 18
MAX 90 OR ABOVE: 0 0.10 INCH OR MORE: 12
MIN 32 OR BELOW: 0 0.50 INCH OR MORE: 5
MIN 0 OR BELOW: 0 1.00 INCH OR MORE: 1
[HDD (BASE 65) ]
TOTAL THIS MO. 118 CLEAR (SCALE 0-3) 8
DPTR FM NORMAL 43 PTCLDY (SCALE 4-7) 5
TOTAL FM JUL 1 3960 CLOUDY (SCALE 8-10) 18
DPTR FM NORMAL 79
[CDD (BASE 65) ]
TOTAL THIS MO. 61
DPTR FM NORMAL -51 [PRESSURE DATA]
TOTAL FM JAN 1 78 HIGHEST SLP 30.39 ON 13
DPTR FM NORMAL -74 LOWEST SLP 29.54 ON 9
[REMARKS]
#FINAL-05-21#