000
CXUS52 KMHX 290053
CF6HSE
PRELIMINARY LOCAL CLIMATOLOGICAL DATA (WS FORM: F-6)
STATION: CAPE HATTERAS NC
MONTH: MARCH
YEAR: 2021
LATITUDE: 35 13 N
LONGITUDE: 75 37 W
TEMPERATURE IN F: :PCPN: SNOW: WIND :SUNSHINE: SKY :PK WND
================================================================================
1 2 3 4 5 6A 6B 7 8 9 10 11 12 13 14 15 16 17 18
12Z AVG MX 2MIN
DY MAX MIN AVG DEP HDD CDD WTR SNW DPTH SPD SPD DIR MIN PSBL S-S WX SPD DR
================================================================================
1 64 51 58 10 7 0 T 0.0 0 11.3 23 240 M M 8 128 31 230
2 52 40 46 -3 19 0 0.00 0.0 0 7.8 16 40 M M 0 26 20
3 57 42 50 1 15 0 0.00 0.0 0 7.5 14 20 M M 1 23 40
4 62 40 51 2 14 0 0.00 0.0 0 5.6 12 40 M M 0 1 19 40
5 50 31 41 -8 24 0 0.00 0.0 0 6.8 16 30 M M 0 30 10
6 49 34 42 -7 23 0 0.00 0.0 0 4.2 13 30 M M 0 21 20
7 50 31 41 -9 24 0 0.00 0.0 0 8.8 17 30 M M 0 30 40
8 53 40 47 -3 18 0 0.00 0.0 0 4.7 8 260 M M 0 15 350
9 62 37 50 0 15 0 0.00 0.0 0 8.4 16 220 M M 0 22 220
10 67 47 57 7 8 0 0.00 0.0 0 5.3 10 250 M M 0 15 240
11 70 48 59 9 6 0 0.00 0.0 0 7.7 14 230 M M 0 20 230
12 69 61 65 15 0 0 0.00 0.0 0 12.3 18 230 M M 0 26 230
13 66 44 55 4 10 0 0.00 0.0 0 7.8 17 40 M M 5 30 40
14 63 41 52 1 13 0 0.00 0.0 0 4.7 15 10 M M 0 18 24 360
15 59 41 50 -1 15 0 T 0.0 0 9.7 18 20 M M 2 32 20
16 64 45 55 4 10 0 1.60 0.0 0 11.7 26 120 M M 10 1 33 140
17 56 49 53 1 12 0 T 0.0 0 6.9 13 10 M M 10 12 21 20
18 72 52 62 10 3 0 0.26 0.0 0 10.9 28 210 M M 8 1238 38 210
19 65 44 55 3 10 0 0.12 0.0 0 15.1 25 20 M M 9 1 54 10
20 55 46 51 -1 14 0 0.01 0.0 0 13.7 20 40 M M 9 1 35 30
21 58 50 54 1 11 0 0.01 0.0 0 12.2 18 40 M M 7 1 34 40
22 58 54 56 3 9 0 0.60 0.0 0 12.6 18 50 M M 10 1 31 40
23 67 54 61 8 4 0 T 0.0 0 10.0 15 50 M M 7 1 24 40
24 65 55 60 6 5 0 0.07 0.0 0 9.0 14 240 M M 5 1 20 190
25 74 53 64 10 1 0 0.00 0.0 0 5.7 10 200 M M 2 12 16 190
26 67 58 63 9 2 0 0.00 0.0 0 12.2 22 240 M M 6 128 29 230
27 76 58 67 13 0 2 0.48 0.0 0 5.7 13 230 M M 6 1238 18 230
28 70 61 66 11 0 1 0.03 0.0 0 M M M M M 6 128 M M
29 66 49 58 3 7 0 0.00 0.0 0 5.8 9 10 M M 1 8 M M
30 72 45 59 4 6 0 0.00 0.0 0 7.8 13 130 M M 1 18 100
31 74 63 69 14 0 4 T 0.0 0 8.0 17 210 M M 3 138 24 210
================================================================================
SM 1952 1464 305 7 3.18 0.0 259.9 M 116
================================================================================
AV 63.0 47.2 8.7 FASTST M M 4 MAX(MPH)
MISC ----> 28 210 54 10
================================================================================
NOTES:
# LAST OF SEVERAL OCCURRENCES
COLUMN 17 PEAK WIND IN M.P.H.
PRELIMINARY LOCAL CLIMATOLOGICAL DATA (WS FORM: F-6) , PAGE 2
STATION: CAPE HATTERAS NC
MONTH: MARCH
YEAR: 2021
LATITUDE: 35 13 N
LONGITUDE: 75 37 W
[TEMPERATURE DATA] [PRECIPITATION DATA] SYMBOLS USED IN COLUMN 16
AVERAGE MONTHLY: 55.1 TOTAL FOR MONTH: 3.18 1 = FOG OR MIST
DPTR FM NORMAL: 3.5 DPTR FM NORMAL: -1.59 2 = FOG REDUCING VISIBILITY
HIGHEST: 76 ON 27 GRTST 24HR 1.60 ON 16-16 TO 1/4 MILE OR LESS
LOWEST: 31 ON 7, 5 3 = THUNDER
SNOW, ICE PELLETS, HAIL 4 = ICE PELLETS
TOTAL MONTH: 0.0 INCH 5 = HAIL
GRTST 24HR 0.0 6 = FREEZING RAIN OR DRIZZLE
GRTST DEPTH: 0 7 = DUSTSTORM OR SANDSTORM:
VSBY 1/2 MILE OR LESS
8 = SMOKE OR HAZE
[NO. OF DAYS WITH] [WEATHER - DAYS WITH] 9 = BLOWING SNOW
X = TORNADO
MAX 32 OR BELOW: 0 0.01 INCH OR MORE: 9
MAX 90 OR ABOVE: 0 0.10 INCH OR MORE: 5
MIN 32 OR BELOW: 2 0.50 INCH OR MORE: 2
MIN 0 OR BELOW: 0 1.00 INCH OR MORE: 1
[HDD (BASE 65) ]
TOTAL THIS MO. 305 CLEAR (SCALE 0-3) 16
DPTR FM NORMAL -114 PTCLDY (SCALE 4-7) 10
TOTAL FM JUL 1 1937 CLOUDY (SCALE 8-10) 5
DPTR FM NORMAL -405
[CDD (BASE 65) ]
TOTAL THIS MO. 7
DPTR FM NORMAL 4 [PRESSURE DATA]
TOTAL FM JAN 1 7 HIGHEST SLP 30.55 ON 9
DPTR FM NORMAL 4 LOWEST SLP 29.60 ON 19
[REMARKS]
#FINAL-03-21#