000
CXUS54 KHUN 040623
CF6HSV
PRELIMINARY LOCAL CLIMATOLOGICAL DATA (WS FORM: F-6)
STATION: HUNTSVILLE
MONTH: FEBRUARY
YEAR: 2022
LATITUDE: 34 39 N
LONGITUDE: 86 46 W
TEMPERATURE IN F: :PCPN: SNOW: WIND :SUNSHINE: SKY :PK WND
================================================================================
1 2 3 4 5 6A 6B 7 8 9 10 11 12 13 14 15 16 17 18
12Z AVG MX 2MIN
DY MAX MIN AVG DEP HDD CDD WTR SNW DPTH SPD SPD DIR MIN PSBL S-S WX SPD DR
================================================================================
1 64 34 49 5 16 0 T 0.0 0 10.2 22 160 M M 2 28 170
2 55 50 53 9 12 0 0.44 0.0 0 14.4 25 140 M M 10 1 32 150
3 63 36 50 6 15 0 1.72 0.0 0 12.1 22 160 M M 10 13 30 150
4 37 28 33 -11 32 0 T 0.0 0 10.3 15 330 M M 10 168 20 330
5 40 22 31 -13 34 0 0.00 0.0 0 7.0 17 30 M M 1 21 50
6 53 22 38 -7 27 0 0.00 0.0 0 5.0 15 160 M M 0 21 150
7 53 26 40 -5 25 0 0.00 0.0 0 4.4 15 300 M M 2 18 310
8 55 25 40 -5 25 0 0.00 0.0 0 3.4 13 270 M M 0 19 270
9 63 30 47 2 18 0 0.00 0.0 0 7.9 24 240 M M 1 29 230
10 65 30 48 2 17 0 0.00 0.0 0 4.2 14 250 M M 1 18 300
11 69 38 54 8 11 0 0.00 0.0 0 8.9 24 220 M M 1 31 230
12 56 33 45 -1 20 0 T 0.0 0 10.0 20 330 M M 7 8 25 340
13 44 21 33 -13 32 0 0.00 0.0 0 6.9 17 360 M M 2 22 350
14 57 24 41 -5 24 0 0.00 0.0 0 3.9 12 320 M M 0 17 340
15 67 32 50 3 15 0 0.00 0.0 0 9.2 17 150 M M 1 24 130
16 70 44 57 10 8 0 0.00 0.0 0 13.3 25 170 M M 5 8 37 170
17 71 39 55 8 10 0 1.52 0.0 0 17.6 33 180 M M 8 18 54 170
18 44 30 37 -11 28 0 T T 0 9.6 18 10 M M 5 26 330
19 55 26 41 -7 24 0 0.00 0.0 0 4.4 14 10 M M 0 20 20
20 63 30 47 -1 18 0 0.00 0.0 0 7.0 16 170 M M 2 23 200
21 57 46 52 4 13 0 0.44 0.0 0 10.5 23 160 M M 9 13 30 150
22 70 57 64 16 1 0 1.08 0.0 0 12.3 21 300 M M 10 13 31 170
23 60 39 50 1 15 0 1.53 0.0 0 8.4 17 350 M M 10 13 26 340
24 67 41 54 5 11 0 0.17 0.0 0 5.4 16 200 M M 10 1 25 200
25 65 33 49 0 16 0 0.25 0.0 0 11.7 24 290 M M 10 13 33 290
26 40 33 37 -13 28 0 0.52 T 0 8.1 17 20 M M 10 14 22 20
27 48 37 43 -7 22 0 0.84 0.0 0 6.2 13 10 M M 9 1 16 360
28 60 32 46 -4 19 0 0.00 0.0 0 3.8 10 340 M M 1 15 30
================================================================================
SM 1611 938 536 0 8.51 T 236.1 M 137
================================================================================
AV 57.5 33.5 8.4 FASTST M M 5 MAX(MPH)
MISC ----> 33 180 54 170
================================================================================
NOTES:
# LAST OF SEVERAL OCCURRENCES
COLUMN 17 PEAK WIND IN M.P.H.
PRELIMINARY LOCAL CLIMATOLOGICAL DATA (WS FORM: F-6) , PAGE 2
STATION: HUNTSVILLE
MONTH: FEBRUARY
YEAR: 2022
LATITUDE: 34 39 N
LONGITUDE: 86 46 W
[TEMPERATURE DATA] [PRECIPITATION DATA] SYMBOLS USED IN COLUMN 16
AVERAGE MONTHLY: 45.5 TOTAL FOR MONTH: 8.51 1 = FOG OR MIST
DPTR FM NORMAL: -1.2 DPTR FM NORMAL: 3.40 2 = FOG REDUCING VISIBILITY
HIGHEST: 71 ON 17 GRTST 24HR 2.61 ON 22-23 TO 1/4 MILE OR LESS
LOWEST: 21 ON 13 3 = THUNDER
SNOW, ICE PELLETS, HAIL 4 = ICE PELLETS
TOTAL MONTH: T 5 = HAIL
GRTST 24HR T ON 18-18 6 = FREEZING RAIN OR DRIZZLE
GRTST DEPTH: 0 7 = DUSTSTORM OR SANDSTORM:
VSBY 1/2 MILE OR LESS
8 = SMOKE OR HAZE
[NO. OF DAYS WITH] [WEATHER - DAYS WITH] 9 = BLOWING SNOW
X = TORNADO
MAX 32 OR BELOW: 0 0.01 INCH OR MORE: 10
MAX 90 OR ABOVE: 0 0.10 INCH OR MORE: 10
MIN 32 OR BELOW: 14 0.50 INCH OR MORE: 6
MIN 0 OR BELOW: 0 1.00 INCH OR MORE: 4
[HDD (BASE 65) ]
TOTAL THIS MO. 536 CLEAR (SCALE 0-3) 14
DPTR FM NORMAL 23 PTCLDY (SCALE 4-7) 3
TOTAL FM JUL 1 2261 CLOUDY (SCALE 8-10) 11
DPTR FM NORMAL -65
[CDD (BASE 65) ]
TOTAL THIS MO. 0
DPTR FM NORMAL -2 [PRESSURE DATA]
TOTAL FM JAN 1 4 HIGHEST SLP 30.52 ON 5
DPTR FM NORMAL 3 LOWEST SLP 29.62 ON 17
[REMARKS]
#FINAL-02-22#