000
CXUS51 KRLX 022148
CF6HTS
PRELIMINARY LOCAL CLIMATOLOGICAL DATA (WS FORM: F-6)
STATION: HUNTINGTON WV
MONTH: MAY
YEAR: 2021
LATITUDE: 38 22 N
LONGITUDE: 82 33 W
TEMPERATURE IN F: :PCPN: SNOW: WIND :SUNSHINE: SKY :PK WND
================================================================================
1 2 3 4 5 6A 6B 7 8 9 10 11 12 13 14 15 16 17 18
12Z AVG MX 2MIN
DY MAX MIN AVG DEP HDD CDD WTR SNW DPTH SPD SPD DIR MIN PSBL S-S WX SPD DR
================================================================================
1 71 40 56 -6 9 0 0.00 0.0 0 4.2 12 180 M M 0 16 200
2 79 52 66 4 0 1 T 0.0 0 5.2 15 180 M M 2 20 170
3 74 58 66 4 0 1 0.68 0.0 0 6.4 18 240 M M 8 1 26 250
4 77 61 69 7 0 4 0.02 0.0 0 8.3 22 240 M M 2 3 35 230
5 65 48 57 -6 8 0 0.37 0.0 0 7.1 16 330 M M 8 13 20 310
6 63 38 51 -12 14 0 0.00 0.0 0 3.0 10 30 M M 2 12 14 30
7 62 47 55 -8 10 0 0.32 0.0 0 7.7 18 350 M M 8 1 26 340
8 62 41 52 -11 13 0 0.03 0.0 0 5.6 12 260 M M 4 1 17 340
9 76 45 61 -3 4 0 0.07 0.0 0 10.8 32 220 M M 8 1 49 240
10 63 43 53 -11 12 0 0.00 0.0 0 7.0 14 50 M M 6 18 30
11 63 42 53 -11 12 0 0.00 0.0 0 5.8 16 340 M M 2 1 22 330
12 64 45 55 -9 10 0 0.00 0.0 0 6.9 17 80 M M 1 22 70
13 68 42 55 -9 10 0 0.00 0.0 0 3.8 14 30 M M 0 19 30
14 71 42 57 -8 8 0 0.00 0.0 0 2.5 14 360 M M 1 18 10
15 74 40 57 -8 8 0 0.00 0.0 0 1.9 12 60 M M 0 16 40
16 70 53 62 -3 3 0 0.01 0.0 0 4.6 10 190 M M 7 14 200
17 64 54 59 -6 6 0 0.43 0.0 0 4.4 9 90 M M 8 1 13 110
18 78 58 68 2 0 3 0.00 0.0 0 2.5 9 190 M M 5 1 13 190
19 85 56 71 5 0 6 0.00 0.0 0 2.8 9 70 M M 0 1 12 130
20 86 56 71 5 0 6 0.00 0.0 0 4.3 14 180 M M 0 17 190
21 86 55 71 5 0 6 0.00 0.0 0 2.9 9 240 M M 0 12 210
22 85 59 72 6 0 7 0.00 0.0 0 2.2 9 340 M M 0 11 350
23 88 60 74 7 0 9 0.00 0.0 0 3.5 13 290 M M 1 1 17 290
24 85 62 74 7 0 9 0.00 0.0 0 1.9 8 210 M M 5 1 9 210
25 89 65 77 10 0 12 0.00 0.0 0 2.9 14 260 M M 2 18 20 260
26 87 67 77 9 0 12 T 0.0 0 7.9 23 300 M M 4 8 34 300
27 84 62 73 5 0 8 0.00 0.0 0 2.7 8 320 M M 5 1 13 340
28 71 54 63 -5 2 0 0.99 0.0 0 5.6 23 350 M M 8 1 33 350
29 54 48 51 -17 14 0 0.05 0.0 0 7.5 14 330 M M 10 1 18 340
30 60 50 55 -13 10 0 0.03 0.0 0 4.7 13 20 M M 10 1 18 30
31 72 45 59 -10 6 0 0.00 0.0 0 2.7 10 90 M M 4 12 17 140
================================================================================
SM 2276 1588 159 84 3.00 0.0 149.3 M 121
================================================================================
AV 73.4 51.2 4.8 FASTST M M 4 MAX(MPH)
MISC ----> 32 220 49 240
================================================================================
NOTES:
# LAST OF SEVERAL OCCURRENCES
COLUMN 17 PEAK WIND IN M.P.H.
PRELIMINARY LOCAL CLIMATOLOGICAL DATA (WS FORM: F-6) , PAGE 2
STATION: HUNTINGTON WV
MONTH: MAY
YEAR: 2021
LATITUDE: 38 22 N
LONGITUDE: 82 33 W
[TEMPERATURE DATA] [PRECIPITATION DATA] SYMBOLS USED IN COLUMN 16
AVERAGE MONTHLY: 62.3 TOTAL FOR MONTH: 3.00 1 = FOG OR MIST
DPTR FM NORMAL: -2.9 DPTR FM NORMAL: -1.51 2 = FOG REDUCING VISIBILITY
HIGHEST: 89 ON 25 GRTST 24HR 1.03 ON 28-29 TO 1/4 MILE OR LESS
LOWEST: 38 ON 6 3 = THUNDER
SNOW, ICE PELLETS, HAIL 4 = ICE PELLETS
TOTAL MONTH: 0.0 INCH 5 = HAIL
GRTST 24HR 0.0 6 = FREEZING RAIN OR DRIZZLE
GRTST DEPTH: 0 7 = DUSTSTORM OR SANDSTORM:
VSBY 1/2 MILE OR LESS
8 = SMOKE OR HAZE
[NO. OF DAYS WITH] [WEATHER - DAYS WITH] 9 = BLOWING SNOW
X = TORNADO
MAX 32 OR BELOW: 0 0.01 INCH OR MORE: 11
MAX 90 OR ABOVE: 0 0.10 INCH OR MORE: 5
MIN 32 OR BELOW: 0 0.50 INCH OR MORE: 2
MIN 0 OR BELOW: 0 1.00 INCH OR MORE: 0
[HDD (BASE 65) ]
TOTAL THIS MO. 159 CLEAR (SCALE 0-3) 15
DPTR FM NORMAL 62 PTCLDY (SCALE 4-7) 10
TOTAL FM JUL 1 4316 CLOUDY (SCALE 8-10) 6
DPTR FM NORMAL 4
[CDD (BASE 65) ]
TOTAL THIS MO. 84
DPTR FM NORMAL -19 [PRESSURE DATA]
TOTAL FM JAN 1 106 HIGHEST SLP 30.47 ON 21
DPTR FM NORMAL -34 LOWEST SLP 29.63 ON 3
[REMARKS]
#FINAL-05-21#