000
CXUS51 KCAR 010700
CF6HUL
PRELIMINARY LOCAL CLIMATOLOGICAL DATA (WS FORM: F-6)
STATION: HOULTON ME
MONTH: SEPTEMBER
YEAR: 2022
LATITUDE: 46 7 N
LONGITUDE: 67 48 W
TEMPERATURE IN F: :PCPN: SNOW: WIND :SUNSHINE: SKY :PK WND
================================================================================
1 2 3 4 5 6A 6B 7 8 9 10 11 12 13 14 15 16 17 18
12Z AVG MX 2MIN
DY MAX MIN AVG DEP HDD CDD WTR SNW DPTH SPD SPD DIR MIN PSBL S-S WX SPD DR
================================================================================
1 72 52 62 1 3 0 0.00 M M 5.7 16 300 M M 2 1 22 280
2 70 46 58 -3 7 0 0.00 M M 4.1 13 330 M M 0 16 300
3 76 49 63 2 2 0 0.00 M M 5.9 12 230 M M 1 18 210
4 68 44 56 -4 9 0 0.00 M M 5.1 14 360 M M 4 1 18 360
5 65 42 54 -6 11 0 0.05 M M 2.1 9 30 M M 5 1 14 20
6 72 47 60 0 5 0 0.03 M M 2.8 10 20 M M 4 1 13 320
7 76 43 60 0 5 0 0.00 M M 0.7 8 340 M M 1 12 9 360
8 75 47 61 2 4 0 T M M 2.0 10 10 M M 4 12 13 220
9 79 49 64 5 1 0 0.00 M M 1.1 8 360 M M 4 12 13 280
10 81 50 66 8 0 1 0.00 M M 0.5 6 30 M M 0 1 9 280
11 83 51 67 9 0 2 0.00 M M 1.7 9 360 M M 2 1 12 70
12 78 59 69 11 0 4 0.00 M M 0.3 5 240 M M 0 1 9 330
13 78 55 67 10 0 2 0.05 M M 2.9 9 150 M M 4 1 15 130
14 74 57 66 9 0 1 0.97 M M 9.1 20 250 M M 7 123 28 250
15 60 48 54 -3 11 0 0.00 M M 11.5 23 300 M M 7 34 320
16 62 44 53 -3 12 0 0.00 M M 10.4 20 330 M M 1 29 320
17 66 36 51 -5 14 0 0.00 M M 4.3 17 280 M M 0 22 270
18 63 42 53 -2 12 0 0.13 M M 2.3 13 360 M M 6 1 16 360
19 64 34 49 -6 16 0 0.01 M M 2.4 9 110 M M 2 12 120
20 53 49 51 -3 14 0 0.87 M M 7.5 15 50 M M 10 1 20 50
21 63 51 57 3 8 0 0.14 M M 4.2 10 140 M M 9 1 15 140
22 61 50 56 2 9 0 1.37 M M 6.4 16 350 M M 10 13 24 360
23 54 43 49 -4 16 0 T M M 11.4 24 350 M M 7 37 360
24 62 45 54 1 11 0 0.00 M M 13.4 25 340 M M 2 39 330
25 67 42 55 3 10 0 0.06 M M 5.9 15 230 M M 2 1 21 230
26 68 52 60 8 5 0 0.36 M M 5.7 16 230 M M 7 1 21 230
27 68 49 59 7 6 0 0.00 M M 5.3 13 190 M M 3 13 20 200
28 66 42 54 3 11 0 0.06 M M 3.6 16 330 M M 6 1 22 330
29 60 33 47 -4 18 0 0.00 M M 4.0 15 330 M M 6 1 20 320
30 64 31 48 -2 17 0 0.00 M M 3.3 12 220 M M 0 15 230
================================================================================
SM 2048 1382 237 10 4.10 M 145.6 M 116
================================================================================
AV 68.3 46.1 4.9 FASTST M M 4 MAX(MPH)
MISC ----> 25 340 39 330
================================================================================
NOTES:
# LAST OF SEVERAL OCCURRENCES
COLUMN 17 PEAK WIND IN M.P.H.
PRELIMINARY LOCAL CLIMATOLOGICAL DATA (WS FORM: F-6) , PAGE 2
STATION: HOULTON ME
MONTH: SEPTEMBER
YEAR: 2022
LATITUDE: 46 7 N
LONGITUDE: 67 48 W
[TEMPERATURE DATA] [PRECIPITATION DATA] SYMBOLS USED IN COLUMN 16
AVERAGE MONTHLY: 57.2 TOTAL FOR MONTH: 4.10 1 = FOG OR MIST
DPTR FM NORMAL: 1.0 DPTR FM NORMAL: 0.70 2 = FOG REDUCING VISIBILITY
HIGHEST: 83 ON 11 GRTST 24HR 1.37 ON 22-22 TO 1/4 MILE OR LESS
LOWEST: 31 ON 30 3 = THUNDER
SNOW, ICE PELLETS, HAIL 4 = ICE PELLETS
TOTAL MONTH: M 5 = HAIL
GRTST 24HR M ON M 6 = FREEZING RAIN OR DRIZZLE
GRTST DEPTH: M ON M 7 = DUSTSTORM OR SANDSTORM:
VSBY 1/2 MILE OR LESS
8 = SMOKE OR HAZE
[NO. OF DAYS WITH] [WEATHER - DAYS WITH] 9 = BLOWING SNOW
X = TORNADO
MAX 32 OR BELOW: 0 0.01 INCH OR MORE: 12
MAX 90 OR ABOVE: 0 0.10 INCH OR MORE: 6
MIN 32 OR BELOW: 1 0.50 INCH OR MORE: 3
MIN 0 OR BELOW: 0 1.00 INCH OR MORE: 1
[HDD (BASE 65) ]
TOTAL THIS MO. 237 CLEAR (SCALE 0-3) 13
DPTR FM NORMAL -46 PTCLDY (SCALE 4-7) 14
TOTAL FM JUL 1 312 CLOUDY (SCALE 8-10) 3
DPTR FM NORMAL -105
[CDD (BASE 65) ]
TOTAL THIS MO. 10
DPTR FM NORMAL -7 [PRESSURE DATA]
TOTAL FM JAN 1 247 HIGHEST SLP 30.35 ON 30
DPTR FM NORMAL 41 LOWEST SLP 29.37 ON 22
[REMARKS]
#FINAL-09-22#