000
CXUS56 KTFX 011110
CF6HVR
PRELIMINARY LOCAL CLIMATOLOGICAL DATA (WS FORM: F-6)
STATION: HAVRE MT
MONTH: JULY
YEAR: 2022
LATITUDE: 48 32 N
LONGITUDE: 109 46 W
TEMPERATURE IN F: :PCPN: SNOW: WIND :SUNSHINE: SKY :PK WND
================================================================================
1 2 3 4 5 6A 6B 7 8 9 10 11 12 13 14 15 16 17 18
12Z AVG MX 2MIN
DY MAX MIN AVG DEP HDD CDD WTR SNW DPTH SPD SPD DIR MIN PSBL S-S WX SPD DR
================================================================================
1 86 42 64 -2 1 0 0.00 0.0 0 5.4 21 40 M M 0 27 40
2 86 54 70 4 0 5 0.06 0.0 0 9.4 21 130 M M 1 38 27 40
3 70 58 64 -2 1 0 0.12 0.0 0 8.7 20 70 M M 6 13 26 100
4 80 57 69 2 0 4 0.05 0.0 0 6.6 17 70 M M 7 13 24 60
5 84 54 69 2 0 4 0.00 0.0 0 5.6 17 250 M M 3 1 23 290
6 90 51 71 4 0 6 0.23 0.0 0 10.4 26 140 M M 2 13 35 110
7 88 56 72 4 0 7 0.00 0.0 0 8.7 15 110 M M 0 30 250
8 94 61 78 10 0 13 0.83 0.0 0 8.2 48 270 M M 3 18 77 310
9 88 58 73 5 0 8 0.12 0.0 0 8.4 47 300 M M 1 13 65 300
10 78 55 67 -2 0 2 0.08 0.0 0 10.2 28 310 M M 2 41 310
11 84 52 68 -1 0 3 0.00 0.0 0 7.7 18 220 M M 0 23 220
12 91 52 72 3 0 7 0.00 0.0 0 5.7 26 160 M M 0 36 160
13 95 66 81 11 0 16 0.00 0.0 0 9.2 25 170 M M 0 36 160
14 92 62 77 7 0 12 0.03 0.0 0 7.1 13 260 M M 0 3 17 260
15 95 57 76 6 0 11 0.00 0.0 0 8.3 35 220 M M 0 47 210
16 97 57 77 7 0 12 0.00 0.0 0 10.2 22 270 M M 0 32 270
17 100 55 78 7 0 13 0.00 0.0 0 6.3 17 360 M M 0 3 24 340
18 86 54 70 -1 0 5 0.28 0.0 0 16.6 36 280 M M 3 13 49 280
19 90 56 73 2 0 8 0.00 0.0 0 11.6 26 290 M M 2 34 280
20 89 61 75 4 0 10 0.00 0.0 0 6.5 16 240 M M 1 25 240
21 94 54 74 3 0 9 0.00 0.0 0 8.3 20 320 M M 0 32 340
22 92 53 73 1 0 8 0.00 0.0 0 11.1 29 320 M M 1 39 330
23 86 54 70 -2 0 5 0.00 0.0 0 7.7 15 90 M M 0 21 80
24 94 56 75 3 0 10 0.00 0.0 0 10.4 24 220 M M 0 33 220
25 80 57 69 -3 0 4 0.00 0.0 0 9.5 26 50 M M 2 36 40
26 86 51 69 -3 0 4 0.00 0.0 0 7.1 16 320 M M 4 23 300
27 84 55 70 -2 0 5 0.00 0.0 0 4.4 16 50 M M 3 23 40
28 91 49 70 -2 0 5 0.00 0.0 0 4.9 13 80 M M 0 16 120
29 100 54 77 5 0 12 0.04 0.0 0 8.4 22 230 M M 1 3 29 280
30 92 63 78 6 0 13 T 0.0 0 11.7 23 330 M M 1 34 330
31 99 57 78 6 0 13 0.00 0.0 0 4.4 15 230 M M 1 22 320
================================================================================
SM 2761 1721 2 234 1.84 0.0 258.7 M 44
================================================================================
AV 89.1 55.5 8.3 FASTST M M 1 MAX(MPH)
MISC ----> 48 270 77 310
================================================================================
NOTES:
# LAST OF SEVERAL OCCURRENCES
COLUMN 17 PEAK WIND IN M.P.H.
PRELIMINARY LOCAL CLIMATOLOGICAL DATA (WS FORM: F-6) , PAGE 2
STATION: HAVRE MT
MONTH: JULY
YEAR: 2022
LATITUDE: 48 32 N
LONGITUDE: 109 46 W
[TEMPERATURE DATA] [PRECIPITATION DATA] SYMBOLS USED IN COLUMN 16
AVERAGE MONTHLY: 72.3 TOTAL FOR MONTH: 1.84 1 = FOG OR MIST
DPTR FM NORMAL: 2.5 DPTR FM NORMAL: 0.31 2 = FOG REDUCING VISIBILITY
HIGHEST: 100 ON 29,17 GRTST 24HR 0.95 ON 8- 9 TO 1/4 MILE OR LESS
LOWEST: 42 ON 1 3 = THUNDER
SNOW, ICE PELLETS, HAIL 4 = ICE PELLETS
TOTAL MONTH: 0.0 INCH 5 = HAIL
GRTST 24HR 0.0 6 = FREEZING RAIN OR DRIZZLE
GRTST DEPTH: 0 7 = DUSTSTORM OR SANDSTORM:
VSBY 1/2 MILE OR LESS
8 = SMOKE OR HAZE
[NO. OF DAYS WITH] [WEATHER - DAYS WITH] 9 = BLOWING SNOW
X = TORNADO
MAX 32 OR BELOW: 0 0.01 INCH OR MORE: 10
MAX 90 OR ABOVE: 16 0.10 INCH OR MORE: 5
MIN 32 OR BELOW: 0 0.50 INCH OR MORE: 1
MIN 0 OR BELOW: 0 1.00 INCH OR MORE: 0
[HDD (BASE 65) ]
TOTAL THIS MO. 2 CLEAR (SCALE 0-3) 26
DPTR FM NORMAL -24 PTCLDY (SCALE 4-7) 5
TOTAL FM JUL 1 2 CLOUDY (SCALE 8-10) 0
DPTR FM NORMAL -21
[CDD (BASE 65) ]
TOTAL THIS MO. 234
DPTR FM NORMAL 58 [PRESSURE DATA]
TOTAL FM JAN 1 283 HIGHEST SLP 30.15 ON 11
DPTR FM NORMAL 57 LOWEST SLP 29.55 ON 18
[REMARKS]
#FINAL-07-22#