000
CXUS56 KTFX 161542
CF6HVR
PRELIMINARY LOCAL CLIMATOLOGICAL DATA (WS FORM: F-6)
STATION: HAVRE MT
MONTH: JANUARY
YEAR: 2024
LATITUDE: 48 32 N
LONGITUDE: 109 46 W
TEMPERATURE IN F: :PCPN: SNOW: WIND :SUNSHINE: SKY :PK WND
================================================================================
1 2 3 4 5 6A 6B 7 8 9 10 11 12 13 14 15 16 17 18
12Z AVG MX 2MIN
DY MAX MIN AVG DEP HDD CDD WTR SNW DPTH SPD SPD DIR MIN PSBL S-S WX SPD DR
================================================================================
1 42 19 31 13 34 0 0.00 0.0 0 8.8 20 220 M M 5 27 230
2 38 15 27 9 38 0 0.00 0.0 0 8.4 17 230 M M 1 23 240
3 27 20 24 7 41 0 0.00 0.0 0 8.8 21 70 M M 9 1 25 70
4 39 19 29 12 36 0 0.00 0.0 0 9.0 20 230 M M 5 1 26 230
5 36 16 26 9 39 0 0.00 0.0 0 10.7 23 290 M M 3 30 280
6 40 21 31 14 34 0 0.00 0.0 0 9.6 21 230 M M 5 26 240
7 26 -6 10 -7 55 0 0.11 1.9 1 10.9 21 320 M M 8 18 28 330
8 12 -14 -1 -18 66 0 0.00 0.0 2 3.5 10 110 M M 1 11 110
9 44 -4 20 3 45 0 0.00 0.0 2 14.9 38 260 M M 4 50 260
10 13 -4 5 -12 60 0 0.15 2.3 1 10.1 26 320 M M 10 18 31 320
11 -4 -21 -12 -29 77 0 0.13 1.3 2 9.5 17 320 M M 10 8 24 320
12 -21 -40 -30 -47 95 0 T T 3 11.4 20 300 M M 4 8 25 300
13 -16 -42 -29 -46 94 0 0.00 0.0 3 8.1 17 220 M M 0 8 22 220
14 -21 -44 -32 -49 97 0 0.00 0.0 3 4.3 13 260 M M 5 18 16 280
15 -8 -36 -22 -39 87 0 0.00 0.0 2 9.7 22 240 M M 0 27 240
16 21 -23 -1 -19 66 0 0.07 1.0 2 12.4 22 220 M M 8 18 27 220
17 17 2 10 -8 55 0 0.44 5.8 4 6.8 12 20 M M 10 1 16 30
18 2 -20 -9 -27 74 0 0.05 0.6 9 13.0 18 230 M M 4 18 23 330
19 -4 -24 -14 -32 79 0 0.00 0.0 9 6.1 16 60 M M 2 18 18 70
20 12 -7 3 -15 62 0 0.00 0.0 9 1.8 6 110 M M M 7 50
21 24 11 18 0 47 0 0.00 0.0 8 3.9 10 320 M M 5 13 330
22 22 11 17 -1 48 0 0.00 0.0 8 4.7 13 300 M M 10 12 16 320
23 26 7 17 -1 48 0 0.00 0.0 8 3.6 12 250 M M 5 12 13 250
24 32 5 19 1 46 0 0.00 0.0 7 3.4 13 90 M M 1 12 14 90
25 37 5 21 3 44 0 0.00 0.0 7 5.9 21 240 M M 1 1 28 250
26 36 17 27 9 38 0 0.00 0.0 6 13.5 21 220 M M 0 28 220
27 42 14 28 10 37 0 0.00 0.0 5 8.9 24 220 M M 0 30 220
28 48 38 43 24 22 0 0.00 0.0 4 14.5 29 220 M M 2 35 220
29 50 33 42 23 23 0 0.00 0.0 1 10.3 23 220 M M 1 29 220
30 60 33 47 28 18 0 0.00 0.0 0 10.7 23 220 M M 0 29 220
31 53 28 41 22 24 0 0.00 0.0 0 3.9 13 80 M M 0 15 80
================================================================================
SM 725 29 1629 0 0.95 12.9 261.1 M 119
================================================================================
AV 23.4 0.9 8.4 FASTST M M 4 MAX(MPH)
MISC ----> 38 260 50 260
================================================================================
NOTES:
# LAST OF SEVERAL OCCURRENCES
COLUMN 17 PEAK WIND IN M.P.H.
PRELIMINARY LOCAL CLIMATOLOGICAL DATA (WS FORM: F-6) , PAGE 2
STATION: HAVRE MT
MONTH: JANUARY
YEAR: 2024
LATITUDE: 48 32 N
LONGITUDE: 109 46 W
[TEMPERATURE DATA] [PRECIPITATION DATA] SYMBOLS USED IN COLUMN 16
AVERAGE MONTHLY: 12.2 TOTAL FOR MONTH: 0.95 1 = FOG OR MIST
DPTR FM NORMAL: -5.5 DPTR FM NORMAL: 0.52 2 = FOG REDUCING VISIBILITY
HIGHEST: 60 ON 30 GRTST 24HR 0.44 ON 17-17 TO 1/4 MILE OR LESS
LOWEST: -44 ON 14 3 = THUNDER
SNOW, ICE PELLETS, HAIL 4 = ICE PELLETS
TOTAL MONTH: 12.9 INCHES 5 = HAIL
GRTST 24HR 5.8 ON 17-17 6 = FREEZING RAIN OR DRIZZLE
GRTST DEPTH: 9 ON 20,19 7 = DUSTSTORM OR SANDSTORM:
VSBY 1/2 MILE OR LESS
8 = SMOKE OR HAZE
[NO. OF DAYS WITH] [WEATHER - DAYS WITH] 9 = BLOWING SNOW
X = TORNADO
MAX 32 OR BELOW: 18 0.01 INCH OR MORE: 6
MAX 90 OR ABOVE: 0 0.10 INCH OR MORE: 4
MIN 32 OR BELOW: 28 0.50 INCH OR MORE: 0
MIN 0 OR BELOW: 13 1.00 INCH OR MORE: 0
[HDD (BASE 65) ]
TOTAL THIS MO. 1629 CLEAR (SCALE 0-3) 13
DPTR FM NORMAL 164 PTCLDY (SCALE 4-7) 11
TOTAL FM JUL 1 4299 CLOUDY (SCALE 8-10) 7
DPTR FM NORMAL -518
[CDD (BASE 65) ]
TOTAL THIS MO. 0
DPTR FM NORMAL 0 [PRESSURE DATA]
TOTAL FM JAN 1 0 HIGHEST SLP 30.91 ON 15
DPTR FM NORMAL 0 LOWEST SLP 29.23 ON 9
[REMARKS]
#FINAL-01-24#