000
CXUS56 KTFX 011210
CF6HVR
PRELIMINARY LOCAL CLIMATOLOGICAL DATA (WS FORM: F-6)
STATION: HAVRE MT
MONTH: JANUARY
YEAR: 2021
LATITUDE: 48 32 N
LONGITUDE: 109 46 W
TEMPERATURE IN F: :PCPN: SNOW: WIND :SUNSHINE: SKY :PK WND
================================================================================
1 2 3 4 5 6A 6B 7 8 9 10 11 12 13 14 15 16 17 18
12Z AVG MX 2MIN
DY MAX MIN AVG DEP HDD CDD WTR SNW DPTH SPD SPD DIR MIN PSBL S-S WX SPD DR
================================================================================
1 48 21 35 18 30 0 0.00 0.0 0 15.6 28 220 M M 0 36 230
2 51 38 45 28 20 0 0.00 0.0 0 20.8 31 220 M M 2 40 220
3 54 28 41 24 24 0 0.02 0.0 0 20.6 44 320 M M 1 1 56 320
4 42 25 34 17 31 0 0.00 0.0 0 9.0 23 230 M M 0 34 230
5 45 24 35 18 30 0 0.00 0.0 0 14.1 29 260 M M 3 39 260
6 56 27 42 25 23 0 0.00 0.0 0 14.9 30 230 M M 1 38 230
7 43 22 33 16 32 0 0.00 0.0 0 4.1 13 240 M M 8 12 15 240
8 31 15 23 6 42 0 0.00 0.0 0 5.3 17 70 M M 8 12 20 70
9 27 19 23 6 42 0 0.00 0.0 0 5.1 10 80 M M 10 12 13 80
10 45 8 27 10 38 0 0.00 0.0 0 12.6 24 230 M M 3 12 31 230
11 49 28 39 22 26 0 0.00 0.0 0 14.5 26 230 M M 0 32 210
12 53 30 42 24 23 0 0.00 0.0 0 14.0 25 220 M M 1 33 220
13 58 25 42 24 23 0 0.00 0.0 0 21.0 60 290 M M 1 8 78 250
14 39 15 27 9 38 0 0.00 0.0 0 15.3 35 310 M M 2 46 320
15 45 14 30 12 35 0 0.00 0.0 0 7.1 20 240 M M 3 25 230
16 44 18 31 13 34 0 0.00 0.0 0 8.7 17 230 M M 4 25 240
17 44 18 31 13 34 0 T T 0 10.7 24 310 M M 6 1 32 330
18 39 24 32 14 33 0 T T T 12.6 22 320 M M 8 1 31 320
19 45 21 33 15 32 0 0.00 0.0 0 24.4 41 230 M M 0 54 240
20 46 15 31 13 34 0 0.00 0.0 0 11.6 39 270 M M 0 52 290
21 31 7 19 1 46 0 0.00 0.0 0 7.5 16 310 M M 5 22 310
22 32 5 19 1 46 0 0.00 0.0 0 4.7 13 210 M M 0 14 220
23 30 3 17 -2 48 0 0.00 0.0 0 7.0 15 240 M M 3 19 240
24 23 7 15 -4 50 0 0.00 0.0 0 12.7 23 70 M M 4 28 70
25 17 4 11 -8 54 0 0.00 0.0 0 17.0 23 80 M M 8 8 30 80
26 28 9 19 0 46 0 0.00 0.0 0 12.9 24 70 M M 1 29 70
27 29 -1 14 -5 51 0 0.00 0.0 0 6.6 15 70 M M 2 20 70
28 35 4 20 1 45 0 0.00 0.0 0 5.4 13 80 M M 1 16 70
29 29 9 19 0 46 0 0.00 0.0 0 5.7 10 250 M M 3 13 220
30 43 4 24 5 41 0 0.00 0.0 0 8.9 22 220 M M 4 12 26 230
31 49 15 32 12 33 0 0.00 0.0 0 9.5 24 220 M M 0 30 230
================================================================================
SM 1250 501 1130 0 0.02 T 359.9 M 92
================================================================================
AV 40.3 16.2 11.6 FASTST M M 3 MAX(MPH)
MISC ----> 60 290 78 250
================================================================================
NOTES:
# LAST OF SEVERAL OCCURRENCES
COLUMN 17 PEAK WIND IN M.P.H.
PRELIMINARY LOCAL CLIMATOLOGICAL DATA (WS FORM: F-6) , PAGE 2
STATION: HAVRE MT
MONTH: JANUARY
YEAR: 2021
LATITUDE: 48 32 N
LONGITUDE: 109 46 W
[TEMPERATURE DATA] [PRECIPITATION DATA] SYMBOLS USED IN COLUMN 16
AVERAGE MONTHLY: 28.2 TOTAL FOR MONTH: 0.02 1 = FOG OR MIST
DPTR FM NORMAL: 10.2 DPTR FM NORMAL: -0.31 2 = FOG REDUCING VISIBILITY
HIGHEST: 58 ON 13 GRTST 24HR 0.05 ON 29-29 TO 1/4 MILE OR LESS
LOWEST: -1 ON 27 3 = THUNDER
SNOW, ICE PELLETS, HAIL 4 = ICE PELLETS
TOTAL MONTH: T 5 = HAIL
GRTST 24HR T ON 17-17 6 = FREEZING RAIN OR DRIZZLE
GRTST DEPTH: T 7 = DUSTSTORM OR SANDSTORM:
VSBY 1/2 MILE OR LESS
8 = SMOKE OR HAZE
[NO. OF DAYS WITH] [WEATHER - DAYS WITH] 9 = BLOWING SNOW
X = TORNADO
MAX 32 OR BELOW: 10 0.01 INCH OR MORE: 1
MAX 90 OR ABOVE: 0 0.10 INCH OR MORE: 0
MIN 32 OR BELOW: 30 0.50 INCH OR MORE: 0
MIN 0 OR BELOW: 1 1.00 INCH OR MORE: 0
[HDD (BASE 65) ]
TOTAL THIS MO. 1130 CLEAR (SCALE 0-3) 19
DPTR FM NORMAL -327 PTCLDY (SCALE 4-7) 9
TOTAL FM JUL 1 4195 CLOUDY (SCALE 8-10) 3
DPTR FM NORMAL -728
[CDD (BASE 65) ]
TOTAL THIS MO. 0
DPTR FM NORMAL 0 [PRESSURE DATA]
TOTAL FM JAN 1 0 HIGHEST SLP 30.53 ON 14
DPTR FM NORMAL 0 LOWEST SLP 29.34 ON 13
[REMARKS]
#FINAL-01-21#