000
CXUS56 KTFX 011110
CF6HVR
PRELIMINARY LOCAL CLIMATOLOGICAL DATA (WS FORM: F-6)
STATION: HAVRE MT
MONTH: MARCH
YEAR: 2020
LATITUDE: 48 32 N
LONGITUDE: 109 46 W
TEMPERATURE IN F: :PCPN: SNOW: WIND :SUNSHINE: SKY :PK WND
================================================================================
1 2 3 4 5 6A 6B 7 8 9 10 11 12 13 14 15 16 17 18
12Z AVG MX 2MIN
DY MAX MIN AVG DEP HDD CDD WTR SNW DPTH SPD SPD DIR MIN PSBL S-S WX SPD DR
================================================================================
1 39 23 31 5 34 0 0.00 0.0 0 14.2 28 210 M M 2 36 220
2 48 29 39 12 26 0 0.00 0.0 0 20.3 41 310 M M 3 49 310
3 52 30 41 14 24 0 0.00 0.0 0 15.1 43 300 M M 2 54 300
4 46 20 33 5 32 0 T T 0 20.2 41 300 M M 3 49 270
5 52 17 35 7 30 0 0.00 0.0 0 7.6 16 220 M M 0 19 220
6 65 26 46 18 19 0 0.00 0.0 0 6.0 15 80 M M 0 18 70
7 38 21 30 1 35 0 0.20 3.5 0 10.7 21 310 M M 7 1 26 330
8 25 8 17 -12 48 0 0.02 0.7 4 6.9 18 310 M M 4 18 22 310
9 37 11 24 -6 41 0 0.00 0.0 2 4.0 12 60 M M 1 12 60
10 48 17 33 3 32 0 0.00 0.0 T 13.5 29 250 M M 1 36 260
11 55 23 39 9 26 0 T 0.0 0 12.1 31 340 M M 6 41 330
12 35 20 28 -3 37 0 0.04 T 0 7.1 20 270 M M 7 128 24 260
13 25 18 22 -9 43 0 0.01 0.5 0 21.4 35 80 M M 10 18 45 80
14 19 4 12 -20 53 0 0.26 7.7 1 17.2 33 80 M M 10 128 42 90
15 10 2 6 -26 59 0 T T 8 12.5 22 280 M M 10 18 24 270
16 21 -5 8 -25 57 0 T T 7 13.1 21 220 M M 3 24 220
17 28 -5 12 -21 53 0 0.00 0.0 6 5.8 18 310 M M 2 1 21 300
18 25 13 19 -15 46 0 0.00 0.0 6 12.1 22 90 M M 10 26 90
19 23 11 17 -17 48 0 0.01 T 6 10.7 18 80 M M 8 18 23 80
20 31 9 20 -15 45 0 0.00 0.0 5 4.6 16 70 M M 4 19 70
21 37 11 24 -11 41 0 0.00 0.0 5 2.7 8 130 M M 1 9 10
22 41 21 31 -5 34 0 0.00 0.0 2 5.6 15 240 M M 3 1 18 210
23 59 27 43 7 22 0 0.00 0.0 T 7.9 22 200 M M 2 25 200
24 40 26 33 -3 32 0 0.00 0.0 0 11.5 20 300 M M 5 28 240
25 40 24 32 -5 33 0 T T 0 5.4 18 90 M M 6 22 90
26 49 21 35 -2 30 0 0.00 0.0 0 15.0 28 250 M M 1 35 270
27 52 28 40 2 25 0 0.00 0.0 0 14.9 25 210 M M 3 32 210
28 58 30 44 6 21 0 0.00 0.0 0 12.9 22 280 M M 2 8 27 290
29 63 27 45 7 20 0 0.00 0.0 0 11.7 25 260 M M 1 33 270
30 63 33 48 9 17 0 T 0.0 0 11.2 25 180 M M 3 32 170
31 42 20 31 -8 34 0 0.09 2.3 0 11.9 21 30 M M 8 1 25 10
================================================================================
SM 1266 560 1097 0 0.63 14.7 345.8 M 128
================================================================================
AV 40.8 18.1 11.2 FASTST M M 4 MAX(MPH)
MISC ----> 43 300 54 300
================================================================================
NOTES:
# LAST OF SEVERAL OCCURRENCES
COLUMN 17 PEAK WIND IN M.P.H.
PRELIMINARY LOCAL CLIMATOLOGICAL DATA (WS FORM: F-6) , PAGE 2
STATION: HAVRE MT
MONTH: MARCH
YEAR: 2020
LATITUDE: 48 32 N
LONGITUDE: 109 46 W
[TEMPERATURE DATA] [PRECIPITATION DATA] SYMBOLS USED IN COLUMN 16
AVERAGE MONTHLY: 29.5 TOTAL FOR MONTH: 0.63 1 = FOG OR MIST
DPTR FM NORMAL: -3.3 DPTR FM NORMAL: 0.09 2 = FOG REDUCING VISIBILITY
HIGHEST: 65 ON 6 GRTST 24HR 0.27 ON 13-14 TO 1/4 MILE OR LESS
LOWEST: -5 ON 17,16 3 = THUNDER
SNOW, ICE PELLETS, HAIL 4 = ICE PELLETS
TOTAL MONTH: 14.7 INCHES 5 = HAIL
GRTST 24HR 7.7 ON 14-14 6 = FREEZING RAIN OR DRIZZLE
GRTST DEPTH: 8 ON 15 7 = DUSTSTORM OR SANDSTORM:
VSBY 1/2 MILE OR LESS
8 = SMOKE OR HAZE
[NO. OF DAYS WITH] [WEATHER - DAYS WITH] 9 = BLOWING SNOW
X = TORNADO
MAX 32 OR BELOW: 9 0.01 INCH OR MORE: 7
MAX 90 OR ABOVE: 0 0.10 INCH OR MORE: 2
MIN 32 OR BELOW: 30 0.50 INCH OR MORE: 0
MIN 0 OR BELOW: 2 1.00 INCH OR MORE: 0
[HDD (BASE 65) ]
TOTAL THIS MO. 1097 CLEAR (SCALE 0-3) 17
DPTR FM NORMAL 99 PTCLDY (SCALE 4-7) 10
TOTAL FM JUL 1 7118 CLOUDY (SCALE 8-10) 4
DPTR FM NORMAL -1
[CDD (BASE 65) ]
TOTAL THIS MO. 0
DPTR FM NORMAL 0 [PRESSURE DATA]
TOTAL FM JAN 1 0 HIGHEST SLP 30.63 ON 15
DPTR FM NORMAL 0 LOWEST SLP 29.49 ON 4
[REMARKS]
#FINAL-03-20#