000
CXUS56 KMTR 011100
CF6HWD
PRELIMINARY LOCAL CLIMATOLOGICAL DATA (WS FORM: F-6)
STATION: HAYWARD AIRPORT
MONTH: FEBRUARY
YEAR: 2022
LATITUDE: 37 39 N
LONGITUDE: 122 7 W
TEMPERATURE IN F: :PCPN: SNOW: WIND :SUNSHINE: SKY :PK WND
================================================================================
1 2 3 4 5 6A 6B 7 8 9 10 11 12 13 14 15 16 17 18
12Z AVG MX 2MIN
DY MAX MIN AVG DEP HDD CDD WTR SNW DPTH SPD SPD DIR MIN PSBL S-S WX SPD DR
================================================================================
1 63 38 51 -1 14 0 0.00 M M 7.2 17 360 M M 0 26 10
2 64 44 54 2 11 0 0.00 M M 8.8 28 360 M M 0 34 10
3 64 40 52 0 13 0 0.00 M M 3.6 8 40 M M 0 10 270
4 63 41 52 0 13 0 0.00 M M 4.4 10 290 M M 0 8 14 290
5 64 42 53 0 12 0 0.00 M M 3.4 10 300 M M 0 8 12 180
6 64 39 52 -1 13 0 0.00 M M 3.1 9 270 M M 0 14 240
7 65 40 53 0 12 0 0.00 M M 3.4 8 60 M M 0 8 12 180
8 70 42 56 3 9 0 0.00 M M 2.8 10 50 M M 0 8 13 220
9 76 44 60 7 5 0 0.00 M M 4.2 15 50 M M 0 8 20 50
10 80 46 63 10 2 0 0.00 M M 3.1 12 270 M M 0 16 280
11 76 49 63 10 2 0 0.00 M M 3.4 9 50 M M 0 13 200
12 73 48 61 8 4 0 0.00 M M 4.3 10 40 M M 0 14 50
13 74 49 62 9 3 0 0.00 M M 3.7 9 290 M M 0 18 12 260
14 57 50 54 0 11 0 0.00 M M 9.4 22 280 M M 8 18 30 260
15 63 43 53 -1 12 0 T M M 7.6 18 300 M M 0 31 340
16 68 43 56 2 9 0 0.00 M M 6.8 17 280 M M 0 23 280
17 69 47 58 4 7 0 0.00 M M 6.3 16 350 M M 0 26 350
18 67 44 56 2 9 0 0.00 M M 4.8 12 290 M M 0 15 260
19 70 43 57 3 8 0 0.00 M M 3.4 10 280 M M 0 15 280
20 57 45 51 -3 14 0 0.00 M M 9.1 21 270 M M 5 18 30 270
21 58 38 48 -6 17 0 T M M 9.9 23 300 M M 2 31 290
22 54 39 47 -7 18 0 T M M 12.7 23 290 M M 4 36 280
23 57 33 45 -9 20 0 0.00 M M 6.1 17 290 M M 0 24 280
24 58 34 46 -8 19 0 0.00 M M 5.8 17 280 M M 0 21 280
25 61 37 49 -5 16 0 0.00 M M 5.6 15 280 M M 1 19 290
26 60 37 49 -6 16 0 0.00 M M 3.9 10 270 M M 2 13 260
27 69 41 55 0 10 0 0.00 M M 5.7 13 290 M M 0 16 300
28 74 44 59 4 6 0 0.00 M M 4.4 14 290 M M 0 17 290
================================================================================
SM 1838 1180 305 0 T M 156.9 M 22
================================================================================
AV 65.6 42.1 5.6 FASTST M M 1 MAX(MPH)
MISC ----> 28 360 36 280
================================================================================
NOTES:
# LAST OF SEVERAL OCCURRENCES
COLUMN 17 PEAK WIND IN M.P.H.
PRELIMINARY LOCAL CLIMATOLOGICAL DATA (WS FORM: F-6) , PAGE 2
STATION: HAYWARD AIRPORT
MONTH: FEBRUARY
YEAR: 2022
LATITUDE: 37 39 N
LONGITUDE: 122 7 W
[TEMPERATURE DATA] [PRECIPITATION DATA] SYMBOLS USED IN COLUMN 16
AVERAGE MONTHLY: 53.9 TOTAL FOR MONTH: T 1 = FOG OR MIST
DPTR FM NORMAL: 0.4 DPTR FM NORMAL: -3.11 2 = FOG REDUCING VISIBILITY
HIGHEST: 80 ON 10 GRTST 24HR T ON 15-15 TO 1/4 MILE OR LESS
LOWEST: 33 ON 23 3 = THUNDER
SNOW, ICE PELLETS, HAIL 4 = ICE PELLETS
TOTAL MONTH: M 5 = HAIL
GRTST 24HR M ON M 6 = FREEZING RAIN OR DRIZZLE
GRTST DEPTH: M ON M 7 = DUSTSTORM OR SANDSTORM:
VSBY 1/2 MILE OR LESS
8 = SMOKE OR HAZE
[NO. OF DAYS WITH] [WEATHER - DAYS WITH] 9 = BLOWING SNOW
X = TORNADO
MAX 32 OR BELOW: 0 0.01 INCH OR MORE: 0
MAX 90 OR ABOVE: 0 0.10 INCH OR MORE: 0
MIN 32 OR BELOW: 0 0.50 INCH OR MORE: 0
MIN 0 OR BELOW: 0 1.00 INCH OR MORE: 0
[HDD (BASE 65) ]
TOTAL THIS MO. 305 CLEAR (SCALE 0-3) 25
DPTR FM NORMAL -17 PTCLDY (SCALE 4-7) 3
TOTAL FM JUL 1 1474 CLOUDY (SCALE 8-10) 0
DPTR FM NORMAL -129
[CDD (BASE 65) ]
TOTAL THIS MO. 0
DPTR FM NORMAL 0 [PRESSURE DATA]
TOTAL FM JAN 1 0 HIGHEST SLP 30.48 ON 4
DPTR FM NORMAL 0 LOWEST SLP 29.91 ON 22
[REMARKS]
#FINAL-02-22#