000
CXUS54 KEWX 182142
CF6HYI
PRELIMINARY LOCAL CLIMATOLOGICAL DATA (WS FORM: F-6)
STATION: SAN MARCOS
MONTH: OCTOBER
YEAR: 2022
LATITUDE: 29 53 N
LONGITUDE: 97 52 W
TEMPERATURE IN F: :PCPN: SNOW: WIND :SUNSHINE: SKY :PK WND
================================================================================
1 2 3 4 5 6A 6B 7 8 9 10 11 12 13 14 15 16 17 18
12Z AVG MX 2MIN
DY MAX MIN AVG DEP HDD CDD WTR SNW DPTH SPD SPD DIR MIN PSBL S-S WX SPD DR
================================================================================
1 91 56 74 M 0 9 0.00 M M 4.8 9 60 M M 0 M M
2 86 56 71 M 0 6 0.00 M M 5.2 9 70 M M 0 M M
3 93 59 76 M 0 11 0.00 M M 5.2 8 110 M M 0 M M
4 91 63 77 M 0 12 0.00 M M 4.5 9 60 M M 0 M M
5 94 57 76 M 0 11 0.00 M M 4.1 9 130 M M 0 M M
6 94 63 79 M 0 14 0.00 M M 5.0 9 110 M M 0 17 40
7 88 66 77 M 0 12 0.00 M M 3.0 9 100 M M 0 M M
8 91 65 78 M 0 13 0.00 M M 9.3 16 20 M M 1 8 17 40
9 88 64 76 M 0 11 0.00 M M 6.9 15 170 M M 1 M M
10 91 63 77 M 0 12 0.00 M M 7.9 17 190 M M 1 20 150
11 91 63 77 M 0 12 0.00 M M 7.6 16 190 M M 3 22 150
12 95 73 84 M 0 19 0.00 M M 7.3 16 230 M M 4 28 250
13 92 72 82 M 0 17 0.00 M M 11.7 17 20 M M 1 24 20
14 93 66 80 M 0 15 0.00 M M 7.2 13 160 M M 4 M M
15 95 70 83 M 0 18 0.00 M M 9.8 16 190 M M 4 1 23 220
16 97 73 85 M 0 20 0.00 M M 8.6 20 30 M M 6 25 10
17 75 63 69 M 0 4 0.29 M M 14.2 21 10 M M 6 1 26 10
18 73 55 64 M 1 0 0.00 M M 10.8 17 20 M M 4 23 30
19 M 43 M M M M 0.00 M M 4.8 8 330 M M 0 M M
20 82 50 66 M 0 1 0.00 0.0 M 7.8 17 210 M M 0 21 210
21 84 55 70 M 0 5 0.00 0.0 M 11.5 21 190 M M 0 24 170
22 88 64 76 M 0 11 0.00 M M 14.4 25 210 M M 3 31 200
23 90 63 77 M 0 12 0.00 M M 14.8 24 150 M M 5 1 31 180
24 88 72 80 M 0 15 0.99 M M 14.8 28 340 M M 8 123 44 340
25 81 55 68 M 0 3 0.00 0.0 M 9.2 21 330 M M 2 32 330
26 82 46 64 M 1 0 0.00 M M 5.9 12 120 M M 0 M M
27 81 M M M M M 0.00 M M 7.9 17 160 M M 4 21 160
28 66 59 63 M 2 0 0.79 M M 11.7 21 340 M M 8 13 23 350
29 70 56 63 M 2 0 0.00 M M 10.3 18 330 M M 5 30 340
30 81 51 66 M 0 1 0.00 M M 4.9 10 20 M M 0 M M
31 81 52 67 M 0 2 0.00 M M 4.5 9 100 M M 1 M M
================================================================================
SM 2592 1813 6 266 2.07 0.0 255.6 M 71
================================================================================
AV 86.4 60.4 8.2 FASTST M M 2 MAX(MPH)
MISC ----> 28 340 44 340
================================================================================
NOTES:
# LAST OF SEVERAL OCCURRENCES
COLUMN 17 PEAK WIND IN M.P.H.
PRELIMINARY LOCAL CLIMATOLOGICAL DATA (WS FORM: F-6) , PAGE 2
STATION: SAN MARCOS
MONTH: OCTOBER
YEAR: 2022
LATITUDE: 29 53 N
LONGITUDE: 97 52 W
[TEMPERATURE DATA] [PRECIPITATION DATA] SYMBOLS USED IN COLUMN 16
AVERAGE MONTHLY: 73.4 TOTAL FOR MONTH: 2.07 1 = FOG OR MIST
DPTR FM NORMAL: 0.0 DPTR FM NORMAL: M 2 = FOG REDUCING VISIBILITY
HIGHEST: 97 ON 16 GRTST 24HR 0.99 ON 24-24 TO 1/4 MILE OR LESS
LOWEST: 43 ON 19 3 = THUNDER
SNOW, ICE PELLETS, HAIL 4 = ICE PELLETS
TOTAL MONTH: 0.0 INCH 5 = HAIL
GRTST 24HR 0.0 6 = FREEZING RAIN OR DRIZZLE
GRTST DEPTH: M ON M 7 = DUSTSTORM OR SANDSTORM:
VSBY 1/2 MILE OR LESS
8 = SMOKE OR HAZE
[NO. OF DAYS WITH] [WEATHER - DAYS WITH] 9 = BLOWING SNOW
X = TORNADO
MAX 32 OR BELOW: 0 0.01 INCH OR MORE: 3
MAX 90 OR ABOVE: 14 0.10 INCH OR MORE: 3
MIN 32 OR BELOW: 0 0.50 INCH OR MORE: 2
MIN 0 OR BELOW: 0 1.00 INCH OR MORE: 0
[HDD (BASE 65) ]
TOTAL THIS MO. 6 CLEAR (SCALE 0-3) 18
DPTR FM NORMAL M PTCLDY (SCALE 4-7) 12
TOTAL FM JUL 1 6 CLOUDY (SCALE 8-10) 1
DPTR FM NORMAL M
[CDD (BASE 65) ]
TOTAL THIS MO. 266
DPTR FM NORMAL M [PRESSURE DATA]
TOTAL FM JAN 1 3430 HIGHEST SLP 9999.00 ON 1
DPTR FM NORMAL M LOWEST SLP 9999.00 ON 1
[REMARKS]
#FINAL-10-22#