000
CXUS53 KUNR 191957
CF6ICR
PRELIMINARY LOCAL CLIMATOLOGICAL DATA (WS FORM: F-6)
STATION: WINNER REGIONAL AIRPORT SD
MONTH: DECEMBER
YEAR: 2023
LATITUDE: 43 23 N
LONGITUDE: 99 50 W
TEMPERATURE IN F: :PCPN: SNOW: WIND :SUNSHINE: SKY :PK WND
================================================================================
1 2 3 4 5 6A 6B 7 8 9 10 11 12 13 14 15 16 17 18
12Z AVG MX 2MIN
DY MAX MIN AVG DEP HDD CDD WTR SNW DPTH SPD SPD DIR MIN PSBL S-S WX SPD DR
================================================================================
1 37 14 26 -6 39 0 0.00 M M 8.3 21 160 M M 4 27 170
2 45 22 34 3 31 0 0.00 M M 6.7 22 170 M M 0 31 170
3 48 22 35 4 30 0 0.00 M M 9.5 22 310 M M 2 28 300
4 53 27 40 10 25 0 T M M 15.1 36 300 M M 4 55 310
5 46 31 39 9 26 0 0.00 M M 10.6 24 310 M M 6 34 320
6 69 40 55 25 10 0 0.00 M M 8.5 20 200 M M 0 27 200
7 73 38 56 26 9 0 0.00 M M 12.9 28 230 M M 1 38 240
8 49 33 41 12 24 0 T M M 23.2 37 300 M M 3 1 53 310
9 39 23 31 2 34 0 T M M 20.8 39 320 M M 3 1 49 310
10 40 23 32 3 33 0 0.00 M M 5.4 10 140 M M 4 15 200
11 51 24 38 10 27 0 0.00 M M 9.6 20 340 M M 4 27 340
12 35 17 26 -2 39 0 0.00 M M 7.4 20 190 M M 5 25 190
13 49 24 37 9 28 0 0.00 M M 9.8 23 200 M M 0 34 200
14 49 36 43 15 22 0 0.00 M M 18.1 33 200 M M 4 48 200
15 42 32 37 10 28 0 T M M 14.0 23 310 M M 5 18 34 200
16 34 27 31 4 34 0 T M M 11.1 20 300 M M 8 1 25 290
17 51 21 36 9 29 0 0.00 M M 10.8 26 310 M M 1 38 320
18 41 11 26 -1 39 0 0.00 M M 11.7 26 180 M M 0 37 180
19 50 25 38 12 27 0 0.00 M M 8.1 25 200 M M 0 35 200
20 48 20 34 8 31 0 0.00 M M 7.8 17 150 M M 0 1 20 140
21 52 31 42 16 23 0 0.00 M M 5.2 14 130 M M 0 18 150
22 62 30 46 20 19 0 0.00 M M 7.3 16 190 M M 0 22 200
23 53 40 47 21 18 0 0.14 M M 12.8 20 190 M M 4 1 28 290
24 40 26 33 7 32 0 0.33 M M 22.8 31 310 M M 10 1 41 310
25 28 22 25 -1 40 0 0.60 M M 27.5 38 320 M M 10 12 51 330
26 33 27 30 4 35 0 0.13 M M 14.2 24 320 M M 10 16 33 310
27 33 28 31 6 34 0 0.05 M M 10.0 20 320 M M 10 16 25 310
28 31 20 26 1 39 0 T M M 9.2 16 300 M M 7 12 22 290
29 39 20 30 5 35 0 0.00 M M 9.2 15 260 M M 0 20 270
30 38 17 28 3 37 0 0.00 M M 10.8 18 340 M M 3 1 24 330
31 24 7 16 -9 49 0 T M M 9.1 17 330 M M 8 12 21 330
================================================================================
SM 1382 778 926 0 1.25 M 367.5 M 116
================================================================================
AV 44.6 25.1 11.9 FASTST M M 4 MAX(MPH)
MISC ----> 39 320 55 310
================================================================================
NOTES:
# LAST OF SEVERAL OCCURRENCES
COLUMN 17 PEAK WIND IN M.P.H.
PRELIMINARY LOCAL CLIMATOLOGICAL DATA (WS FORM: F-6) , PAGE 2
STATION: WINNER REGIONAL AIRPORT SD
MONTH: DECEMBER
YEAR: 2023
LATITUDE: 43 23 N
LONGITUDE: 99 50 W
[TEMPERATURE DATA] [PRECIPITATION DATA] SYMBOLS USED IN COLUMN 16
AVERAGE MONTHLY: 34.8 TOTAL FOR MONTH: 1.25 1 = FOG OR MIST
DPTR FM NORMAL: 7.3 DPTR FM NORMAL: 0.99 2 = FOG REDUCING VISIBILITY
HIGHEST: 73 ON 7 GRTST 24HR 0.60 ON 25-25 TO 1/4 MILE OR LESS
LOWEST: 7 ON 31 3 = THUNDER
SNOW, ICE PELLETS, HAIL 4 = ICE PELLETS
TOTAL MONTH: M 5 = HAIL
GRTST 24HR M ON M 6 = FREEZING RAIN OR DRIZZLE
GRTST DEPTH: M ON M 7 = DUSTSTORM OR SANDSTORM:
VSBY 1/2 MILE OR LESS
8 = SMOKE OR HAZE
[NO. OF DAYS WITH] [WEATHER - DAYS WITH] 9 = BLOWING SNOW
X = TORNADO
MAX 32 OR BELOW: 3 0.01 INCH OR MORE: 5
MAX 90 OR ABOVE: 0 0.10 INCH OR MORE: 4
MIN 32 OR BELOW: 26 0.50 INCH OR MORE: 1
MIN 0 OR BELOW: 0 1.00 INCH OR MORE: 0
[HDD (BASE 65) ]
TOTAL THIS MO. 926 CLEAR (SCALE 0-3) 14
DPTR FM NORMAL -235 PTCLDY (SCALE 4-7) 12
TOTAL FM JUL 1 2096 CLOUDY (SCALE 8-10) 5
DPTR FM NORMAL -421
[CDD (BASE 65) ]
TOTAL THIS MO. 0
DPTR FM NORMAL 0 [PRESSURE DATA]
TOTAL FM JAN 1 1177 HIGHEST SLP 30.59 ON 13
DPTR FM NORMAL 116 LOWEST SLP 29.33 ON 7
[REMARKS]
#FINAL-12-23#