000
CXUS53 KUNR 010945
CF6ICR
PRELIMINARY LOCAL CLIMATOLOGICAL DATA (WS FORM: F-6)
STATION: WINNER REGIONAL AIRPORT SD
MONTH: AUGUST
YEAR: 2020
LATITUDE: 43 23 N
LONGITUDE: 99 50 W
TEMPERATURE IN F: :PCPN: SNOW: WIND :SUNSHINE: SKY :PK WND
================================================================================
1 2 3 4 5 6A 6B 7 8 9 10 11 12 13 14 15 16 17 18
12Z AVG MX 2MIN
DY MAX MIN AVG DEP HDD CDD WTR SNW DPTH SPD SPD DIR MIN PSBL S-S WX SPD DR
================================================================================
1 80 59 70 -6 0 5 0.09 M M 9.3 20 10 M M 3 28 20
2 79 54 67 -9 0 2 0.00 M M 5.7 14 360 M M 2 21 350
3 79 53 66 -10 0 1 0.00 M M 7.8 16 110 M M 1 21 100
4 79 61 70 -6 0 5 0.77 M M 13.0 24 360 M M 6 123 31 140
5 85 61 73 -3 0 8 0.00 M M 5.4 12 60 M M 4 12 15 280
6 87 62 75 -1 0 10 0.00 M M 9.4 17 140 M M 3 12 25 140
7 90 67 79 3 0 14 0.00 M M 16.8 28 140 M M 2 33 140
8 82 66 74 -2 0 9 0.25 M M 10.5 44 270 M M 4 138 61 270
9 95 65 80 4 0 15 T M M 8.5 18 350 M M 1 27 170
10 79 59 69 -7 0 4 0.81 M M 5.9 25 40 M M 5 13 31 40
11 85 61 73 -3 0 8 T M M 12.9 26 130 M M 1 36 140
12 90 63 77 1 0 12 0.00 M M 11.0 25 180 M M 0 37 190
13 94 73 84 9 0 19 0.00 M M 12.7 24 190 M M 0 35 200
14 82 58 70 -5 0 5 0.00 M M 14.9 28 310 M M 1 42 310
15 88 56 72 -3 0 7 T M M 7.3 16 200 M M 1 24 220
16 91 62 77 2 0 12 0.00 M M 7.8 15 350 M M 0 20 350
17 90 56 73 -2 0 8 0.00 M M 5.5 15 130 M M 0 19 130
18 89 65 77 3 0 12 0.86 M M 14.0 25 190 M M 2 3 34 190
19 94 69 82 8 0 17 T M M 16.4 25 190 M M 0 36 190
20 93 71 82 8 0 17 0.00 M M 12.3 21 200 M M 0 28 200
21 93 68 81 7 0 16 0.00 M M 6.2 18 200 M M 0 24 220
22 95 66 81 7 0 16 0.00 M M 5.3 13 140 M M 0 17 160
23 97 71 84 11 0 19 T M M 10.5 33 180 M M 0 3 52 190
24 93 74 84 11 0 19 0.00 M M 8.4 36 180 M M 0 46 180
25 101 66 84 11 0 19 0.00 M M 12.8 25 190 M M 0 34 170
26 94 69 82 10 0 17 T M M 12.7 28 190 M M 0 41 180
27 89 63 76 4 0 11 0.01 M M 9.8 29 290 M M 3 128 40 280
28 81 55 68 -4 0 3 0.02 M M 10.6 26 310 M M 3 3 33 310
29 81 47 64 -8 1 0 0.00 M M 9.8 21 160 M M 0 8 32 150
30 96 59 78 7 0 13 T M M 22.2 35 340 M M 2 47 340
31 74 47 61 -10 4 0 0.01 M M 7.7 21 320 M M 2 3 28 330
================================================================================
SM 2725 1926 5 323 2.82 M 323.1 M 46
================================================================================
AV 87.9 62.1 10.4 FASTST M M 1 MAX(MPH)
MISC ----> # 44 270 # 61 270
================================================================================
NOTES:
# LAST OF SEVERAL OCCURRENCES
COLUMN 17 PEAK WIND IN M.P.H.
PRELIMINARY LOCAL CLIMATOLOGICAL DATA (WS FORM: F-6) , PAGE 2
STATION: WINNER REGIONAL AIRPORT SD
MONTH: AUGUST
YEAR: 2020
LATITUDE: 43 23 N
LONGITUDE: 99 50 W
[TEMPERATURE DATA] [PRECIPITATION DATA] SYMBOLS USED IN COLUMN 16
AVERAGE MONTHLY: 75.0 TOTAL FOR MONTH: 2.82 1 = FOG OR MIST
DPTR FM NORMAL: 0.6 DPTR FM NORMAL: 0.50 2 = FOG REDUCING VISIBILITY
HIGHEST: 101 ON 25 GRTST 24HR 0.86 ON 18-18 TO 1/4 MILE OR LESS
LOWEST: 47 ON 31,29 3 = THUNDER
SNOW, ICE PELLETS, HAIL 4 = ICE PELLETS
TOTAL MONTH: M 5 = HAIL
GRTST 24HR M ON M 6 = FREEZING RAIN OR DRIZZLE
GRTST DEPTH: M ON M 7 = DUSTSTORM OR SANDSTORM:
VSBY 1/2 MILE OR LESS
8 = SMOKE OR HAZE
[NO. OF DAYS WITH] [WEATHER - DAYS WITH] 9 = BLOWING SNOW
X = TORNADO
MAX 32 OR BELOW: 0 0.01 INCH OR MORE: 8
MAX 90 OR ABOVE: 15 0.10 INCH OR MORE: 4
MIN 32 OR BELOW: 0 0.50 INCH OR MORE: 3
MIN 0 OR BELOW: 0 1.00 INCH OR MORE: 0
[HDD (BASE 65) ]
TOTAL THIS MO. 5 CLEAR (SCALE 0-3) 27
DPTR FM NORMAL -4 PTCLDY (SCALE 4-7) 4
TOTAL FM JUL 1 5 CLOUDY (SCALE 8-10) 0
DPTR FM NORMAL -9
[CDD (BASE 65) ]
TOTAL THIS MO. 323
DPTR FM NORMAL 23 [PRESSURE DATA]
TOTAL FM JAN 1 990 HIGHEST SLP 30.22 ON 17
DPTR FM NORMAL 184 LOWEST SLP 29.40 ON 30
[REMARKS]
#FINAL-08-20#