000
CXUS53 KUNR 011549
CLMICR
CLIMATE REPORT
NATIONAL WEATHER SERVICE RAPID CITY SD
849 AM MST MON JAN 01 2024
...................................
...THE WINNER REGIONAL AIRPORT SD CLIMATE SUMMARY FOR THE MONTH OF DECEMBER 2023...
CLIMATE NORMAL PERIOD 1991 TO 2020
CLIMATE RECORD PERIOD 9999 TO 9999
WEATHER OBSERVED NORMAL DEPART LAST YEAR`S
VALUE DATE(S) VALUE FROM VALUE DATE(S)
NORMAL
................................................................
TEMPERATURE (F)
HIGHEST 73 12/07 54 12/04
LOWEST 11 12/18 -19 12/22
AVG. MAXIMUM 44.6 37.4 7.2 29.1
AVG. MINIMUM 25.4 17.7 7.7 10.4
MEAN 35.0 27.5 7.5 19.8
DAYS MAX >= 90 0 0
DAYS MAX <= 32 3 12
DAYS MIN <= 32 26 28
DAYS MIN <= 0 0 10
PRECIPITATION (INCHES)
TOTALS 0.35 0.26 0.09 1.62
DAILY AVG. 0.01 0.01 0.00 0.05
DAYS >= .01 5 5
DAYS >= .10 1 2
DAYS >= .50 0 1
DAYS >= 1.00 0 1
GREATEST
24 HR. TOTAL 0.17 12/23 TO 12/24 1.28
DEGREE DAYS
HEATING TOTAL 922 1161 -239 1396
SINCE 7/1 2096 2517 -421 MM
COOLING TOTAL 0 0 0 0
SINCE 1/1 1177 1061 116 MM
................................................................
WIND (MPH)
AVERAGE WIND SPEED 11.9
HIGHEST WIND SPEED/DIRECTION 39/320 DATE 12/09
HIGHEST GUST SPEED/DIRECTION 55/310 DATE 12/04
AVERAGE RH (PERCENT) 68
WEATHER CONDITIONS. NUMBER OF DAYS WITH
THUNDERSTORM 0 MIXED PRECIP 0
HEAVY RAIN 0 RAIN 1
LIGHT RAIN 6 FREEZING RAIN 1
LT FREEZING RAIN 2 HAIL 0
HEAVY SNOW 1 SNOW 3
LIGHT SNOW 7 SLEET 0
FOG 13 FOG W/VIS <= 1/4 MILE 3
HAZE 1
- INDICATES NEGATIVE NUMBERS.
R INDICATES RECORD WAS SET OR TIED.
MM INDICATES DATA IS MISSING.
T INDICATES TRACE AMOUNT.
$$