000
CXUS53 KUNR 170930
CF6IEN
PRELIMINARY LOCAL CLIMATOLOGICAL DATA (WS FORM: F-6)
STATION: PINE RIDGE SD
MONTH: APRIL
YEAR: 2024
LATITUDE: 43 1 N
LONGITUDE: 102 31 W
TEMPERATURE IN F: :PCPN: SNOW: WIND :SUNSHINE: SKY :PK WND
================================================================================
1 2 3 4 5 6A 6B 7 8 9 10 11 12 13 14 15 16 17 18
12Z AVG MX 2MIN
DY MAX MIN AVG DEP HDD CDD WTR SNW DPTH SPD SPD DIR MIN PSBL S-S WX SPD DR
================================================================================
1 34 22 28 -15 37 0 0.09 M M 5.4 12 310 M M 9 12 16 80
2 54 21 38 -5 27 0 0.00 M M 6.9 18 20 M M 1 12 26 350
3 65 21 43 0 22 0 0.00 M M 3.5 10 70 M M 0 13 340
4 72 29 51 8 14 0 0.00 M M 10.9 30 170 M M 0 47 180
5 65 48 57 13 8 0 0.00 M M 21.3 36 170 M M 0 55 160
6 57 42 50 6 15 0 0.58 M M 15.1 37 150 M M 5 18 53 160
7 42 32 37 -7 28 0 0.29 M M 10.7 21 330 M M 10 1 28 340
8 45 30 38 -6 27 0 0.03 M M 9.0 20 290 M M 7 1 32 280
9 59 29 44 0 21 0 0.00 M M 6.6 18 250 M M 1 26 280
10 58 26 42 -2 23 0 0.02 M M 9.1 23 360 M M 3 36 360
11 56 22 39 -6 26 0 0.00 M M 6.8 17 290 M M 0 25 310
12 74 22 48 3 17 0 0.00 M M 7.0 23 190 M M 0 32 180
13 84 43 64 19 1 0 0.00 M M 9.6 21 270 M M 0 31 270
14 82 34 58 13 7 0 0.00 M M 9.6 30 140 M M 0 43 140
15 84 56 70 24 0 5 T M M 21.1 26 160 M M 0 49 170
16 63 46 55 9 10 0 0.27 M M 16.4 40 20 M M 6 1 55 20
================================================================================
SM 994 523 283 5 1.28 M 169.1 M 42
================================================================================
AV 62.1 32.7 10.6 FASTST M M 3 MAX(MPH)
MISC ----> 40 20 # 55 160
================================================================================
NOTES:
# LAST OF SEVERAL OCCURRENCES
COLUMN 17 PEAK WIND IN M.P.H.
PRELIMINARY LOCAL CLIMATOLOGICAL DATA (WS FORM: F-6) , PAGE 2
STATION: PINE RIDGE SD
MONTH: APRIL
YEAR: 2024
LATITUDE: 43 1 N
LONGITUDE: 102 31 W
[TEMPERATURE DATA] [PRECIPITATION DATA] SYMBOLS USED IN COLUMN 16
AVERAGE MONTHLY: 47.4 TOTAL FOR MONTH: 1.28 1 = FOG OR MIST
DPTR FM NORMAL: 3.2 DPTR FM NORMAL: 0.32 2 = FOG REDUCING VISIBILITY
HIGHEST: 84 ON 15,13 GRTST 24HR 0.77 ON 6- 7 TO 1/4 MILE OR LESS
LOWEST: 21 ON 3, 2 3 = THUNDER
SNOW, ICE PELLETS, HAIL 4 = ICE PELLETS
TOTAL MONTH: M 5 = HAIL
GRTST 24HR M ON M 6 = FREEZING RAIN OR DRIZZLE
GRTST DEPTH: M ON M 7 = DUSTSTORM OR SANDSTORM:
VSBY 1/2 MILE OR LESS
8 = SMOKE OR HAZE
[NO. OF DAYS WITH] [WEATHER - DAYS WITH] 9 = BLOWING SNOW
X = TORNADO
MAX 32 OR BELOW: 0 0.01 INCH OR MORE: 6
MAX 90 OR ABOVE: 0 0.10 INCH OR MORE: 3
MIN 32 OR BELOW: 10 0.50 INCH OR MORE: 1
MIN 0 OR BELOW: 0 1.00 INCH OR MORE: 0
[HDD (BASE 65) ]
TOTAL THIS MO. 283 CLEAR (SCALE 0-3) 11
DPTR FM NORMAL -49 PTCLDY (SCALE 4-7) 3
TOTAL FM JUL 1 6002 CLOUDY (SCALE 8-10) 2
DPTR FM NORMAL -382
[CDD (BASE 65) ]
TOTAL THIS MO. 5
DPTR FM NORMAL 5 [PRESSURE DATA]
TOTAL FM JAN 1 5 HIGHEST SLP M ON M
DPTR FM NORMAL 5 LOWEST SLP 29.24 ON 16
[REMARKS]