000
CXUS53 KUNR 011030
CF6IEN
PRELIMINARY LOCAL CLIMATOLOGICAL DATA (WS FORM: F-6)
STATION: PINE RIDGE SD
MONTH: DECEMBER
YEAR: 2020
LATITUDE: 43 1 N
LONGITUDE: 102 31 W
TEMPERATURE IN F: :PCPN: SNOW: WIND :SUNSHINE: SKY :PK WND
================================================================================
1 2 3 4 5 6A 6B 7 8 9 10 11 12 13 14 15 16 17 18
12Z AVG MX 2MIN
DY MAX MIN AVG DEP HDD CDD WTR SNW DPTH SPD SPD DIR MIN PSBL S-S WX SPD DR
================================================================================
1 49 23 36 10 29 0 T M M 12.6 28 350 M M 3 43 350
2 37 8 23 -3 42 0 0.00 M M 7.8 22 350 M M 6 31 360
3 49 8 29 4 36 0 0.00 M M 5.0 13 270 M M 0 17 260
4 59 18 39 14 26 0 0.00 M M 4.6 13 260 M M 0 18 240
5 55 14 35 10 30 0 0.00 M M 2.6 12 270 M M 0 15 280
6 55 13 34 10 31 0 0.00 M M 2.2 12 260 M M 0 15 270
7 60 14 37 13 28 0 0.00 M M 4.6 16 250 M M 0 8 23 250
8 64 28 46 22 19 0 0.00 M M 7.9 20 270 M M 0 25 270
9 67 21 44 20 21 0 0.00 M M 3.9 17 190 M M 0 26 180
10 47 19 33 10 32 0 T M M 6.9 21 10 M M 4 32 350
11 34 19 27 4 38 0 0.00 M M 1.9 7 50 M M 8 9 20
12 38 13 26 3 39 0 T M M 4.4 16 180 M M 8 22 190
13 36 8 22 -1 43 0 0.00 M M 5.8 14 250 M M 0 21 270
14 33 12 23 0 42 0 0.00 M M 6.8 14 110 M M 5 19 110
15 33 7 20 -2 45 0 0.00 M M 4.1 12 270 M M 5 16 360
16 44 9 27 5 38 0 0.00 M M 7.1 22 300 M M 5 34 290
17 53 9 31 9 34 0 0.00 M M 5.1 20 210 M M 2 25 200
18 45 10 28 6 37 0 T M M 6.8 22 350 M M 4 33 350
19 47 9 28 6 37 0 T M M 7.0 25 270 M M 2 36 280
20 53 18 36 14 29 0 0.00 M M 7.3 23 270 M M 2 34 270
21 52 16 34 12 31 0 0.00 M M 3.3 13 200 M M 3 20 190
22 67 30 49 27 16 0 0.03 M M 15.1 29 340 M M 3 1 52 310
23 30 11 21 -1 44 0 T M M 16.6 36 340 M M 7 1289 57 360
24 42 14 28 6 37 0 T M M 7.5 15 240 M M 6 19 240
25 48 18 33 11 32 0 0.00 M M 6.0 17 240 M M 0 22 250
26 49 13 31 9 34 0 0.00 M M 4.1 18 250 M M 1 26 240
27 41 20 31 9 34 0 0.07 M M 6.7 21 350 M M 9 27 350
28 32 20 26 4 39 0 T M M 5.5 17 130 M M 8 12 26 140
29 35 10 23 1 42 0 T M M 11.6 29 160 M M 7 18 45 150
30 33 8 21 -1 44 0 0.00 M M 5.4 14 250 M M 0 18 250
31 42 5 24 2 41 0 0.00 M M 3.3 15 240 M M 1 20 260
================================================================================
SM 1429 445 1070 0 0.10 M 199.5 M 99
================================================================================
AV 46.1 14.4 6.4 FASTST M M 3 MAX(MPH)
MISC ----> 36 340 57 360
================================================================================
NOTES:
# LAST OF SEVERAL OCCURRENCES
COLUMN 17 PEAK WIND IN M.P.H.
PRELIMINARY LOCAL CLIMATOLOGICAL DATA (WS FORM: F-6) , PAGE 2
STATION: PINE RIDGE SD
MONTH: DECEMBER
YEAR: 2020
LATITUDE: 43 1 N
LONGITUDE: 102 31 W
[TEMPERATURE DATA] [PRECIPITATION DATA] SYMBOLS USED IN COLUMN 16
AVERAGE MONTHLY: 30.2 TOTAL FOR MONTH: 0.10 1 = FOG OR MIST
DPTR FM NORMAL: 7.1 DPTR FM NORMAL: -0.25 2 = FOG REDUCING VISIBILITY
HIGHEST: 67 ON 22, 9 GRTST 24HR 0.07 ON 27-27 TO 1/4 MILE OR LESS
LOWEST: 5 ON 31 3 = THUNDER
SNOW, ICE PELLETS, HAIL 4 = ICE PELLETS
TOTAL MONTH: M 5 = HAIL
GRTST 24HR M ON M 6 = FREEZING RAIN OR DRIZZLE
GRTST DEPTH: M ON M 7 = DUSTSTORM OR SANDSTORM:
VSBY 1/2 MILE OR LESS
8 = SMOKE OR HAZE
[NO. OF DAYS WITH] [WEATHER - DAYS WITH] 9 = BLOWING SNOW
X = TORNADO
MAX 32 OR BELOW: 2 0.01 INCH OR MORE: 2
MAX 90 OR ABOVE: 0 0.10 INCH OR MORE: 0
MIN 32 OR BELOW: 31 0.50 INCH OR MORE: 0
MIN 0 OR BELOW: 0 1.00 INCH OR MORE: 0
[HDD (BASE 65) ]
TOTAL THIS MO. 1070 CLEAR (SCALE 0-3) 16
DPTR FM NORMAL -230 PTCLDY (SCALE 4-7) 13
TOTAL FM JUL 1 2667 CLOUDY (SCALE 8-10) 2
DPTR FM NORMAL -326
[CDD (BASE 65) ]
TOTAL THIS MO. 0
DPTR FM NORMAL 0 [PRESSURE DATA]
TOTAL FM JAN 1 1039 HIGHEST SLP 30.61 ON 2
DPTR FM NORMAL 322 LOWEST SLP 29.32 ON 22
[REMARKS]
#FINAL-12-20#