000
CXUS51 KPHI 010815
CF6ILG
PRELIMINARY LOCAL CLIMATOLOGICAL DATA (WS FORM: F-6)
STATION: WILMINGTON DE
MONTH: MAY
YEAR: 2020
LATITUDE: 39 40 N
LONGITUDE: 75 36 W
TEMPERATURE IN F: :PCPN: SNOW: WIND :SUNSHINE: SKY :PK WND
================================================================================
1 2 3 4 5 6A 6B 7 8 9 10 11 12 13 14 15 16 17 18
12Z AVG MX 2MIN
DY MAX MIN AVG DEP HDD CDD WTR SNW DPTH SPD SPD DIR MIN PSBL S-S WX SPD DR
================================================================================
1 70 55 63 5 2 0 T 0.0 0 9.8 23 290 M M 8 1 27 290
2 74 49 62 4 3 0 0.00 0.0 0 10.2 17 330 M M 1 25 300
3 78 56 67 8 0 2 0.20 0.0 0 6.8 17 240 M M 6 23 220
4 75 48 62 3 3 0 0.05 0.0 0 13.0 29 320 M M 4 1 37 310
5 61 44 53 -6 12 0 0.00 0.0 0 6.0 15 300 M M 4 17 280
6 54 45 50 -10 15 0 0.12 0.0 0 7.1 14 30 M M 10 1 18 80
7 65 43 54 -6 11 0 0.00 0.0 0 10.3 22 330 M M 3 28 290
8 55 37 46 -14 19 0 0.33 0.0 0 8.7 29 320 M M 9 1 39 320
9 49 33 41 -20 24 0 0.00 0.0 0 17.0 30 270 M M 4 38 280
10 63 35 49 -12 16 0 0.00 0.0 0 11.8 21 260 M M 0 26 240
11 62 42 52 -9 13 0 0.06 0.0 0 12.7 31 300 M M 4 1 39 300
12 61 40 51 -11 14 0 0.00 0.0 0 10.6 23 290 M M 4 31 280
13 66 37 52 -10 13 0 0.00 0.0 0 5.0 15 290 M M 1 23 270
14 70 40 55 -7 10 0 0.00 0.0 0 6.2 20 160 M M 5 24 160
15 84 60 72 10 0 7 0.05 0.0 0 11.0 22 200 M M 3 1 27 200
16 79 59 69 6 0 4 0.00 0.0 0 8.7 18 20 M M 3 22 10
17 69 54 62 -1 3 0 T 0.0 0 9.1 17 110 M M 6 22 130
18 70 53 62 -1 3 0 0.00 0.0 0 12.6 24 60 M M 8 30 60
19 69 52 61 -3 4 0 0.00 0.0 0 16.1 33 70 M M 0 43 80
20 64 46 55 -9 10 0 0.00 0.0 0 14.0 23 70 M M 0 29 90
21 72 45 59 -5 6 0 0.00 0.0 0 9.2 17 160 M M 3 20 170
22 69 56 63 -2 2 0 0.98 0.0 0 6.4 13 120 M M 10 1 16 130
23 79 59 69 4 0 4 0.64 0.0 0 6.7 20 80 M M 7 12 27 40
24 70 54 62 -3 3 0 0.00 0.0 0 9.2 18 40 M M 9 26 90
25 72 57 65 -1 0 0 0.00 0.0 0 4.5 10 170 M M 6 16 140
26 77 57 67 1 0 2 0.00 0.0 0 6.4 16 160 M M 4 128 19 160
27 78 59 69 3 0 4 0.00 0.0 0 7.2 18 170 M M 6 12 23 170
28 78 66 72 6 0 7 0.02 0.0 0 10.4 20 160 M M 8 1 24 170
29 85 68 77 10 0 12 T 0.0 0 9.3 17 150 M M 7 22 210
30 82 65 74 7 0 9 T 0.0 0 8.8 22 320 M M 2 29 310
31 72 54 63 -5 2 0 0.00 0.0 0 10.9 23 300 M M 0 29 320
================================================================================
SM 2172 1568 188 51 2.45 0.0 295.7 M 145
================================================================================
AV 70.1 50.6 9.5 FASTST M M 5 MAX(MPH)
MISC ----> 33 70 43 80
================================================================================
NOTES:
# LAST OF SEVERAL OCCURRENCES
COLUMN 17 PEAK WIND IN M.P.H.
PRELIMINARY LOCAL CLIMATOLOGICAL DATA (WS FORM: F-6) , PAGE 2
STATION: WILMINGTON DE
MONTH: MAY
YEAR: 2020
LATITUDE: 39 40 N
LONGITUDE: 75 36 W
[TEMPERATURE DATA] [PRECIPITATION DATA] SYMBOLS USED IN COLUMN 16
AVERAGE MONTHLY: 60.3 TOTAL FOR MONTH: 2.45 1 = FOG OR MIST
DPTR FM NORMAL: -2.5 DPTR FM NORMAL: -1.50 2 = FOG REDUCING VISIBILITY
HIGHEST: 85 ON 29 GRTST 24HR 1.38 ON 22-23 TO 1/4 MILE OR LESS
LOWEST: 33 ON 9 3 = THUNDER
SNOW, ICE PELLETS, HAIL 4 = ICE PELLETS
TOTAL MONTH: 0.0 INCH 5 = HAIL
GRTST 24HR 0.0 6 = FREEZING RAIN OR DRIZZLE
GRTST DEPTH: 0 7 = DUSTSTORM OR SANDSTORM:
VSBY 1/2 MILE OR LESS
8 = SMOKE OR HAZE
[NO. OF DAYS WITH] [WEATHER - DAYS WITH] 9 = BLOWING SNOW
X = TORNADO
MAX 32 OR BELOW: 0 0.01 INCH OR MORE: 9
MAX 90 OR ABOVE: 0 0.10 INCH OR MORE: 5
MIN 32 OR BELOW: 0 0.50 INCH OR MORE: 2
MIN 0 OR BELOW: 0 1.00 INCH OR MORE: 0
[HDD (BASE 65) ]
TOTAL THIS MO. 188 CLEAR (SCALE 0-3) 9
DPTR FM NORMAL 53 PTCLDY (SCALE 4-7) 18
TOTAL FM JUL 1 4222 CLOUDY (SCALE 8-10) 4
DPTR FM NORMAL -581
[CDD (BASE 65) ]
TOTAL THIS MO. 51
DPTR FM NORMAL -16 [PRESSURE DATA]
TOTAL FM JAN 1 52 HIGHEST SLP 30.41 ON 20
DPTR FM NORMAL -27 LOWEST SLP 29.55 ON 8
[REMARKS]
#FINAL-05-20#