303
CXUS52 KILM 030134
CF6ILM
PRELIMINARY LOCAL CLIMATOLOGICAL DATA (WS FORM: F-6)
STATION: WILMINGTON NORTH CAROLINA
MONTH: JANUARY
YEAR: 2021
LATITUDE: 34 16 N
LONGITUDE: 77 55 W
TEMPERATURE IN F: :PCPN: SNOW: WIND :SUNSHINE: SKY :PK WND
================================================================================
1 2 3 4 5 6A 6B 7 8 9 10 11 12 13 14 15 16 17 18
12Z AVG MX 2MIN
DY MAX MIN AVG DEP HDD CDD WTR SNW DPTH SPD SPD DIR MIN PSBL S-S WX SPD DR
================================================================================
1 71 54 63 17 2 0 0.35 0.0 0 8.1 17 200 M M 10 1 27 200
2 72 63 68 22 0 3 0.06 0.0 0 7.7 24 220 M M 8 1 40 220
3 71 54 63 17 2 0 0.16 0.0 0 8.4 22 220 M M 6 1 29 200
4 54 39 47 1 18 0 0.00 0.0 0 4.6 14 30 M M 5 1 17 20
5 51 35 43 -3 22 0 0.09 0.0 0 3.6 13 260 M M 5 12 17 320
6 52 35 44 -2 21 0 0.00 0.0 0 5.7 15 310 M M 1 1 19 310
7 52 31 42 -4 23 0 0.00 0.0 0 4.6 14 50 M M 1 1 18 40
8 54 39 47 1 18 0 0.72 0.0 0 11.8 28 40 M M 9 1 35 30
9 52 36 44 -2 21 0 0.00 0.0 0 9.7 21 330 M M 3 25 330
10 55 29 42 -4 23 0 0.00 0.0 0 4.1 14 20 M M 0 18 20
11 56 30 43 -3 22 0 0.18 0.0 0 5.0 16 50 M M 6 1 20 50
12 50 38 44 -2 21 0 0.46 0.0 0 6.6 14 360 M M 9 1 18 30
13 59 37 48 2 17 0 T 0.0 0 2.7 12 230 M M 4 12 17 210
14 59 40 50 4 15 0 0.12 0.0 0 6.9 16 260 M M 5 1 20 250
15 64 34 49 3 16 0 0.20 0.0 0 6.6 18 210 M M 3 1 24 170
16 51 40 46 0 19 0 0.00 0.0 0 13.2 30 250 M M 2 1 39 250
17 53 30 42 -4 23 0 0.00 0.0 0 7.8 17 250 M M 0 20 260
18 57 35 46 0 19 0 0.00 0.0 0 9.5 26 260 M M 0 33 300
19 60 30 45 -1 20 0 0.00 0.0 0 6.5 15 200 M M 0 22 200
20 63 35 49 3 16 0 0.00 0.0 0 9.0 21 310 M M 0 26 270
21 57 32 45 -1 20 0 0.01 0.0 0 7.6 21 260 M M 6 28 270
22 59 39 49 3 16 0 0.00 0.0 0 4.6 10 320 M M 0 13 310
23 57 33 45 -1 20 0 0.00 0.0 0 8.3 21 340 M M 0 28 330
24 52 27 40 -6 25 0 0.00 0.0 0 4.6 12 30 M M 2 14 120
25 55 45 50 4 15 0 0.40 0.0 0 4.6 13 40 M M 10 12 17 70
26 70 51 61 15 4 0 0.06 0.0 0 6.8 22 250 M M 8 123 29 250
27 65 45 55 8 10 0 0.30 0.0 0 5.8 15 70 M M 10 1 21 70
28 46 31 39 -8 26 0 0.24 0.0 0 16.3 31 330 M M 6 1 39 340
29 45 28 37 -10 28 0 0.00 0.0 0 7.3 16 350 M M 0 23 360
30 46 25 36 -11 29 0 0.00 0.0 0 3.8 12 30 M M 1 14 130
31 61 38 50 3 15 0 1.44 0.0 0 9.0 20 360 M M 8 1 28 350
================================================================================
SM 1769 1158 546 3 4.79 0.0 220.8 M 128
================================================================================
AV 57.1 37.4 7.1 FASTST M M 4 MAX(MPH)
MISC ----> 31 330 40 220
================================================================================
NOTES:
# LAST OF SEVERAL OCCURRENCES
COLUMN 17 PEAK WIND IN M.P.H.
PRELIMINARY LOCAL CLIMATOLOGICAL DATA (WS FORM: F-6) , PAGE 2
STATION: WILMINGTON NORTH CAROLINA
MONTH: JANUARY
YEAR: 2021
LATITUDE: 34 16 N
LONGITUDE: 77 55 W
[TEMPERATURE DATA] [PRECIPITATION DATA] SYMBOLS USED IN COLUMN 16
AVERAGE MONTHLY: 47.2 TOTAL FOR MONTH: 4.79 1 = FOG OR MIST
DPTR FM NORMAL: 1.2 DPTR FM NORMAL: 1.03 2 = FOG REDUCING VISIBILITY
HIGHEST: 72 ON 2 GRTST 24HR 1.44 ON 31-31 TO 1/4 MILE OR LESS
LOWEST: 25 ON 30 3 = THUNDER
SNOW, ICE PELLETS, HAIL 4 = ICE PELLETS
TOTAL MONTH: 0.0 INCH 5 = HAIL
GRTST 24HR 0.0 6 = FREEZING RAIN OR DRIZZLE
GRTST DEPTH: 0 7 = DUSTSTORM OR SANDSTORM:
VSBY 1/2 MILE OR LESS
8 = SMOKE OR HAZE
[NO. OF DAYS WITH] [WEATHER - DAYS WITH] 9 = BLOWING SNOW
X = TORNADO
MAX 32 OR BELOW: 0 0.01 INCH OR MORE: 15
MAX 90 OR ABOVE: 0 0.10 INCH OR MORE: 11
MIN 32 OR BELOW: 10 0.50 INCH OR MORE: 2
MIN 0 OR BELOW: 0 1.00 INCH OR MORE: 1
[HDD (BASE 65) ]
TOTAL THIS MO. 546 CLEAR (SCALE 0-3) 15
DPTR FM NORMAL -45 PTCLDY (SCALE 4-7) 8
TOTAL FM JUL 1 1219 CLOUDY (SCALE 8-10) 8
DPTR FM NORMAL -250
[CDD (BASE 65) ]
TOTAL THIS MO. 3
DPTR FM NORMAL 1 [PRESSURE DATA]
TOTAL FM JAN 1 3 HIGHEST SLP 30.42 ON 30
DPTR FM NORMAL 1 LOWEST SLP 29.65 ON 15
[REMARKS]
#FINAL-01-21#