000
CXUS53 KILX 250755
CF6ILX
PRELIMINARY LOCAL CLIMATOLOGICAL DATA (WS FORM: F-6)
STATION: LINCOLN IL
MONTH: OCTOBER
YEAR: 2021
LATITUDE: 40 9 N
LONGITUDE: 89 20 W
TEMPERATURE IN F: :PCPN: SNOW: WIND :SUNSHINE: SKY :PK WND
================================================================================
1 2 3 4 5 6A 6B 7 8 9 10 11 12 13 14 15 16 17 18
12Z AVG MX 2MIN
DY MAX MIN AVG DEP HDD CDD WTR SNW DPTH SPD SPD DIR MIN PSBL S-S WX SPD DR
================================================================================
1 87 59 73 13 0 8 0.00 0.0 0 M M M M M M M M
2 76 64 70 10 0 5 0.02 0.0 0 M M M M M M 13 M M
3 73 65 69 9 0 4 0.62 0.0 0 M M M M M M 13 M M
4 73 59 66 7 0 1 T 0.0 0 M M M M M M 1 M M
5 70 60 65 6 0 0 0.13 0.0 0 M M M M M M 1 M M
6 75 61 68 10 0 3 0.09 0.0 0 M M M M M M 1 M M
7 77 60 69 11 0 4 0.06 0.0 0 M M M M M M 1 M M
8 79 58 69 12 0 4 T 0.0 0 M M M M M M 1 M M
9 83 58 71 14 0 6 0.00 0.0 0 M M M M M M M M
10 86 68 77 21 0 12 0.00 0.0 0 M M M M M M M M
11 75 60 68 12 0 3 1.09 0.0 0 M M M M M M 13 M M
12 75 50 63 7 2 0 T 0.0 0 M M M M M M 1 M M
13 75 50 63 8 2 0 0.24 0.0 0 M M M M M M 3 M M
14 72 59 66 11 0 1 0.56 0.0 0 M M M M M M M M
15 65 47 56 2 9 0 0.16 0.0 0 M M M M M M M M
16 61 40 51 -3 14 0 0.00 0.0 0 M M M M M M M M
17 69 38 54 0 11 0 0.00 0.0 0 M M M M M M M M
18 74 38 56 3 9 0 0.00 0.0 0 M M M M M M M M
19 69 42 56 3 9 0 0.00 0.0 0 M M M M M M M M
20 78 45 62 10 3 0 T 0.0 0 M M M M M M M M
21 61 49 55 3 10 0 T 0.0 0 M M M M M M M M
22 57 38 48 -4 17 0 0.04 0.0 0 M M M M M M 1 M M
23 57 37 47 -4 18 0 0.00 0.0 0 M M M M M M 1 M M
24 68 49 59 8 6 0 2.57 0.0 0 M M M M M M 13 M M
25 59 42 51 1 14 0 0.11 0.0 0 M M M M M M 1 M M
26 58 37 48 -2 17 0 0.00 0.0 0 M M M M M M M M
27 62 42 52 2 13 0 0.00 0.0 0 M M M M M M M M
28 52 47 50 1 15 0 0.64 0.0 0 M M M M M M 1 M M
29 55 51 53 4 12 0 0.41 0.0 0 M M M M M M 1 M M
30 60 44 52 4 13 0 0.00 0.0 0 M M M M M M 1 M M
31 56 39 48 0 17 0 0.00 0.0 0 M M M M M M 1 M M
================================================================================
SM 2137 1556 211 51 6.74 0.0 M M M
================================================================================
AV 68.9 50.2 M FASTST M M M MAX(MPH)
MISC ----> M M M M
================================================================================
NOTES:
# LAST OF SEVERAL OCCURRENCES
COLUMN 17 PEAK WIND IN M.P.H.
PRELIMINARY LOCAL CLIMATOLOGICAL DATA (WS FORM: F-6) , PAGE 2
STATION: LINCOLN IL
MONTH: OCTOBER
YEAR: 2021
LATITUDE: 40 9 N
LONGITUDE: 89 20 W
[TEMPERATURE DATA] [PRECIPITATION DATA] SYMBOLS USED IN COLUMN 16
AVERAGE MONTHLY: 59.6 TOTAL FOR MONTH: 6.74 1 = FOG OR MIST
DPTR FM NORMAL: 5.5 DPTR FM NORMAL: 3.32 2 = FOG REDUCING VISIBILITY
HIGHEST: 87 ON 1 GRTST 24HR 2.57 ON 24-24 TO 1/4 MILE OR LESS
LOWEST: 37 ON 26,23 3 = THUNDER
SNOW, ICE PELLETS, HAIL 4 = ICE PELLETS
TOTAL MONTH: 0.0 INCH 5 = HAIL
GRTST 24HR 0.0 6 = FREEZING RAIN OR DRIZZLE
GRTST DEPTH: 0 7 = DUSTSTORM OR SANDSTORM:
VSBY 1/2 MILE OR LESS
8 = SMOKE OR HAZE
[NO. OF DAYS WITH] [WEATHER - DAYS WITH] 9 = BLOWING SNOW
X = TORNADO
MAX 32 OR BELOW: 0 0.01 INCH OR MORE: 14
MAX 90 OR ABOVE: 0 0.10 INCH OR MORE: 10
MIN 32 OR BELOW: 0 0.50 INCH OR MORE: 5
MIN 0 OR BELOW: 0 1.00 INCH OR MORE: 2
[HDD (BASE 65) ]
TOTAL THIS MO. 211 CLEAR (SCALE 0-3) 0
DPTR FM NORMAL -146 PTCLDY (SCALE 4-7) 0
TOTAL FM JUL 1 232 CLOUDY (SCALE 8-10) 31
DPTR FM NORMAL -211
[CDD (BASE 65) ]
TOTAL THIS MO. 51
DPTR FM NORMAL 34 [PRESSURE DATA]
TOTAL FM JAN 1 1192 HIGHEST SLP M ON M
DPTR FM NORMAL 179 LOWEST SLP M ON M
[REMARKS]
#FINAL-10-21#