954
CXUS56 KFGZ 010900
CF6INW
PRELIMINARY LOCAL CLIMATOLOGICAL DATA (WS FORM: F-6)
STATION: WINSLOW AZ AIRPORT
MONTH: MAY
YEAR: 2020
LATITUDE: 35 1 N
LONGITUDE: 110 44 W
TEMPERATURE IN F: :PCPN: SNOW: WIND :SUNSHINE: SKY :PK WND
================================================================================
1 2 3 4 5 6A 6B 7 8 9 10 11 12 13 14 15 16 17 18
12Z AVG MX 2MIN
DY MAX MIN AVG DEP HDD CDD WTR SNW DPTH SPD SPD DIR MIN PSBL S-S WX SPD DR
================================================================================
1 90 49 70 11 0 5 0.00 M M 11.7 30 220 M M 0 38 200
2 87 50 69 10 0 4 0.00 M M 11.8 29 230 M M 0 38 190
3 86 49 68 8 0 3 0.00 M M 13.5 30 240 M M 0 38 250
4 84 50 67 7 0 2 0.00 M M 8.2 16 330 M M 0 22 310
5 86 45 66 6 0 1 0.00 0.0 0 5.0 13 360 M M 0 20 10
6 95 42 69 8 0 4 0.00 0.0 0 8.8 25 240 M M 0 31 250
7 92 46 69 8 0 4 0.00 M M 5.4 21 310 M M 0 28 330
8 88 46 67 6 0 2 0.00 M M 6.8 21 350 M M 0 28 340
9 89 45 67 5 0 2 T M M 9.9 41 290 M M 1 38 60 300
10 83 55 69 7 0 4 0.04 M M 7.1 25 190 M M 3 3 30 190
11 85 53 69 7 0 4 0.03 M M 12.8 28 230 M M 4 36 220
12 82 49 66 4 0 1 0.00 M M 15.1 32 230 M M 0 43 240
13 81 45 63 0 2 0 0.00 M M 13.0 28 230 M M 0 39 250
14 82 41 62 -1 3 0 0.00 M M 9.3 23 240 M M 0 29 240
15 84 46 65 2 0 0 0.00 M M 9.5 20 220 M M 0 28 250
16 87 47 67 3 0 2 0.00 M M 6.8 21 260 M M 1 24 240
17 89 52 71 7 0 6 0.00 M M 10.4 24 240 M M 0 34 230
18 88 51 70 6 0 5 0.00 M M 12.7 28 210 M M 0 35 230
19 84 47 66 2 0 1 0.00 M M 17.8 36 210 M M 0 45 180
20 77 38 58 -7 7 0 0.00 M M 8.9 24 270 M M 0 31 250
21 78 40 59 -6 6 0 0.00 M M 7.4 14 210 M M 0 18 270
22 82 41 62 -3 3 0 0.00 M M 11.6 29 210 M M 0 43 230
23 82 48 65 -1 0 0 0.00 M M 13.1 28 230 M M 0 40 210
24 79 43 61 -5 4 0 0.00 M M 8.1 18 340 M M 0 24 340
25 79 41 60 -6 5 0 0.00 M M 5.8 16 330 M M 0 21 310
26 88 41 65 -1 0 0 0.00 M M 5.3 14 30 M M 0 19 310
27 95 47 71 4 0 6 0.00 M M 7.5 18 300 M M 0 24 290
28 97 56 77 10 0 12 0.00 M M 6.5 14 300 M M 0 18 30
29 98 58 78 11 0 13 T M M 10.0 31 190 M M 0 3 39 180
30 97 67 82 14 0 17 T M M 10.7 26 180 M M 1 3 34 180
31 97 65 81 13 0 16 0.00 0.0 0 12.0 28 230 M M 1 36 240
================================================================================
SM 2691 1493 30 114 0.07 0.0 302.5 M 11
================================================================================
AV 86.8 48.2 9.8 FASTST M M 0 MAX(MPH)
MISC ----> # 41 290 # 60 300
================================================================================
NOTES:
# LAST OF SEVERAL OCCURRENCES
COLUMN 17 PEAK WIND IN M.P.H.
PRELIMINARY LOCAL CLIMATOLOGICAL DATA (WS FORM: F-6) , PAGE 2
STATION: WINSLOW AZ AIRPORT
MONTH: MAY
YEAR: 2020
LATITUDE: 35 1 N
LONGITUDE: 110 44 W
[TEMPERATURE DATA] [PRECIPITATION DATA] SYMBOLS USED IN COLUMN 16
AVERAGE MONTHLY: 67.5 TOTAL FOR MONTH: 0.07 1 = FOG OR MIST
DPTR FM NORMAL: 3.9 DPTR FM NORMAL: -0.26 2 = FOG REDUCING VISIBILITY
HIGHEST: 98 ON 29 GRTST 24HR 0.04 ON 10-10 TO 1/4 MILE OR LESS
LOWEST: 38 ON 20 3 = THUNDER
SNOW, ICE PELLETS, HAIL 4 = ICE PELLETS
TOTAL MONTH: 0.0 INCH 5 = HAIL
GRTST 24HR 0.0 6 = FREEZING RAIN OR DRIZZLE
GRTST DEPTH: 0 7 = DUSTSTORM OR SANDSTORM:
VSBY 1/2 MILE OR LESS
8 = SMOKE OR HAZE
[NO. OF DAYS WITH] [WEATHER - DAYS WITH] 9 = BLOWING SNOW
X = TORNADO
MAX 32 OR BELOW: 0 0.01 INCH OR MORE: 2
MAX 90 OR ABOVE: 8 0.10 INCH OR MORE: 0
MIN 32 OR BELOW: 0 0.50 INCH OR MORE: 0
MIN 0 OR BELOW: 0 1.00 INCH OR MORE: 0
[HDD (BASE 65) ]
TOTAL THIS MO. 30 CLEAR (SCALE 0-3) 30
DPTR FM NORMAL -78 PTCLDY (SCALE 4-7) 1
TOTAL FM JUL 1 4181 CLOUDY (SCALE 8-10) 0
DPTR FM NORMAL -306
[CDD (BASE 65) ]
TOTAL THIS MO. 114
DPTR FM NORMAL 51 [PRESSURE DATA]
TOTAL FM JAN 1 133 HIGHEST SLP M ON M
DPTR FM NORMAL 66 LOWEST SLP 29.72 ON M
[REMARKS]
#FINAL-05-20#