000
CXUS51 KOKX 030032
CF6ISP
PRELIMINARY LOCAL CLIMATOLOGICAL DATA (WS FORM: F-6)
STATION: ISLIP NY
MONTH: JUNE
YEAR: 2023
LATITUDE: 40 47 N
LONGITUDE: 73 6 W
TEMPERATURE IN F: :PCPN: SNOW: WIND :SUNSHINE: SKY :PK WND
================================================================================
1 2 3 4 5 6A 6B 7 8 9 10 11 12 13 14 15 16 17 18
12Z AVG MX 2MIN
DY MAX MIN AVG DEP HDD CDD WTR SNW DPTH SPD SPD DIR MIN PSBL S-S WX SPD DR
================================================================================
1 77 54 66 2 0 1 0.00 0.0 0 4.6 13 160 M M 1 16 150
2 80 59 70 5 0 5 0.00 0.0 0 5.1 13 190 M M 4 15 180
3 67 51 59 -6 6 0 0.00 0.0 0 12.9 21 40 M M 8 27 40
4 64 48 56 -9 9 0 T 0.0 0 9.6 20 30 M M 6 23 40
5 74 50 62 -4 3 0 0.00 0.0 0 8.7 21 350 M M 6 26 330
6 76 57 67 1 0 2 0.02 0.0 0 7.6 24 320 M M 8 138 32 330
7 71 49 60 -6 5 0 0.00 0.0 0 8.2 20 320 M M 8 18 27 310
8 72 47 60 -7 5 0 0.00 0.0 0 4.3 14 190 M M 8 18 18 290
9 73 56 65 -2 0 0 0.03 0.0 0 6.9 15 220 M M 6 1 21 200
10 77 54 66 -1 0 1 T 0.0 0 8.0 17 270 M M 5 23 310
11 78 62 70 2 0 5 T 0.0 0 6.7 15 200 M M 8 24 210
12 76 65 71 3 0 6 0.59 0.0 0 11.3 22 120 M M 7 123 28 120
13 78 63 71 3 0 6 0.00 0.0 0 7.6 16 340 M M 7 1 22 340
14 73 59 66 -3 0 1 0.26 0.0 0 7.5 21 190 M M 5 13 29 180
15 78 58 68 -1 0 3 0.00 0.0 0 8.7 16 290 M M 5 21 280
16 79 58 69 0 0 4 0.26 0.0 0 3.7 20 110 M M 7 13 25 210
17 78 60 69 -1 0 4 0.02 T 0 10.4 25 330 M M 8 35 34 330
18 80 59 70 0 0 5 0.00 0.0 0 7.3 20 330 M M 5 24 330
19 77 62 70 0 0 5 0.00 0.0 0 8.4 17 130 M M 5 21 130
20 74 59 67 -4 0 2 0.00 0.0 0 8.7 16 130 M M 7 20 120
21 72 57 65 -6 0 0 0.00 0.0 0 12.6 23 90 M M 7 29 120
22 71 59 65 -6 0 0 0.01 0.0 0 11.7 20 60 M M 10 1 27 60
23 70 64 67 -5 0 2 0.22 0.0 0 6.8 14 120 M M 9 12 15 110
24 75 67 71 -1 0 6 0.15 0.0 0 8.1 15 200 M M 10 1 19 180
25 81 66 74 2 0 9 0.00 0.0 0 5.7 13 220 M M 7 12 17 160
26 80 68 74 2 0 9 0.12 0.0 0 8.6 17 170 M M 9 13 25 160
27 77 68 73 0 0 8 0.17 0.0 0 10.4 18 190 M M 8 13 24 210
28 81 69 75 2 0 10 0.05 0.0 0 5.9 16 200 M M 9 13 21 190
29 80 64 72 -1 0 7 0.00 0.0 0 6.7 14 140 M M 5 18 17 300
30 81 67 74 1 0 9 0.00 0.0 0 5.2 12 160 M M 5 18 17 160
================================================================================
SM 2270 1779 28 110 1.90 T 237.9 M 203
================================================================================
AV 75.7 59.3 7.9 FASTST M M 7 MAX(MPH)
MISC ----> 25 330 34 330
================================================================================
NOTES:
# LAST OF SEVERAL OCCURRENCES
COLUMN 17 PEAK WIND IN M.P.H.
PRELIMINARY LOCAL CLIMATOLOGICAL DATA (WS FORM: F-6) , PAGE 2
STATION: ISLIP NY
MONTH: JUNE
YEAR: 2023
LATITUDE: 40 47 N
LONGITUDE: 73 6 W
[TEMPERATURE DATA] [PRECIPITATION DATA] SYMBOLS USED IN COLUMN 16
AVERAGE MONTHLY: 67.5 TOTAL FOR MONTH: 1.90 1 = FOG OR MIST
DPTR FM NORMAL: -1.5 DPTR FM NORMAL: -2.10 2 = FOG REDUCING VISIBILITY
HIGHEST: 81 ON 30,28 GRTST 24HR 0.59 ON 12-12 TO 1/4 MILE OR LESS
LOWEST: 47 ON 8 3 = THUNDER
SNOW, ICE PELLETS, HAIL 4 = ICE PELLETS
TOTAL MONTH: T 5 = HAIL
GRTST 24HR T ON 17-17 6 = FREEZING RAIN OR DRIZZLE
GRTST DEPTH: 0 7 = DUSTSTORM OR SANDSTORM:
VSBY 1/2 MILE OR LESS
8 = SMOKE OR HAZE
[NO. OF DAYS WITH] [WEATHER - DAYS WITH] 9 = BLOWING SNOW
X = TORNADO
MAX 32 OR BELOW: 0 0.01 INCH OR MORE: 12
MAX 90 OR ABOVE: 0 0.10 INCH OR MORE: 7
MIN 32 OR BELOW: 0 0.50 INCH OR MORE: 1
MIN 0 OR BELOW: 0 1.00 INCH OR MORE: 0
[HDD (BASE 65) ]
TOTAL THIS MO. 28 CLEAR (SCALE 0-3) 1
DPTR FM NORMAL -2 PTCLDY (SCALE 4-7) 24
TOTAL FM JUL 1 4424 CLOUDY (SCALE 8-10) 5
DPTR FM NORMAL -758
[CDD (BASE 65) ]
TOTAL THIS MO. 110
DPTR FM NORMAL -42 [PRESSURE DATA]
TOTAL FM JAN 1 134 HIGHEST SLP 30.29 ON 21
DPTR FM NORMAL -47 LOWEST SLP 29.48 ON 14
[REMARKS]
#FINAL-06-23#