000
CXUS51 KOKX 010910
CF6ISP
PRELIMINARY LOCAL CLIMATOLOGICAL DATA (WS FORM: F-6)
STATION: ISLIP NY
MONTH: OCTOBER
YEAR: 2022
LATITUDE: 40 47 N
LONGITUDE: 73 6 W
TEMPERATURE IN F: :PCPN: SNOW: WIND :SUNSHINE: SKY :PK WND
================================================================================
1 2 3 4 5 6A 6B 7 8 9 10 11 12 13 14 15 16 17 18
12Z AVG MX 2MIN
DY MAX MIN AVG DEP HDD CDD WTR SNW DPTH SPD SPD DIR MIN PSBL S-S WX SPD DR
================================================================================
1 61 52 57 -4 8 0 0.52 0.0 0 16.1 25 40 M M 9 1 31 40
2 60 51 56 -5 9 0 0.02 0.0 0 20.8 30 50 M M 10 1 41 40
3 53 49 51 -9 14 0 0.61 0.0 0 18.1 26 30 M M 10 1 36 30
4 58 50 54 -6 11 0 1.07 0.0 0 19.9 26 40 M M 10 1 36 50
5 61 56 59 -1 6 0 0.86 0.0 0 11.0 21 40 M M 10 13 26 40
6 75 58 67 8 0 2 0.00 0.0 0 4.5 9 340 M M 6 1 12 350
7 79 56 68 9 0 3 T 0.0 0 7.5 17 340 M M 4 12 22 330
8 60 42 51 -8 14 0 0.05 0.0 0 7.4 16 330 M M 6 22 340
9 64 38 51 -7 14 0 0.00 0.0 0 6.0 20 240 M M 2 26 230
10 67 44 56 -2 9 0 0.00 0.0 0 5.8 17 220 M M 4 21 210
11 71 45 58 1 7 0 0.00 0.0 0 3.8 13 290 M M 0 16 300
12 70 47 59 2 6 0 0.00 0.0 0 5.7 15 170 M M 5 1 20 200
13 72 62 67 10 0 2 0.43 0.0 0 13.4 23 170 M M 10 1 33 150
14 67 49 58 2 7 0 0.22 0.0 0 8.1 29 330 M M 6 1 37 350
15 69 46 58 2 7 0 0.00 0.0 0 5.6 15 200 M M 2 1 20 210
16 68 48 58 2 7 0 0.00 0.0 0 3.2 12 340 M M 4 1 14 320
17 66 51 59 4 6 0 0.23 0.0 0 6.8 18 220 M M 8 1 23 220
18 60 41 51 -4 14 0 T 0.0 0 6.2 13 230 M M 6 18 230
19 55 37 46 -8 19 0 0.00 0.0 0 8.3 22 250 M M 3 27 250
20 59 40 50 -4 15 0 0.00 0.0 0 10.6 24 230 M M 1 33 240
21 64 39 52 -2 13 0 0.00 0.0 0 2.5 12 170 M M 0 14 170
22 66 41 54 0 11 0 0.00 0.0 0 3.3 10 170 M M 4 14 210
23 61 53 57 4 8 0 0.11 0.0 0 11.3 18 30 M M 10 1 24 40
24 62 55 59 6 6 0 1.18 0.0 0 7.6 21 60 M M 10 12 24 60
25 75 65 70 18 0 5 T 0.0 0 7.4 14 130 M M 8 12 18 150
26 72 60 66 14 0 1 T 0.0 0 4.8 12 230 M M 9 12 15 230
27 66 51 59 7 6 0 0.00 0.0 0 11.3 24 330 M M 1 31 320
28 58 44 51 -1 14 0 0.00 0.0 0 8.5 20 30 M M 6 25 50
29 60 39 50 -1 15 0 0.00 0.0 0 5.7 14 30 M M 2 17 30
30 66 36 51 0 14 0 0.00 0.0 0 1.4 8 130 M M 4 11 160
31 66 51 59 9 6 0 0.05 0.0 0 4.5 12 220 M M 9 1 14 170
================================================================================
SM 2011 1496 266 13 5.35 0.0 257.1 M 179
================================================================================
AV 64.9 48.3 8.3 FASTST M M 6 MAX(MPH)
MISC ----> 30 50 41 40
================================================================================
NOTES:
# LAST OF SEVERAL OCCURRENCES
COLUMN 17 PEAK WIND IN M.P.H.
PRELIMINARY LOCAL CLIMATOLOGICAL DATA (WS FORM: F-6) , PAGE 2
STATION: ISLIP NY
MONTH: OCTOBER
YEAR: 2022
LATITUDE: 40 47 N
LONGITUDE: 73 6 W
[TEMPERATURE DATA] [PRECIPITATION DATA] SYMBOLS USED IN COLUMN 16
AVERAGE MONTHLY: 56.6 TOTAL FOR MONTH: 5.35 1 = FOG OR MIST
DPTR FM NORMAL: 0.9 DPTR FM NORMAL: 1.38 2 = FOG REDUCING VISIBILITY
HIGHEST: 79 ON 7 GRTST 24HR 1.54 ON 4- 5 TO 1/4 MILE OR LESS
LOWEST: 36 ON 30 3 = THUNDER
SNOW, ICE PELLETS, HAIL 4 = ICE PELLETS
TOTAL MONTH: 0.0 INCH 5 = HAIL
GRTST 24HR 0.0 6 = FREEZING RAIN OR DRIZZLE
GRTST DEPTH: 0 7 = DUSTSTORM OR SANDSTORM:
VSBY 1/2 MILE OR LESS
8 = SMOKE OR HAZE
[NO. OF DAYS WITH] [WEATHER - DAYS WITH] 9 = BLOWING SNOW
X = TORNADO
MAX 32 OR BELOW: 0 0.01 INCH OR MORE: 12
MAX 90 OR ABOVE: 0 0.10 INCH OR MORE: 9
MIN 32 OR BELOW: 0 0.50 INCH OR MORE: 5
MIN 0 OR BELOW: 0 1.00 INCH OR MORE: 2
[HDD (BASE 65) ]
TOTAL THIS MO. 266 CLEAR (SCALE 0-3) 8
DPTR FM NORMAL -35 PTCLDY (SCALE 4-7) 12
TOTAL FM JUL 1 301 CLOUDY (SCALE 8-10) 11
DPTR FM NORMAL -56
[CDD (BASE 65) ]
TOTAL THIS MO. 13
DPTR FM NORMAL 0 [PRESSURE DATA]
TOTAL FM JAN 1 1126 HIGHEST SLP M ON M
DPTR FM NORMAL 241 LOWEST SLP 29.56 ON 18
[REMARKS]
#FINAL-10-22#