000
CXCA52 TJSJ 010434
CLMISX
CLIMATE REPORT
NATIONAL WEATHER SERVICE SAN JUAN PR
1234 AM AST SAT APR 01 2023
...................................
...THE HENRY E. ROHLSEN AP/ST CROIX CLIMATE SUMMARY FOR THE MONTH OF MARCH 2023...
CLIMATE NORMAL PERIOD: 1991 TO 2020
CLIMATE RECORD PERIOD: 1951 TO 2023
WEATHER OBSERVED NORMAL DEPART LAST YEAR`S
VALUE DATE(S) VALUE FROM VALUE
NORMAL
..............................................................
TEMPERATURE (F)
RECORD
HIGH 92 03/05/1996
LOW 60 03/29/1977
HIGHEST 87 03/25 88 -1 87
03/26
03/28
LOWEST 65 03/08 75 -10 70
03/11
AVG. MAXIMUM 85.1 85.0 0.1 85.0
AVG. MINIMUM 71.1 71.5 -0.4 72.9
MEAN 78.1 78.2 -0.1 78.9
DAYS MAX >= 90 0 0.0 0.0 0
DAYS MAX <= 32 0 0.0 0.0 0
DAYS MIN <= 32 0 0.0 0.0 0
DAYS MIN <= 0 0 0.0 0.0 0
PRECIPITATION (INCHES)
RECORD
MAXIMUM 6.40 2017
MINIMUM 0.02 2019
TOTALS 0.29 1.62 -1.33 1.18
DAILY AVG. 0.01 0.05 -0.04 0.03
DAYS >= .01 4 12.0 -8.0 16
DAYS >= .10 1 4.5 -3.5 1
DAYS >= .50 0 0.6 -0.6 0
DAYS >= 1.00 0 0.2 -0.2 0
GREATEST
24 HR. TOTAL 0.13 03/22 TO 03/22
STORM TOTAL 0.13
DEGREE DAYS
HEATING TOTAL 0 0 0 0
SINCE 7/1 0
COOLING TOTAL 415 411 4 442
SINCE 1/1 1216
FREEZE DATES
EARLIEST 03/30
..............................................................
WIND (MPH)
AVERAGE WIND SPEED 10.4
HIGHEST WIND SPEED/DIRECTION 26/100 DATE 03/19
26/070 03/22
HIGHEST GUST SPEED/DIRECTION 34/080 DATE 03/22
34/090 03/25
SKY COVER
AVERAGE SKY COVER 0.29
AVERAGE RH (PERCENT) 71
WEATHER CONDITIONS. NUMBER OF DAYS WITH
THUNDERSTORM 0 MIXED PRECIP 0
HEAVY RAIN 0 RAIN 3
LIGHT RAIN 7 FREEZING RAIN 0
LT FREEZING RAIN 0 HAIL 0
HEAVY SNOW 0 SNOW 0
LIGHT SNOW 0 SLEET 0
FOG 4 FOG W/VIS <= 1/4 MILE 0
HAZE 2
- INDICATES NEGATIVE NUMBERS.
R INDICATES RECORD WAS SET OR TIED.
MM INDICATES DATA IS MISSING.
T INDICATES TRACE AMOUNT.
$$