000
CXUS53 KIWX 200808
CF6IWX
PRELIMINARY LOCAL CLIMATOLOGICAL DATA (WS FORM: F-6)
STATION: NORTH WEBSTER WFO
MONTH: JULY
YEAR: 2022
LATITUDE: 41 21 N
LONGITUDE: 85 42 W
TEMPERATURE IN F: :PCPN: SNOW: WIND :SUNSHINE: SKY :PK WND
================================================================================
1 2 3 4 5 6A 6B 7 8 9 10 11 12 13 14 15 16 17 18
12Z AVG MX 2MIN
DY MAX MIN AVG DEP HDD CDD WTR SNW DPTH SPD SPD DIR MIN PSBL S-S WX SPD DR
================================================================================
1 85 64 75 3 0 10 0.08 0.0 0 M M M M M M M M
2 83 59 71 -1 0 6 0.00 0.0 0 M M M M M M M M
3 85 57 71 -1 0 6 0.00 0.0 0 M M M M M M M M
4 88 62 75 3 0 10 T 0.0 0 M M M M M M M M
5 89 67 78 6 0 13 1.70 0.0 0 M M M M M M 13 M M
6 81 69 75 3 0 10 1.67 0.0 0 M M M M M M 13 M M
7 81 64 73 0 0 8 T 0.0 0 M M M M M M 1 M M
8 75 69 72 -1 0 7 T 0.0 0 M M M M M M M M
9 78 61 70 -3 0 5 0.00 0.0 0 M M M M M M M M
10 80 55 68 -5 0 3 0.00 0.0 0 M M M M M M M M
11 82 61 72 -1 0 7 0.00 0.0 0 M M M M M M M M
12 80 64 72 -1 0 7 0.00 0.0 0 M M M M M M M M
13 82 62 72 -1 0 7 0.00 0.0 0 M M M M M M M M
14 81 57 69 -4 0 4 0.00 0.0 0 M M M M M M M M
15 76 64 70 -3 0 5 0.34 0.0 0 M M M M M M M M
16 79 66 73 0 0 8 0.24 0.0 0 M M M M M M M M
17 75 69 72 -1 0 7 0.43 0.0 0 M M M M M M 13 M M
18 84 66 75 2 0 10 0.00 0.0 0 M M M M M M M M
19 85 65 75 2 0 10 0.00 0.0 0 M M M M M M M M
20 88 71 80 7 0 15 T 0.0 0 M M M M M M M M
21 85 67 76 3 0 11 0.00 0.0 0 M M M M M M M M
22 86 68 77 4 0 12 T 0.0 0 M M M M M M M M
23 82 65 74 1 0 9 1.27 0.0 0 M M M M M M 13 M M
24 80 70 75 2 0 10 0.40 0.0 0 M M M M M M 13 M M
25 77 58 68 -5 0 3 0.00 0.0 0 M M M M M M M M
26 77 55 66 -7 0 1 0.00 0.0 0 M M M M M M M M
27 80 67 74 1 0 9 0.21 0.0 0 M M M M M M M M
28 78 66 72 -1 0 7 0.01 0.0 0 M M M M M M M M
29 78 59 69 -4 0 4 0.00 0.0 0 M M M M M M M M
30 80 58 69 -4 0 4 0.00 0.0 0 M M M M M M M M
31 81 63 72 0 0 7 0.00 0.0 0 M M M M M M M M
================================================================================
SM 2521 1968 0 235 6.35 0.0 M M M
================================================================================
AV 81.3 63.5 M FASTST M M M MAX(MPH)
MISC ----> M M M M
================================================================================
NOTES:
# LAST OF SEVERAL OCCURRENCES
COLUMN 17 PEAK WIND IN M.P.H.
PRELIMINARY LOCAL CLIMATOLOGICAL DATA (WS FORM: F-6) , PAGE 2
STATION: NORTH WEBSTER WFO
MONTH: JULY
YEAR: 2022
LATITUDE: 41 21 N
LONGITUDE: 85 42 W
[TEMPERATURE DATA] [PRECIPITATION DATA] SYMBOLS USED IN COLUMN 16
AVERAGE MONTHLY: 72.4 TOTAL FOR MONTH: 6.35 1 = FOG OR MIST
DPTR FM NORMAL: -0.2 DPTR FM NORMAL: 2.51 2 = FOG REDUCING VISIBILITY
HIGHEST: 89 ON 5 GRTST 24HR 1.70 ON 5- 5 TO 1/4 MILE OR LESS
LOWEST: 55 ON 26,10 3 = THUNDER
SNOW, ICE PELLETS, HAIL 4 = ICE PELLETS
TOTAL MONTH: 0.0 INCH 5 = HAIL
GRTST 24HR 0.0 6 = FREEZING RAIN OR DRIZZLE
GRTST DEPTH: 0 7 = DUSTSTORM OR SANDSTORM:
VSBY 1/2 MILE OR LESS
8 = SMOKE OR HAZE
[NO. OF DAYS WITH] [WEATHER - DAYS WITH] 9 = BLOWING SNOW
X = TORNADO
MAX 32 OR BELOW: 0 0.01 INCH OR MORE: 10
MAX 90 OR ABOVE: 0 0.10 INCH OR MORE: 8
MIN 32 OR BELOW: 0 0.50 INCH OR MORE: 3
MIN 0 OR BELOW: 0 1.00 INCH OR MORE: 3
[HDD (BASE 65) ]
TOTAL THIS MO. 0 CLEAR (SCALE 0-3) 0
DPTR FM NORMAL -6 PTCLDY (SCALE 4-7) 0
TOTAL FM JUL 1 0 CLOUDY (SCALE 8-10) 31
DPTR FM NORMAL 0
[CDD (BASE 65) ]
TOTAL THIS MO. 235
DPTR FM NORMAL -8 [PRESSURE DATA]
TOTAL FM JAN 1 513 HIGHEST SLP M ON M
DPTR FM NORMAL 56 LOWEST SLP M ON M
[REMARKS]
#FINAL-07-22#