000
CXUS53 KEAX 010836
CF6IXD
PRELIMINARY LOCAL CLIMATOLOGICAL DATA (WS FORM: F-6)
STATION: NEW CENTURY AIR CENTER KS
MONTH: JANUARY
YEAR: 2022
LATITUDE: 38 49 N
LONGITUDE: 94 54 W
TEMPERATURE IN F: :PCPN: SNOW: WIND :SUNSHINE: SKY :PK WND
================================================================================
1 2 3 4 5 6A 6B 7 8 9 10 11 12 13 14 15 16 17 18
12Z AVG MX 2MIN
DY MAX MIN AVG DEP HDD CDD WTR SNW DPTH SPD SPD DIR MIN PSBL S-S WX SPD DR
================================================================================
1 34 8 21 -9 44 0 0.06 M M 18.2 26 340 M M 10 1689 36 360
2 18 2 10 -20 55 0 T M M 8.9 23 330 M M 3 89 30 340
3 42 9 26 -4 39 0 0.00 M M 7.9 14 160 M M 0 19 170
4 47 30 39 9 26 0 0.00 M M 16.3 35 200 M M 0 45 190
5 32 14 23 -7 42 0 T M M 15.0 26 310 M M 4 37 310
6 16 5 11 -19 54 0 T M M 12.7 22 340 M M 5 27 330
7 23 8 16 -14 49 0 0.00 M M 8.2 16 140 M M 2 22 140
8 44 22 33 3 32 0 0.02 M M 12.0 21 320 M M 9 18 29 140
9 34 16 25 -5 40 0 0.00 M M 11.7 26 340 M M 1 1 35 340
10 45 16 31 1 34 0 0.00 M M 5.8 10 300 M M 0 15 340
11 59 25 42 12 23 0 0.00 M M 12.8 32 210 M M 0 44 200
12 56 26 41 11 24 0 0.00 M M 6.9 17 240 M M 0 24 250
13 58 33 46 17 19 0 0.00 M M 8.3 17 330 M M 0 23 330
14 49 32 41 12 24 0 0.08 M M 7.8 23 330 M M 6 1 31 320
15 32 19 26 -3 39 0 M M M 17.4 30 360 M M 10 19 39 360
16 34 17 26 -3 39 0 0.00 M M 7.3 15 240 M M 7 128 20 240
17 45 25 35 6 30 0 0.00 M M 8.3 14 170 M M 0 20 170
18 56 32 44 15 21 0 0.00 M M 9.3 20 200 M M 0 26 200
19 41 11 26 -3 39 0 0.00 M M 19.9 30 360 M M 5 39 350
20 19 4 12 -18 53 0 0.00 M M 9.3 20 360 M M 0 27 360
21 26 3 15 -15 50 0 0.00 M M 6.6 13 150 M M 0 19 160
22 48 21 35 5 30 0 0.00 M M 8.4 20 210 M M 2 26 210
23 42 32 37 7 28 0 0.00 M M 10.2 22 330 M M 3 31 350
24 56 20 38 8 27 0 0.00 M M 13.8 28 340 M M 4 35 330
25 25 9 17 -13 48 0 0.00 M M 9.9 20 10 M M 0 25 360
26 33 8 21 -9 44 0 0.00 M M 8.8 18 200 M M 3 26 200
27 45 26 36 6 29 0 T M M 9.7 23 340 M M 3 32 340
28 32 16 24 -6 41 0 0.00 M M 9.5 18 330 M M 4 24 340
29 55 19 37 7 28 0 0.00 M M 9.1 20 210 M M 0 23 210
30 47 27 37 7 28 0 0.00 M M 6.2 14 340 M M 0 17 340
31 67 26 47 17 18 0 0.00 M M 11.0 23 200 M M 0 8 30 200
================================================================================
SM 1260 561 1097 0 0.16 M 327.2 M 81
================================================================================
AV 40.6 18.1 10.6 FASTST M M 3 MAX(MPH)
MISC ----> 35 200 45 190
================================================================================
NOTES:
# LAST OF SEVERAL OCCURRENCES
COLUMN 17 PEAK WIND IN M.P.H.
PRELIMINARY LOCAL CLIMATOLOGICAL DATA (WS FORM: F-6) , PAGE 2
STATION: NEW CENTURY AIR CENTER KS
MONTH: JANUARY
YEAR: 2022
LATITUDE: 38 49 N
LONGITUDE: 94 54 W
[TEMPERATURE DATA] [PRECIPITATION DATA] SYMBOLS USED IN COLUMN 16
AVERAGE MONTHLY: 29.4 TOTAL FOR MONTH: 0.16 1 = FOG OR MIST
DPTR FM NORMAL: -0.4 DPTR FM NORMAL: -0.89 2 = FOG REDUCING VISIBILITY
HIGHEST: 67 ON 31 GRTST 24HR 0.40 ON 14-15 TO 1/4 MILE OR LESS
LOWEST: 2 ON 2 3 = THUNDER
SNOW, ICE PELLETS, HAIL 4 = ICE PELLETS
TOTAL MONTH: M 5 = HAIL
GRTST 24HR M ON M 6 = FREEZING RAIN OR DRIZZLE
GRTST DEPTH: M ON M 7 = DUSTSTORM OR SANDSTORM:
VSBY 1/2 MILE OR LESS
8 = SMOKE OR HAZE
[NO. OF DAYS WITH] [WEATHER - DAYS WITH] 9 = BLOWING SNOW
X = TORNADO
MAX 32 OR BELOW: 9 0.01 INCH OR MORE: 3
MAX 90 OR ABOVE: 0 0.10 INCH OR MORE: 0
MIN 32 OR BELOW: 30 0.50 INCH OR MORE: 0
MIN 0 OR BELOW: 0 1.00 INCH OR MORE: 0
[HDD (BASE 65) ]
TOTAL THIS MO. 1097 CLEAR (SCALE 0-3) 20
DPTR FM NORMAL 5 PTCLDY (SCALE 4-7) 8
TOTAL FM JUL 1 2508 CLOUDY (SCALE 8-10) 3
DPTR FM NORMAL -544
[CDD (BASE 65) ]
TOTAL THIS MO. 0
DPTR FM NORMAL 0 [PRESSURE DATA]
TOTAL FM JAN 1 0 HIGHEST SLP 30.76 ON 20
DPTR FM NORMAL 0 LOWEST SLP 29.61 ON 4
[REMARKS]
#FINAL-01-22#