000
CXUS53 KEAX 010736
CF6IXD
PRELIMINARY LOCAL CLIMATOLOGICAL DATA (WS FORM: F-6)
STATION: NEW CENTURY AIR CENTER KS
MONTH: MAY
YEAR: 2021
LATITUDE: 38 49 N
LONGITUDE: 94 54 W
TEMPERATURE IN F: :PCPN: SNOW: WIND :SUNSHINE: SKY :PK WND
================================================================================
1 2 3 4 5 6A 6B 7 8 9 10 11 12 13 14 15 16 17 18
12Z AVG MX 2MIN
DY MAX MIN AVG DEP HDD CDD WTR SNW DPTH SPD SPD DIR MIN PSBL S-S WX SPD DR
================================================================================
1 79 53 66 7 0 1 0.00 M M 13.1 26 210 M M 0 36 210
2 73 60 67 7 0 2 T M M 10.6 20 200 M M 4 28 200
3 71 55 63 3 2 0 0.00 M M 10.5 22 310 M M 5 18 30 310
4 65 42 54 -6 11 0 T M M 13.9 25 360 M M 5 32 10
5 70 40 55 -6 10 0 T M M 4.1 23 350 M M 2 32 350
6 63 42 53 -8 12 0 T M M 10.7 23 340 M M 2 29 330
7 70 40 55 -7 10 0 0.00 M M 8.3 18 220 M M 6 26 220
8 78 54 66 4 0 1 0.91 M M 12.4 25 330 M M 6 13 38 10
9 59 43 51 -11 14 0 0.50 M M 12.7 31 60 M M 9 13 45 70
10 62 39 51 -12 14 0 0.00 M M 4.1 13 350 M M 1 16 350
11 61 45 53 -10 12 0 0.03 M M 5.9 15 70 M M 8 22 70
12 64 48 56 -7 9 0 0.00 M M 6.4 22 70 M M 4 22 70
13 68 41 55 -9 10 0 0.00 M M 5.4 13 140 M M 0 18 160
14 73 50 62 -2 3 0 0.00 M M 10.2 20 190 M M 6 29 200
15 67 55 61 -3 4 0 0.13 M M 7.8 15 180 M M 7 1 22 190
16 65 56 61 -4 4 0 2.71 M M 7.9 21 210 M M 9 13 28 200
17 69 61 65 0 0 0 0.34 M M 8.2 16 50 M M 10 18 22 50
18 78 63 71 5 0 6 0.07 M M 6.2 13 200 M M 8 138 19 200
19 75 65 70 4 0 5 0.72 M M 8.9 16 140 M M 8 18 25 150
20 72 62 67 1 0 2 0.33 M M 9.8 24 140 M M 9 1 33 140
21 74 67 71 4 0 6 0.05 M M 12.8 22 160 M M 10 1 35 150
22 69 64 67 0 0 2 0.16 M M 9.8 20 180 M M 9 1 30 190
23 78 63 71 3 0 6 0.01 M M 6.6 17 210 M M 4 23 210
24 80 66 73 5 0 8 0.03 M M 7.4 18 190 M M 4 29 190
25 79 66 73 5 0 8 0.00 M M 9.9 20 200 M M 6 28 210
26 86 65 76 7 0 11 T M M 6.0 14 150 M M 3 1 19 140
27 74 60 67 -2 0 2 0.75 M M 9.6 23 170 M M 7 13 40 160
28 60 51 56 -13 9 0 0.00 M M 11.8 23 330 M M 9 32 340
29 66 48 57 -13 8 0 0.00 M M 6.1 14 50 M M 7 20 40
30 66 46 56 -14 9 0 T M M 5.3 12 130 M M 3 17 120
31 66 59 63 -7 2 0 0.14 M M 3.8 8 20 M M 10 1 11 40
================================================================================
SM 2180 1669 143 60 6.88 M 266.2 M 181
================================================================================
AV 70.3 53.8 8.6 FASTST M M 6 MAX(MPH)
MISC ----> 31 60 45 70
================================================================================
NOTES:
# LAST OF SEVERAL OCCURRENCES
COLUMN 17 PEAK WIND IN M.P.H.
PRELIMINARY LOCAL CLIMATOLOGICAL DATA (WS FORM: F-6) , PAGE 2
STATION: NEW CENTURY AIR CENTER KS
MONTH: MAY
YEAR: 2021
LATITUDE: 38 49 N
LONGITUDE: 94 54 W
[TEMPERATURE DATA] [PRECIPITATION DATA] SYMBOLS USED IN COLUMN 16
AVERAGE MONTHLY: 62.1 TOTAL FOR MONTH: 6.88 1 = FOG OR MIST
DPTR FM NORMAL: -2.8 DPTR FM NORMAL: 1.80 2 = FOG REDUCING VISIBILITY
HIGHEST: 86 ON 26 GRTST 24HR 2.93 ON 16-17 TO 1/4 MILE OR LESS
LOWEST: 39 ON 10 3 = THUNDER
SNOW, ICE PELLETS, HAIL 4 = ICE PELLETS
TOTAL MONTH: M 5 = HAIL
GRTST 24HR M ON M 6 = FREEZING RAIN OR DRIZZLE
GRTST DEPTH: M ON M 7 = DUSTSTORM OR SANDSTORM:
VSBY 1/2 MILE OR LESS
8 = SMOKE OR HAZE
[NO. OF DAYS WITH] [WEATHER - DAYS WITH] 9 = BLOWING SNOW
X = TORNADO
MAX 32 OR BELOW: 0 0.01 INCH OR MORE: 15
MAX 90 OR ABOVE: 0 0.10 INCH OR MORE: 10
MIN 32 OR BELOW: 0 0.50 INCH OR MORE: 5
MIN 0 OR BELOW: 0 1.00 INCH OR MORE: 1
[HDD (BASE 65) ]
TOTAL THIS MO. 143 CLEAR (SCALE 0-3) 6
DPTR FM NORMAL 38 PTCLDY (SCALE 4-7) 16
TOTAL FM JUL 1 4910 CLOUDY (SCALE 8-10) 9
DPTR FM NORMAL -58
[CDD (BASE 65) ]
TOTAL THIS MO. 60
DPTR FM NORMAL -42 [PRESSURE DATA]
TOTAL FM JAN 1 80 HIGHEST SLP M ON M
DPTR FM NORMAL -43 LOWEST SLP 29.46 ON 3
[REMARKS]
#FINAL-05-21#