000
CXUS55 KRIW 011010
CF6JAC
PRELIMINARY LOCAL CLIMATOLOGICAL DATA (WS FORM: F-6)
STATION: JACKSON WY
MONTH: JULY
YEAR: 2022
LATITUDE: 43 35 N
LONGITUDE: 110 44 W
TEMPERATURE IN F: :PCPN: SNOW: WIND :SUNSHINE: SKY :PK WND
================================================================================
1 2 3 4 5 6A 6B 7 8 9 10 11 12 13 14 15 16 17 18
12Z AVG MX 2MIN
DY MAX MIN AVG DEP HDD CDD WTR SNW DPTH SPD SPD DIR MIN PSBL S-S WX SPD DR
================================================================================
1 78 44 61 2 4 0 0.05 M M 8.2 17 200 M M 3 3 20 110
2 79 41 60 1 5 0 T M M 7.2 24 20 M M 1 30 300
3 82 44 63 3 2 0 0.00 M M 8.5 21 210 M M 1 33 190
4 79 41 60 0 5 0 0.00 M M 7.0 20 210 M M 0 23 210
5 81 38 60 0 5 0 0.00 M M 6.5 21 220 M M 0 30 200
6 83 41 62 2 3 0 T M M 6.4 16 180 M M 1 23 200
7 85 44 65 4 0 0 0.00 M M 6.4 16 210 M M 1 22 210
8 86 41 64 3 1 0 0.00 M M 6.3 13 220 M M 0 24 210
9 87 42 65 4 0 0 0.00 M M 8.9 22 200 M M 0 32 240
10 81 44 63 2 2 0 0.00 M M 7.3 21 220 M M 0 31 220
11 82 44 63 1 2 0 0.00 M M 5.7 13 10 M M 0 M M
12 86 43 65 3 0 0 0.00 M M 6.2 15 240 M M 0 20 240
13 85 45 65 3 0 0 0.01 M M 5.8 29 280 M M 1 45 270
14 85 48 67 5 0 2 T M M 6.7 21 20 M M 2 3 28 320
15 84 50 67 5 0 2 0.00 M M 8.8 23 30 M M 1 28 30
16 87 48 68 6 0 3 0.00 M M 5.8 17 260 M M 1 23 350
17 91 45 68 6 0 3 0.00 M M 6.6 15 280 M M 0 3 32 160
18 83 54 69 6 0 4 T M M 13.5 31 240 M M 2 43 270
19 83 42 63 0 2 0 0.00 M M 7.6 16 310 M M 0 8 27 310
20 84 43 64 1 1 0 0.00 M M 7.3 18 270 M M 1 29 270
21 84 46 65 2 0 0 0.00 M M 7.1 14 290 M M 0 28 300
22 89 42 66 3 0 1 T M M 7.6 20 290 M M 1 3 40 210
23 83 50 67 4 0 2 0.00 M M 5.9 15 230 M M 0 21 230
24 85 44 65 2 0 0 0.00 M M 6.7 16 290 M M 0 24 290
25 82 42 62 -1 3 0 0.00 M M 5.4 14 260 M M 0 8 21 260
26 86 45 66 3 0 1 0.00 M M 4.6 12 320 M M 0 M M
27 87 44 66 3 0 1 0.00 M M 6.5 16 300 M M 1 20 300
28 84 55 70 7 0 5 T M M 8.8 15 10 M M 2 3 M M
29 87 47 67 4 0 2 T M M 4.8 29 80 M M 1 3 36 80
30 88 48 68 5 0 3 0.00 M M 4.5 9 20 M M 0 M M
31 88 48 68 5 0 3 0.00 M M 5.2 15 280 M M 0 8 24 280
================================================================================
SM 2614 1393 35 32 0.06 M 213.8 M 20
================================================================================
AV 84.3 44.9 6.9 FASTST M M 1 MAX(MPH)
MISC ----> 31 240 45 270
================================================================================
NOTES:
# LAST OF SEVERAL OCCURRENCES
COLUMN 17 PEAK WIND IN M.P.H.
PRELIMINARY LOCAL CLIMATOLOGICAL DATA (WS FORM: F-6) , PAGE 2
STATION: JACKSON WY
MONTH: JULY
YEAR: 2022
LATITUDE: 43 35 N
LONGITUDE: 110 44 W
[TEMPERATURE DATA] [PRECIPITATION DATA] SYMBOLS USED IN COLUMN 16
AVERAGE MONTHLY: 64.6 TOTAL FOR MONTH: 0.06 1 = FOG OR MIST
DPTR FM NORMAL: 2.8 DPTR FM NORMAL: -1.23 2 = FOG REDUCING VISIBILITY
HIGHEST: 91 ON 17 GRTST 24HR 0.05 ON 1- 1 TO 1/4 MILE OR LESS
LOWEST: 38 ON 5 3 = THUNDER
SNOW, ICE PELLETS, HAIL 4 = ICE PELLETS
TOTAL MONTH: M 5 = HAIL
GRTST 24HR M ON M 6 = FREEZING RAIN OR DRIZZLE
GRTST DEPTH: M ON M 7 = DUSTSTORM OR SANDSTORM:
VSBY 1/2 MILE OR LESS
8 = SMOKE OR HAZE
[NO. OF DAYS WITH] [WEATHER - DAYS WITH] 9 = BLOWING SNOW
X = TORNADO
MAX 32 OR BELOW: 0 0.01 INCH OR MORE: 2
MAX 90 OR ABOVE: 1 0.10 INCH OR MORE: 0
MIN 32 OR BELOW: 0 0.50 INCH OR MORE: 0
MIN 0 OR BELOW: 0 1.00 INCH OR MORE: 0
[HDD (BASE 65) ]
TOTAL THIS MO. 35 CLEAR (SCALE 0-3) 31
DPTR FM NORMAL -89 PTCLDY (SCALE 4-7) 0
TOTAL FM JUL 1 35 CLOUDY (SCALE 8-10) 0
DPTR FM NORMAL -87
[CDD (BASE 65) ]
TOTAL THIS MO. 32
DPTR FM NORMAL 6 [PRESSURE DATA]
TOTAL FM JAN 1 32 HIGHEST SLP 30.13 ON 30
DPTR FM NORMAL 3 LOWEST SLP 29.94 ON 29
[REMARKS]
#FINAL-07-22#