000
CXUS55 KRIW 011110
CF6JAC
PRELIMINARY LOCAL CLIMATOLOGICAL DATA (WS FORM: F-6)
STATION: JACKSON WY
MONTH: DECEMBER
YEAR: 2021
LATITUDE: 43 35 N
LONGITUDE: 110 44 W
TEMPERATURE IN F: :PCPN: SNOW: WIND :SUNSHINE: SKY :PK WND
================================================================================
1 2 3 4 5 6A 6B 7 8 9 10 11 12 13 14 15 16 17 18
12Z AVG MX 2MIN
DY MAX MIN AVG DEP HDD CDD WTR SNW DPTH SPD SPD DIR MIN PSBL S-S WX SPD DR
================================================================================
1 51 25 38 20 27 0 0.00 M M 7.2 16 200 M M 4 20 200
2 55 22 39 21 26 0 0.00 M M 5.4 13 200 M M 3 M M
3 52 26 39 21 26 0 0.00 M M 6.8 15 200 M M 0 M M
4 51 19 35 18 30 0 0.00 M M 12.7 27 230 M M 1 40 240
5 43 27 35 18 30 0 T M M 15.2 28 240 M M 5 44 240
6 32 17 25 9 40 0 T M M 11.2 18 200 M M 8 1 25 220
7 39 29 34 18 31 0 T M M 13.5 22 240 M M 7 30 240
8 40 27 34 18 31 0 T M M 15.4 28 250 M M 6 1 44 230
9 32 16 24 9 41 0 T M M 10.2 15 190 M M 8 24 210
10 24 11 18 3 47 0 T M M 8.7 15 200 M M 9 12 17 310
11 26 18 22 7 43 0 T M M 15.1 21 200 M M 10 32 200
12 31 25 28 13 37 0 T M M 12.7 22 180 M M 10 1 28 190
13 35 26 31 17 34 0 0.03 M M 7.2 15 200 M M 10 1 21 220
14 35 27 31 17 34 0 0.18 M M 3.9 12 250 M M 10 1 M M
15 27 13 20 6 45 0 0.02 M M 11.5 18 250 M M 9 1 30 270
16 24 14 19 5 46 0 T M M 11.1 21 190 M M 10 1 28 170
17 26 -3 12 -2 53 0 0.01 M M 9.6 18 190 M M 7 12 23 200
18 24 -7 9 -5 56 0 T M M 3.1 10 10 M M 7 1 M M
19 34 4 19 6 46 0 T M M 8.7 16 200 M M 6 M M
20 38 27 33 20 32 0 T M M 14.0 25 190 M M 9 31 180
21 39 26 33 20 32 0 0.00 M M 10.5 20 200 M M 4 22 200
22 37 22 30 17 35 0 T M M 8.5 17 190 M M 8 32 230
23 39 27 33 20 32 0 0.15 M M 15.7 25 240 M M 10 12 41 220
24 32 23 28 15 37 0 0.01 M M 15.7 24 210 M M 10 1 43 220
25 26 20 23 10 42 0 0.05 M M 14.4 23 230 M M 10 12 36 240
26 26 13 20 7 45 0 0.08 M M 14.4 31 240 M M 10 12 40 240
27 21 11 16 3 49 0 T M M 15.4 21 200 M M 10 18 31 200
28 11 7 9 -4 56 0 T M M 15.8 21 190 M M 10 18 M M
29 19 8 14 1 51 0 0.01 M M 12.4 23 190 M M 10 1 32 190
30 21 17 19 6 46 0 T M M 19.4 28 190 M M 10 12 38 210
31 22 -7 8 -5 57 0 M M M 11.7 20 200 M M 7 18 24 200
================================================================================
SM 1012 530 1237 0 0.54 M 357.1 M 238
================================================================================
AV 32.6 17.1 11.5 FASTST M M 8 MAX(MPH)
MISC ----> 31 240 # 44 240
================================================================================
NOTES:
# LAST OF SEVERAL OCCURRENCES
COLUMN 17 PEAK WIND IN M.P.H.
PRELIMINARY LOCAL CLIMATOLOGICAL DATA (WS FORM: F-6) , PAGE 2
STATION: JACKSON WY
MONTH: DECEMBER
YEAR: 2021
LATITUDE: 43 35 N
LONGITUDE: 110 44 W
[TEMPERATURE DATA] [PRECIPITATION DATA] SYMBOLS USED IN COLUMN 16
AVERAGE MONTHLY: 24.9 TOTAL FOR MONTH: 0.54 1 = FOG OR MIST
DPTR FM NORMAL: 10.4 DPTR FM NORMAL: -2.13 2 = FOG REDUCING VISIBILITY
HIGHEST: 55 ON 2 GRTST 24HR 0.21 ON 14-15 TO 1/4 MILE OR LESS
LOWEST: -7 ON 31,18 3 = THUNDER
SNOW, ICE PELLETS, HAIL 4 = ICE PELLETS
TOTAL MONTH: M 5 = HAIL
GRTST 24HR M ON M 6 = FREEZING RAIN OR DRIZZLE
GRTST DEPTH: M ON M 7 = DUSTSTORM OR SANDSTORM:
VSBY 1/2 MILE OR LESS
8 = SMOKE OR HAZE
[NO. OF DAYS WITH] [WEATHER - DAYS WITH] 9 = BLOWING SNOW
X = TORNADO
MAX 32 OR BELOW: 17 0.01 INCH OR MORE: 9
MAX 90 OR ABOVE: 0 0.10 INCH OR MORE: 2
MIN 32 OR BELOW: 31 0.50 INCH OR MORE: 0
MIN 0 OR BELOW: 3 1.00 INCH OR MORE: 0
[HDD (BASE 65) ]
TOTAL THIS MO. 1237 CLEAR (SCALE 0-3) 3
DPTR FM NORMAL -328 PTCLDY (SCALE 4-7) 11
TOTAL FM JUL 1 3458 CLOUDY (SCALE 8-10) 17
DPTR FM NORMAL -747
[CDD (BASE 65) ]
TOTAL THIS MO. 0
DPTR FM NORMAL 0 [PRESSURE DATA]
TOTAL FM JAN 1 73 HIGHEST SLP 30.76 ON 18
DPTR FM NORMAL 30 LOWEST SLP 29.34 ON 26
[REMARKS]
#FINAL-12-21#