000
CXUS54 KJAN 011410
CF6JAN
PRELIMINARY LOCAL CLIMATOLOGICAL DATA (WS FORM: F-6)
STATION: JACKSON
MONTH: APRIL
YEAR: 2022
LATITUDE: 32 19 N
LONGITUDE: 90 5 W
TEMPERATURE IN F: :PCPN: SNOW: WIND :SUNSHINE: SKY :PK WND
================================================================================
1 2 3 4 5 6A 6B 7 8 9 10 11 12 13 14 15 16 17 18
12Z AVG MX 2MIN
DY MAX MIN AVG DEP HDD CDD WTR SNW DPTH SPD SPD DIR MIN PSBL S-S WX SPD DR
================================================================================
1 67 40 54 -8 11 0 0.00 0.0 0 4.6 13 360 M M 1 18 40
2 76 43 60 -2 5 0 0.00 0.0 0 2.5 13 30 M M 2 15 20
3 79 46 63 1 2 0 0.00 0.0 0 2.4 12 350 M M 0 17 10
4 82 49 66 4 0 1 0.00 0.0 0 5.4 17 160 M M 3 24 160
5 81 63 72 10 0 7 1.29 0.0 0 10.3 25 270 M M 6 13 42 270
6 86 58 72 9 0 7 0.00 0.0 0 11.9 20 350 M M 8 18 27 270
7 66 46 56 -7 9 0 0.00 0.0 0 7.7 23 270 M M 2 30 280
8 61 43 52 -11 13 0 0.00 0.0 0 10.4 22 270 M M 2 33 280
9 69 35 52 -11 13 0 0.00 0.0 0 5.4 16 260 M M 0 24 250
10 82 48 65 1 0 0 0.00 0.0 0 12.9 25 180 M M 0 37 170
11 74 57 66 2 0 1 0.73 0.0 0 13.7 28 160 M M 8 13 35 150
12 80 66 73 9 0 8 0.03 0.0 0 12.6 28 180 M M 8 37 150
13 83 62 73 9 0 8 2.01 0.0 0 15.5 30 280 M M 9 13 53 280
14 75 50 63 -1 2 0 0.00 0.0 0 7.6 22 330 M M 1 33 340
15 82 53 68 3 0 3 0.09 0.0 0 10.4 21 170 M M 4 38 27 170
16 74 61 68 3 0 3 0.72 0.0 0 6.6 21 360 M M 9 13 27 10
17 77 61 69 4 0 4 0.88 0.0 0 4.8 21 340 M M 8 13 26 350
18 64 50 57 -8 8 0 0.00 0.0 0 11.5 20 350 M M 6 1 28 330
19 69 44 57 -9 8 0 0.00 0.0 0 4.9 16 70 M M 0 24 60
20 80 48 64 -2 1 0 0.03 0.0 0 13.2 25 160 M M 5 34 160
21 84 60 72 6 0 7 0.00 0.0 0 8.6 17 180 M M 2 22 170
22 84 59 72 6 0 7 0.00 0.0 0 8.4 17 160 M M 1 1 24 160
23 85 59 72 5 0 7 0.00 0.0 0 10.8 21 180 M M 3 31 180
24 85 63 74 7 0 9 0.00 0.0 0 10.4 20 140 M M 2 27 150
25 84 63 74 7 0 9 0.22 0.0 0 8.6 26 350 M M 6 13 37 340
26 74 54 64 -3 1 0 T 0.0 0 10.2 17 10 M M 4 26 10
27 76 47 62 -6 3 0 0.00 0.0 0 4.5 12 350 M M 0 18 20
28 81 44 63 -5 2 0 0.00 0.0 0 2.6 12 130 M M 1 18 80
29 83 51 67 -1 0 2 0.00 0.0 0 6.7 16 150 M M 3 24 150
30 85 61 73 5 0 8 0.00 0.0 0 8.1 16 200 M M 2 1 22 210
================================================================================
SM 2328 1584 78 91 6.00 0.0 253.2 M 106
================================================================================
AV 77.6 52.8 8.4 FASTST M M 4 MAX(MPH)
MISC ----> 30 280 53 280
================================================================================
NOTES:
# LAST OF SEVERAL OCCURRENCES
COLUMN 17 PEAK WIND IN M.P.H.
PRELIMINARY LOCAL CLIMATOLOGICAL DATA (WS FORM: F-6) , PAGE 2
STATION: JACKSON
MONTH: APRIL
YEAR: 2022
LATITUDE: 32 19 N
LONGITUDE: 90 5 W
[TEMPERATURE DATA] [PRECIPITATION DATA] SYMBOLS USED IN COLUMN 16
AVERAGE MONTHLY: 65.2 TOTAL FOR MONTH: 6.00 1 = FOG OR MIST
DPTR FM NORMAL: 0.3 DPTR FM NORMAL: 0.16 2 = FOG REDUCING VISIBILITY
HIGHEST: 86 ON 6 GRTST 24HR 2.01 ON 12-13 TO 1/4 MILE OR LESS
LOWEST: 35 ON 9 3 = THUNDER
SNOW, ICE PELLETS, HAIL 4 = ICE PELLETS
TOTAL MONTH: 0.0 INCH 5 = HAIL
GRTST 24HR 0.0 6 = FREEZING RAIN OR DRIZZLE
GRTST DEPTH: 0 7 = DUSTSTORM OR SANDSTORM:
VSBY 1/2 MILE OR LESS
8 = SMOKE OR HAZE
[NO. OF DAYS WITH] [WEATHER - DAYS WITH] 9 = BLOWING SNOW
X = TORNADO
MAX 32 OR BELOW: 0 0.01 INCH OR MORE: 9
MAX 90 OR ABOVE: 0 0.10 INCH OR MORE: 6
MIN 32 OR BELOW: 0 0.50 INCH OR MORE: 5
MIN 0 OR BELOW: 0 1.00 INCH OR MORE: 2
[HDD (BASE 65) ]
TOTAL THIS MO. 78 CLEAR (SCALE 0-3) 18
DPTR FM NORMAL -16 PTCLDY (SCALE 4-7) 9
TOTAL FM JUL 1 1973 CLOUDY (SCALE 8-10) 3
DPTR FM NORMAL -237
[CDD (BASE 65) ]
TOTAL THIS MO. 91
DPTR FM NORMAL 0 [PRESSURE DATA]
TOTAL FM JAN 1 136 HIGHEST SLP 30.33 ON 22
DPTR FM NORMAL -1 LOWEST SLP 29.54 ON 5
[REMARKS]
#FINAL-04-22#