000
CXUS54 KJAN 011414
CF6JAN
PRELIMINARY LOCAL CLIMATOLOGICAL DATA (WS FORM: F-6)
STATION: JACKSON
MONTH: APRIL
YEAR: 2020
LATITUDE: 32 19 N
LONGITUDE: 90 5 W
TEMPERATURE IN F: :PCPN: SNOW: WIND :SUNSHINE: SKY :PK WND
================================================================================
1 2 3 4 5 6A 6B 7 8 9 10 11 12 13 14 15 16 17 18
12Z AVG MX 2MIN
DY MAX MIN AVG DEP HDD CDD WTR SNW DPTH SPD SPD DIR MIN PSBL S-S WX SPD DR
================================================================================
1 74 42 58 -3 7 0 0.00 0.0 0 2.4 13 30 M M 1 19 40
2 74 48 61 0 4 0 0.00 0.0 0 2.8 13 130 M M 3 21 110
3 76 57 67 6 0 2 T 0.0 0 2.0 12 20 M M 4 16 360
4 69 57 63 2 2 0 0.01 0.0 0 2.9 10 310 M M 6 1 17 310
5 81 57 69 8 0 4 T 0.0 0 3.1 9 40 M M 3 18 14 350
6 80 60 70 8 0 5 0.00 0.0 0 3.5 12 180 M M 4 18 180
7 81 66 74 12 0 9 T 0.0 0 7.2 16 200 M M 7 21 200
8 84 73 79 17 0 14 0.00 0.0 0 8.5 15 220 M M 7 18 19 250
9 81 65 73 11 0 8 T 0.0 0 9.5 18 10 M M 7 18 24 10
10 67 46 57 -6 8 0 T 0.0 0 8.5 22 20 M M 5 31 360
11 76 42 59 -4 6 0 0.00 0.0 0 6.4 15 150 M M 1 19 150
12 83 58 71 8 0 6 0.67 0.0 0 10.5 30 180 M M 8 138 46 190
13 58 44 51 -12 14 0 0.00 0.0 0 7.4 18 340 M M 6 25 340
14 64 43 54 -10 11 0 0.00 0.0 0 10.5 20 10 M M 0 27 20
15 64 41 53 -11 12 0 0.00 0.0 0 8.2 17 20 M M 0 25 50
16 74 36 55 -9 10 0 0.00 0.0 0 5.9 15 130 M M 0 22 130
17 78 45 62 -2 3 0 0.00 0.0 0 6.2 20 210 M M 5 29 210
18 72 56 64 -1 1 0 0.02 0.0 0 5.0 23 340 M M 7 138 29 350
19 76 60 68 3 0 3 2.56 0.0 0 5.7 21 10 M M 9 13 30 300
20 73 53 63 -2 2 0 0.00 0.0 0 3.6 15 340 M M 5 21 330
21 82 49 66 1 0 1 0.00 0.0 0 1.8 10 20 M M 2 1 15 40
22 78 57 68 2 0 3 0.59 0.0 0 8.9 24 120 M M 6 13 38 110
23 80 57 69 3 0 4 1.88 0.0 0 8.0 25 280 M M 6 1238 40 280
24 81 52 67 1 0 2 0.09 0.0 0 2.9 12 50 M M 2 13 14 300
25 75 58 67 1 0 2 0.04 0.0 0 7.0 22 260 M M 6 1 31 270
26 76 51 64 -3 1 0 0.00 0.0 0 6.4 22 360 M M 1 28 340
27 77 49 63 -4 2 0 0.00 0.0 0 5.4 12 170 M M 1 16 120
28 78 55 67 0 0 2 T 0.0 0 8.0 20 150 M M 4 29 160
29 75 56 66 -2 0 1 0.32 0.0 0 8.5 25 120 M M 6 13 33 130
30 75 51 63 -5 2 0 0.00 0.0 0 6.3 18 340 M M 1 30 350
================================================================================
SM 2262 1584 85 66 6.18 0.0 183.0 M 123
================================================================================
AV 75.4 52.8 6.1 FASTST M M 4 MAX(MPH)
MISC ----> # 30 180 # 46 190
================================================================================
NOTES:
# LAST OF SEVERAL OCCURRENCES
COLUMN 17 PEAK WIND IN M.P.H.
PRELIMINARY LOCAL CLIMATOLOGICAL DATA (WS FORM: F-6) , PAGE 2
STATION: JACKSON
MONTH: APRIL
YEAR: 2020
LATITUDE: 32 19 N
LONGITUDE: 90 5 W
[TEMPERATURE DATA] [PRECIPITATION DATA] SYMBOLS USED IN COLUMN 16
AVERAGE MONTHLY: 64.1 TOTAL FOR MONTH: 6.18 1 = FOG OR MIST
DPTR FM NORMAL: 0.0 DPTR FM NORMAL: 1.22 2 = FOG REDUCING VISIBILITY
HIGHEST: 84 ON 8 GRTST 24HR 2.56 ON 19-19 TO 1/4 MILE OR LESS
LOWEST: 36 ON 16 3 = THUNDER
SNOW, ICE PELLETS, HAIL 4 = ICE PELLETS
TOTAL MONTH: 0.0 INCH 5 = HAIL
GRTST 24HR 0.0 6 = FREEZING RAIN OR DRIZZLE
GRTST DEPTH: 0 7 = DUSTSTORM OR SANDSTORM:
VSBY 1/2 MILE OR LESS
8 = SMOKE OR HAZE
[NO. OF DAYS WITH] [WEATHER - DAYS WITH] 9 = BLOWING SNOW
X = TORNADO
MAX 32 OR BELOW: 0 0.01 INCH OR MORE: 9
MAX 90 OR ABOVE: 0 0.10 INCH OR MORE: 5
MIN 32 OR BELOW: 0 0.50 INCH OR MORE: 4
MIN 0 OR BELOW: 0 1.00 INCH OR MORE: 2
[HDD (BASE 65) ]
TOTAL THIS MO. 85 CLEAR (SCALE 0-3) 11
DPTR FM NORMAL -24 PTCLDY (SCALE 4-7) 18
TOTAL FM JUL 1 1823 CLOUDY (SCALE 8-10) 1
DPTR FM NORMAL -556
[CDD (BASE 65) ]
TOTAL THIS MO. 66
DPTR FM NORMAL -15 [PRESSURE DATA]
TOTAL FM JAN 1 210 HIGHEST SLP M ON M
DPTR FM NORMAL 92 LOWEST SLP 29.45 ON 12
[REMARKS]
#FINAL-04-20#